--
-- Host: localhost    Database: akg_craft
-- ------------------------------------------------------


--
-- Table structure for table `addresses`
--

CREATE TABLE `addresses` (
  `id` int(11) NOT NULL,
  `primaryOwnerId` int(11) DEFAULT NULL,
  `fieldId` int(11) DEFAULT NULL,
  `countryCode` varchar(255) NOT NULL,
  `administrativeArea` varchar(255) DEFAULT NULL,
  `locality` varchar(255) DEFAULT NULL,
  `dependentLocality` varchar(255) DEFAULT NULL,
  `postalCode` varchar(255) DEFAULT NULL,
  `sortingCode` varchar(255) DEFAULT NULL,
  `addressLine1` varchar(255) DEFAULT NULL,
  `addressLine2` varchar(255) DEFAULT NULL,
  `addressLine3` varchar(255) DEFAULT NULL,
  `organization` varchar(255) DEFAULT NULL,
  `organizationTaxId` varchar(255) DEFAULT NULL,
  `fullName` varchar(255) DEFAULT NULL,
  `firstName` varchar(255) DEFAULT NULL,
  `lastName` varchar(255) DEFAULT NULL,
  `latitude` varchar(255) DEFAULT NULL,
  `longitude` varchar(255) DEFAULT NULL,
  `dateCreated` datetime NOT NULL,
  `dateUpdated` datetime NOT NULL,
  PRIMARY KEY (`id`),
  KEY `fk_iqvloikvkpdwacapmodeegqbfwwsttzfiaqx` (`primaryOwnerId`),
  CONSTRAINT `fk_dwkislensiccokeopruhqgnyoosvtqpqvnxz` FOREIGN KEY (`id`) REFERENCES `elements` (`id`) ON DELETE CASCADE,
  CONSTRAINT `fk_iqvloikvkpdwacapmodeegqbfwwsttzfiaqx` FOREIGN KEY (`primaryOwnerId`) REFERENCES `elements` (`id`) ON DELETE CASCADE
) ENGINE=InnoDB DEFAULT CHARSET=utf8mb4 COLLATE=utf8mb4_unicode_ci;

--
-- Table structure for table `announcements`
--

CREATE TABLE `announcements` (
  `id` int(11) NOT NULL AUTO_INCREMENT,
  `userId` int(11) NOT NULL,
  `pluginId` int(11) DEFAULT NULL,
  `heading` varchar(255) NOT NULL,
  `body` text NOT NULL,
  `unread` tinyint(1) NOT NULL DEFAULT 1,
  `dateRead` datetime DEFAULT NULL,
  `dateCreated` datetime NOT NULL,
  PRIMARY KEY (`id`),
  KEY `idx_uukijiyyfbdpzlzeqyvxlovumrsxhmnoygak` (`userId`,`unread`,`dateRead`,`dateCreated`),
  KEY `idx_mgewutpavvnrbjchxdqzhgengtvihkgkczjl` (`dateRead`),
  KEY `fk_wruwonaklxcgxnetazpxvohcqbbhhjbqrkoe` (`pluginId`),
  CONSTRAINT `fk_wospxzotjkupqslxknxobuiyjbevdfwiqlck` FOREIGN KEY (`userId`) REFERENCES `users` (`id`) ON DELETE CASCADE,
  CONSTRAINT `fk_wruwonaklxcgxnetazpxvohcqbbhhjbqrkoe` FOREIGN KEY (`pluginId`) REFERENCES `plugins` (`id`) ON DELETE CASCADE
) ENGINE=InnoDB DEFAULT CHARSET=utf8mb4 COLLATE=utf8mb4_unicode_ci;

--
-- Table structure for table `assetindexingsessions`
--

CREATE TABLE `assetindexingsessions` (
  `id` int(11) NOT NULL AUTO_INCREMENT,
  `indexedVolumes` text DEFAULT NULL,
  `totalEntries` int(11) DEFAULT NULL,
  `processedEntries` int(11) NOT NULL DEFAULT 0,
  `cacheRemoteImages` tinyint(1) DEFAULT NULL,
  `listEmptyFolders` tinyint(1) DEFAULT 0,
  `isCli` tinyint(1) DEFAULT 0,
  `actionRequired` tinyint(1) DEFAULT 0,
  `processIfRootEmpty` tinyint(1) DEFAULT 0,
  `dateCreated` datetime NOT NULL,
  `dateUpdated` datetime NOT NULL,
  `uid` char(36) NOT NULL DEFAULT '0',
  PRIMARY KEY (`id`)
) ENGINE=InnoDB DEFAULT CHARSET=utf8mb4 COLLATE=utf8mb4_unicode_ci;

--
-- Table structure for table `assets`
--

CREATE TABLE `assets` (
  `id` int(11) NOT NULL,
  `volumeId` int(11) DEFAULT NULL,
  `folderId` int(11) NOT NULL,
  `uploaderId` int(11) DEFAULT NULL,
  `filename` varchar(255) NOT NULL,
  `mimeType` varchar(255) DEFAULT NULL,
  `kind` varchar(50) NOT NULL DEFAULT 'unknown',
  `alt` text DEFAULT NULL,
  `width` int(10) unsigned DEFAULT NULL,
  `height` int(10) unsigned DEFAULT NULL,
  `size` bigint(20) unsigned DEFAULT NULL,
  `focalPoint` varchar(13) DEFAULT NULL,
  `deletedWithVolume` tinyint(1) DEFAULT NULL,
  `keptFile` tinyint(1) DEFAULT NULL,
  `dateModified` datetime DEFAULT NULL,
  `dateCreated` datetime NOT NULL,
  `dateUpdated` datetime NOT NULL,
  PRIMARY KEY (`id`),
  KEY `idx_qvgtvxwwlxpafqemsbgcnfuuabsghawguivf` (`filename`,`folderId`),
  KEY `idx_abvtfcfcqgzppjrgofuzjkgdprqvrgecamec` (`folderId`),
  KEY `idx_bivetzxptnogsjjvthfyfqtxmejmcknttcde` (`volumeId`),
  KEY `fk_tekocsxyxnieyklrguywvjqnhanpwcufwobg` (`uploaderId`),
  CONSTRAINT `fk_lvihrokbpxzrgrmhkbhnnzcdbpixlpsyxbrj` FOREIGN KEY (`folderId`) REFERENCES `volumefolders` (`id`) ON DELETE CASCADE,
  CONSTRAINT `fk_modowmfkudoeglagnxbsrdobeahipbmutmmx` FOREIGN KEY (`volumeId`) REFERENCES `volumes` (`id`) ON DELETE CASCADE,
  CONSTRAINT `fk_tekocsxyxnieyklrguywvjqnhanpwcufwobg` FOREIGN KEY (`uploaderId`) REFERENCES `users` (`id`) ON DELETE SET NULL,
  CONSTRAINT `fk_tsjsorwzadpbpqdekpcuubqwgsphuvpxaufc` FOREIGN KEY (`id`) REFERENCES `elements` (`id`) ON DELETE CASCADE
) ENGINE=InnoDB DEFAULT CHARSET=utf8mb4 COLLATE=utf8mb4_unicode_ci;

--
-- Table structure for table `assets_sites`
--

CREATE TABLE `assets_sites` (
  `assetId` int(11) NOT NULL,
  `siteId` int(11) NOT NULL,
  `alt` text DEFAULT NULL,
  PRIMARY KEY (`assetId`,`siteId`),
  KEY `fk_aknalnuelkvjzfggeovumibomcxcvfyzuvba` (`siteId`),
  CONSTRAINT `fk_aknalnuelkvjzfggeovumibomcxcvfyzuvba` FOREIGN KEY (`siteId`) REFERENCES `sites` (`id`) ON DELETE CASCADE ON UPDATE CASCADE,
  CONSTRAINT `fk_glkidgkgevdmgjkbjibfhlzlaocozqmqmgqu` FOREIGN KEY (`assetId`) REFERENCES `assets` (`id`) ON DELETE CASCADE
) ENGINE=InnoDB DEFAULT CHARSET=utf8mb4 COLLATE=utf8mb4_unicode_ci;

--
-- Table structure for table `categories`
--

CREATE TABLE `categories` (
  `id` int(11) NOT NULL,
  `groupId` int(11) NOT NULL,
  `parentId` int(11) DEFAULT NULL,
  `deletedWithGroup` tinyint(1) DEFAULT NULL,
  `dateCreated` datetime NOT NULL,
  `dateUpdated` datetime NOT NULL,
  PRIMARY KEY (`id`),
  KEY `idx_jdtdhiipxibhqhdrjnrsorabilokzbcngtpy` (`groupId`),
  KEY `fk_gtqjpmdvxqkiktckauevmrakbedagbcawuxa` (`parentId`),
  CONSTRAINT `fk_ekltgmycyzqgniebmeziaiuvonfituulthmy` FOREIGN KEY (`id`) REFERENCES `elements` (`id`) ON DELETE CASCADE,
  CONSTRAINT `fk_gtqjpmdvxqkiktckauevmrakbedagbcawuxa` FOREIGN KEY (`parentId`) REFERENCES `categories` (`id`) ON DELETE SET NULL,
  CONSTRAINT `fk_vrqtvmuntnirtheyxwwnaivpmzsdrijkpkjk` FOREIGN KEY (`groupId`) REFERENCES `categorygroups` (`id`) ON DELETE CASCADE
) ENGINE=InnoDB DEFAULT CHARSET=utf8mb4 COLLATE=utf8mb4_unicode_ci;

--
-- Table structure for table `categorygroups`
--

CREATE TABLE `categorygroups` (
  `id` int(11) NOT NULL AUTO_INCREMENT,
  `structureId` int(11) NOT NULL,
  `fieldLayoutId` int(11) DEFAULT NULL,
  `name` varchar(255) NOT NULL,
  `handle` varchar(255) NOT NULL,
  `defaultPlacement` enum('beginning','end') NOT NULL DEFAULT 'end',
  `dateCreated` datetime NOT NULL,
  `dateUpdated` datetime NOT NULL,
  `dateDeleted` datetime DEFAULT NULL,
  `uid` char(36) NOT NULL DEFAULT '0',
  PRIMARY KEY (`id`),
  KEY `idx_uunanhzxghwptsxiizkbzlnjuwaxvmpbntgx` (`name`),
  KEY `idx_jwjmbrdxzdvswgrzsxdsstawqtrgjopuqzgo` (`handle`),
  KEY `idx_uvwkerycvzjcvbjxqobjxhwqxoehosngowzm` (`structureId`),
  KEY `idx_iucivdbueuhqivcstqnxhmmedcbhluyifnpy` (`fieldLayoutId`),
  KEY `idx_piswzyqdhcmfztsrkgdtwovlvnvphbovffqn` (`dateDeleted`),
  CONSTRAINT `fk_aerphudzxhtbpmredahlvapzjxoudhxkwhon` FOREIGN KEY (`structureId`) REFERENCES `structures` (`id`) ON DELETE CASCADE,
  CONSTRAINT `fk_yzkizfrsuoibmzojzqbbaosarsptufacqxgz` FOREIGN KEY (`fieldLayoutId`) REFERENCES `fieldlayouts` (`id`) ON DELETE SET NULL
) ENGINE=InnoDB DEFAULT CHARSET=utf8mb4 COLLATE=utf8mb4_unicode_ci;

--
-- Table structure for table `categorygroups_sites`
--

CREATE TABLE `categorygroups_sites` (
  `id` int(11) NOT NULL AUTO_INCREMENT,
  `groupId` int(11) NOT NULL,
  `siteId` int(11) NOT NULL,
  `hasUrls` tinyint(1) NOT NULL DEFAULT 1,
  `uriFormat` text DEFAULT NULL,
  `template` varchar(500) DEFAULT NULL,
  `dateCreated` datetime NOT NULL,
  `dateUpdated` datetime NOT NULL,
  `uid` char(36) NOT NULL DEFAULT '0',
  PRIMARY KEY (`id`),
  UNIQUE KEY `idx_idnjmmbumtlyimwpghcnmcqvdndfqhlvokyx` (`groupId`,`siteId`),
  KEY `idx_cjkndovfayjuexqykawqmchuozjoagueujba` (`siteId`),
  CONSTRAINT `fk_ggkknmnhztypspuotgseladohqtwzrmyixrx` FOREIGN KEY (`groupId`) REFERENCES `categorygroups` (`id`) ON DELETE CASCADE,
  CONSTRAINT `fk_lcmrwwreuymkayhpoussqwkblzkvhsjdbksu` FOREIGN KEY (`siteId`) REFERENCES `sites` (`id`) ON DELETE CASCADE ON UPDATE CASCADE
) ENGINE=InnoDB DEFAULT CHARSET=utf8mb4 COLLATE=utf8mb4_unicode_ci;

--
-- Table structure for table `changedattributes`
--

CREATE TABLE `changedattributes` (
  `elementId` int(11) NOT NULL,
  `siteId` int(11) NOT NULL,
  `attribute` varchar(255) NOT NULL,
  `dateUpdated` datetime NOT NULL,
  `propagated` tinyint(1) NOT NULL,
  `userId` int(11) DEFAULT NULL,
  PRIMARY KEY (`elementId`,`siteId`,`attribute`),
  KEY `idx_khvqpffjismcfsqpdqlgcruhvygcepogvadg` (`elementId`,`siteId`,`dateUpdated`),
  KEY `fk_rwywfgyogaofdouikozlmtushjaueatcoiek` (`siteId`),
  KEY `fk_xyhmlobytgekueeosolyvopkjtkrqkkfkpnm` (`userId`),
  CONSTRAINT `fk_nrkxricfghplaoujxnuyozvnhdetruyvpxhv` FOREIGN KEY (`elementId`) REFERENCES `elements` (`id`) ON DELETE CASCADE ON UPDATE CASCADE,
  CONSTRAINT `fk_rwywfgyogaofdouikozlmtushjaueatcoiek` FOREIGN KEY (`siteId`) REFERENCES `sites` (`id`) ON DELETE CASCADE ON UPDATE CASCADE,
  CONSTRAINT `fk_xyhmlobytgekueeosolyvopkjtkrqkkfkpnm` FOREIGN KEY (`userId`) REFERENCES `users` (`id`) ON DELETE SET NULL ON UPDATE CASCADE
) ENGINE=InnoDB DEFAULT CHARSET=utf8mb4 COLLATE=utf8mb4_unicode_ci;

--
-- Table structure for table `changedfields`
--

CREATE TABLE `changedfields` (
  `elementId` int(11) NOT NULL,
  `siteId` int(11) NOT NULL,
  `fieldId` int(11) NOT NULL,
  `layoutElementUid` char(36) NOT NULL DEFAULT '0',
  `dateUpdated` datetime NOT NULL,
  `propagated` tinyint(1) NOT NULL,
  `userId` int(11) DEFAULT NULL,
  PRIMARY KEY (`elementId`,`siteId`,`fieldId`,`layoutElementUid`),
  KEY `idx_yixjevqontcntogoqmbjpqlnxgctmkhhrxlz` (`elementId`,`siteId`,`dateUpdated`),
  KEY `fk_hxkitwxxoprypxilpoicfxohxearcpcokspe` (`siteId`),
  KEY `fk_lkktxosmjbksmxbgkfwwjudteinxrsdpcqnp` (`fieldId`),
  KEY `fk_tzrmrhhebfbnhvaeqtwqpyqirmjezdfehvot` (`userId`),
  CONSTRAINT `fk_hxkitwxxoprypxilpoicfxohxearcpcokspe` FOREIGN KEY (`siteId`) REFERENCES `sites` (`id`) ON DELETE CASCADE ON UPDATE CASCADE,
  CONSTRAINT `fk_lkktxosmjbksmxbgkfwwjudteinxrsdpcqnp` FOREIGN KEY (`fieldId`) REFERENCES `fields` (`id`) ON DELETE CASCADE ON UPDATE CASCADE,
  CONSTRAINT `fk_tzrmrhhebfbnhvaeqtwqpyqirmjezdfehvot` FOREIGN KEY (`userId`) REFERENCES `users` (`id`) ON DELETE SET NULL ON UPDATE CASCADE,
  CONSTRAINT `fk_vrypsfgzpzeijownmupepjjfqymlxzcjvvjy` FOREIGN KEY (`elementId`) REFERENCES `elements` (`id`) ON DELETE CASCADE ON UPDATE CASCADE
) ENGINE=InnoDB DEFAULT CHARSET=utf8mb4 COLLATE=utf8mb4_unicode_ci;

--
-- Table structure for table `contentblocks`
--

CREATE TABLE `contentblocks` (
  `id` int(11) NOT NULL,
  `primaryOwnerId` int(11) DEFAULT NULL,
  `fieldId` int(11) DEFAULT NULL,
  PRIMARY KEY (`id`),
  KEY `idx_fbatyxybqahalcbfhhjfwmwiucjohusckaea` (`primaryOwnerId`),
  KEY `idx_cpwzlbyfwmbeyuergpumcknelghukdyfzysk` (`fieldId`),
  CONSTRAINT `fk_enihsclmaiypgqhyaifvzxuxwanxakwdvzcp` FOREIGN KEY (`primaryOwnerId`) REFERENCES `elements` (`id`) ON DELETE CASCADE,
  CONSTRAINT `fk_rawdacbutrhywmbxlthvtezzhyoirgakpxxz` FOREIGN KEY (`fieldId`) REFERENCES `fields` (`id`) ON DELETE CASCADE,
  CONSTRAINT `fk_vewpqxqvrdsjnrnnonhuvfuylfcvbuzblrwb` FOREIGN KEY (`id`) REFERENCES `elements` (`id`) ON DELETE CASCADE
) ENGINE=InnoDB DEFAULT CHARSET=utf8mb4 COLLATE=utf8mb4_unicode_ci;

--
-- Table structure for table `drafts`
--

CREATE TABLE `drafts` (
  `id` int(11) NOT NULL AUTO_INCREMENT,
  `canonicalId` int(11) DEFAULT NULL,
  `creatorId` int(11) DEFAULT NULL,
  `provisional` tinyint(1) NOT NULL DEFAULT 0,
  `name` varchar(255) NOT NULL,
  `notes` text DEFAULT NULL,
  `trackChanges` tinyint(1) NOT NULL DEFAULT 0,
  `dateLastMerged` datetime DEFAULT NULL,
  `saved` tinyint(1) NOT NULL DEFAULT 1,
  PRIMARY KEY (`id`),
  KEY `idx_pbjjnhpnrprdqbvwdqhmmjirshfkswdhbgnq` (`creatorId`,`provisional`),
  KEY `idx_igyysutmncnnbstaaxnbnygayzheetcgeovq` (`saved`),
  KEY `fk_pnjziqnbyykzrupscelklaupbcksriwnrrme` (`canonicalId`),
  CONSTRAINT `fk_ipktlizajpmowigitytbcucvtuqwzstrwdzy` FOREIGN KEY (`creatorId`) REFERENCES `users` (`id`) ON DELETE SET NULL,
  CONSTRAINT `fk_pnjziqnbyykzrupscelklaupbcksriwnrrme` FOREIGN KEY (`canonicalId`) REFERENCES `elements` (`id`) ON DELETE CASCADE
) ENGINE=InnoDB AUTO_INCREMENT=296 DEFAULT CHARSET=utf8mb4 COLLATE=utf8mb4_unicode_ci;

--
-- Table structure for table `elementactivity`
--

CREATE TABLE `elementactivity` (
  `elementId` int(11) NOT NULL,
  `userId` int(11) NOT NULL,
  `siteId` int(11) NOT NULL,
  `draftId` int(11) DEFAULT NULL,
  `type` varchar(255) NOT NULL,
  `timestamp` datetime DEFAULT NULL,
  PRIMARY KEY (`elementId`,`userId`,`type`),
  KEY `idx_lfntenacxydtfclryddiugdzcrshilkochqv` (`elementId`,`timestamp`,`userId`),
  KEY `fk_gesincdiwdmutikkuyhqzlrkadkbheroqanw` (`userId`),
  KEY `fk_uxobxrfpuiweyzqxztckzqcflucstlcywyqs` (`siteId`),
  KEY `fk_mgtnxakxxzfjcoldzotieovkfwsbaabewkjg` (`draftId`),
  CONSTRAINT `fk_gesincdiwdmutikkuyhqzlrkadkbheroqanw` FOREIGN KEY (`userId`) REFERENCES `users` (`id`) ON DELETE CASCADE,
  CONSTRAINT `fk_mgtnxakxxzfjcoldzotieovkfwsbaabewkjg` FOREIGN KEY (`draftId`) REFERENCES `drafts` (`id`) ON DELETE CASCADE,
  CONSTRAINT `fk_ncpfsuiybumtansfrugtqqwvywlllycrfhwm` FOREIGN KEY (`elementId`) REFERENCES `elements` (`id`) ON DELETE CASCADE,
  CONSTRAINT `fk_uxobxrfpuiweyzqxztckzqcflucstlcywyqs` FOREIGN KEY (`siteId`) REFERENCES `sites` (`id`) ON DELETE CASCADE
) ENGINE=InnoDB DEFAULT CHARSET=utf8mb4 COLLATE=utf8mb4_unicode_ci;

--
-- Table structure for table `elements`
--

CREATE TABLE `elements` (
  `id` int(11) NOT NULL AUTO_INCREMENT,
  `canonicalId` int(11) DEFAULT NULL,
  `draftId` int(11) DEFAULT NULL,
  `revisionId` int(11) DEFAULT NULL,
  `fieldLayoutId` int(11) DEFAULT NULL,
  `type` varchar(255) NOT NULL,
  `enabled` tinyint(1) NOT NULL DEFAULT 1,
  `archived` tinyint(1) NOT NULL DEFAULT 0,
  `dateCreated` datetime NOT NULL,
  `dateUpdated` datetime NOT NULL,
  `dateLastMerged` datetime DEFAULT NULL,
  `dateDeleted` datetime DEFAULT NULL,
  `deletedWithOwner` tinyint(1) DEFAULT NULL,
  `uid` char(36) NOT NULL DEFAULT '0',
  PRIMARY KEY (`id`),
  KEY `idx_qiibialuucjqeqxthdndfhqodrhcnlzfryro` (`dateDeleted`),
  KEY `idx_ycbmfgoisupnxhxbincuvcqpnilqkyuiqhag` (`fieldLayoutId`),
  KEY `idx_xagvruibfecvrqupeapkjclkpyozwbmooveu` (`type`),
  KEY `idx_gacuplsrjqjabddulzactzayoarjxuwvhnbb` (`enabled`),
  KEY `idx_tlnsdquubyavsbbrsfdevfzbltifdsoathqr` (`canonicalId`),
  KEY `idx_ufwcipjfzmbqkyzwpuxvljjnqtmluscldgsx` (`archived`,`dateCreated`),
  KEY `idx_hfbbfrbzhfugnxytcpftxoyddpuwguflobnx` (`archived`,`dateDeleted`,`draftId`,`revisionId`,`canonicalId`),
  KEY `idx_tzjbhylhnfaupogwdllppqrniipqnkyxwpwd` (`archived`,`dateDeleted`,`draftId`,`revisionId`,`canonicalId`,`enabled`),
  KEY `fk_nurtvhxbusantavjrasarobzxbtelrsznnqc` (`draftId`),
  KEY `fk_bzohdwhanrmeucuqmzngbmuqlvlmuqirwbwr` (`revisionId`),
  CONSTRAINT `fk_bzohdwhanrmeucuqmzngbmuqlvlmuqirwbwr` FOREIGN KEY (`revisionId`) REFERENCES `revisions` (`id`) ON DELETE CASCADE,
  CONSTRAINT `fk_hdleolnjwfddskkpgcpedovmcaifkpzvupof` FOREIGN KEY (`fieldLayoutId`) REFERENCES `fieldlayouts` (`id`) ON DELETE SET NULL,
  CONSTRAINT `fk_iqjvcupoxaaihgbplrxhefoucnbqfqbstukh` FOREIGN KEY (`canonicalId`) REFERENCES `elements` (`id`) ON DELETE SET NULL,
  CONSTRAINT `fk_nurtvhxbusantavjrasarobzxbtelrsznnqc` FOREIGN KEY (`draftId`) REFERENCES `drafts` (`id`) ON DELETE CASCADE
) ENGINE=InnoDB AUTO_INCREMENT=1486 DEFAULT CHARSET=utf8mb4 COLLATE=utf8mb4_unicode_ci;

--
-- Table structure for table `elements_owners`
--

CREATE TABLE `elements_owners` (
  `elementId` int(11) NOT NULL,
  `ownerId` int(11) NOT NULL,
  `sortOrder` smallint(5) unsigned NOT NULL,
  PRIMARY KEY (`elementId`,`ownerId`),
  KEY `fk_dhwumnkkblggmgardwijeathnljiwubhkuzg` (`ownerId`),
  CONSTRAINT `fk_aczdnoaszuzejaadsmwxtpgjycqznkzzwago` FOREIGN KEY (`elementId`) REFERENCES `elements` (`id`) ON DELETE CASCADE,
  CONSTRAINT `fk_dhwumnkkblggmgardwijeathnljiwubhkuzg` FOREIGN KEY (`ownerId`) REFERENCES `elements` (`id`) ON DELETE CASCADE
) ENGINE=InnoDB DEFAULT CHARSET=utf8mb4 COLLATE=utf8mb4_unicode_ci;

--
-- Table structure for table `elements_sites`
--

CREATE TABLE `elements_sites` (
  `id` int(11) NOT NULL AUTO_INCREMENT,
  `elementId` int(11) NOT NULL,
  `siteId` int(11) NOT NULL,
  `title` varchar(255) DEFAULT NULL,
  `slug` varchar(255) DEFAULT NULL,
  `uri` varchar(255) DEFAULT NULL,
  `content` longtext CHARACTER SET utf8mb4 COLLATE utf8mb4_bin DEFAULT NULL CHECK (json_valid(`content`)),
  `enabled` tinyint(1) NOT NULL DEFAULT 1,
  `dateCreated` datetime NOT NULL,
  `dateUpdated` datetime NOT NULL,
  `uid` char(36) NOT NULL DEFAULT '0',
  PRIMARY KEY (`id`),
  UNIQUE KEY `idx_vjnigzezqicqxwafasnrqoyquqdduvdvdftq` (`elementId`,`siteId`),
  KEY `idx_ixpowpedfpxftkmpsitspmtnyxoefwchhery` (`siteId`),
  KEY `idx_faibkbrfkfvxazgejlgjrfrxnjqeblawadvk` (`title`,`siteId`),
  KEY `idx_lnznnfmrnlfaqunuspaemenziszgmlygpbnz` (`slug`,`siteId`),
  KEY `idx_cdkhcjlloeortlaiftjiniuunlenmlbluawu` (`enabled`),
  KEY `idx_icfhuppkjtndtkrunqobxqfcgpiebpzzeczy` (`uri`,`siteId`),
  CONSTRAINT `fk_jpjaekscyqockvjkuqbivtndfzwdoyxwdzxw` FOREIGN KEY (`elementId`) REFERENCES `elements` (`id`) ON DELETE CASCADE,
  CONSTRAINT `fk_ocrawvafzozycdcpcvcyeuoznawsacoananj` FOREIGN KEY (`siteId`) REFERENCES `sites` (`id`) ON DELETE CASCADE ON UPDATE CASCADE
) ENGINE=InnoDB AUTO_INCREMENT=1486 DEFAULT CHARSET=utf8mb4 COLLATE=utf8mb4_unicode_ci;

--
-- Table structure for table `entries`
--

CREATE TABLE `entries` (
  `id` int(11) NOT NULL,
  `sectionId` int(11) DEFAULT NULL,
  `parentId` int(11) DEFAULT NULL,
  `primaryOwnerId` int(11) DEFAULT NULL,
  `fieldId` int(11) DEFAULT NULL,
  `typeId` int(11) NOT NULL,
  `postDate` datetime DEFAULT NULL,
  `expiryDate` datetime DEFAULT NULL,
  `status` enum('live','pending','expired') NOT NULL DEFAULT 'live',
  `deletedWithEntryType` tinyint(1) DEFAULT NULL,
  `deletedWithSection` tinyint(1) DEFAULT NULL,
  `dateCreated` datetime NOT NULL,
  `dateUpdated` datetime NOT NULL,
  PRIMARY KEY (`id`),
  KEY `idx_vxuhugvxhgwekpmglgfmpvpdaswydtlpmnsd` (`postDate`),
  KEY `idx_dqmpytanywvwebfvxiuzoelkiuzmipglvlci` (`expiryDate`),
  KEY `idx_snnelwquugcgsgcsyxztzzdagzzgbzctkkxn` (`status`),
  KEY `idx_oyusrrffxwjasnvimazilomnuayamrqrkkrs` (`sectionId`),
  KEY `idx_pcjlgiaggbycgdkknxbchlptmhrrklpwphsl` (`typeId`),
  KEY `idx_pqzzoyioccqmeqqxwdhzjuhucuqbgflktocu` (`primaryOwnerId`),
  KEY `idx_izzumizhihbjambmxxmqxetcmzycideztdow` (`fieldId`),
  KEY `fk_cbcpwmlhnhvcbapyfnqjxpyvjqlrypwyoegd` (`parentId`),
  CONSTRAINT `fk_btaaxmdovcglmftbupzffceaoihqwxqquprk` FOREIGN KEY (`id`) REFERENCES `elements` (`id`) ON DELETE CASCADE,
  CONSTRAINT `fk_cbcpwmlhnhvcbapyfnqjxpyvjqlrypwyoegd` FOREIGN KEY (`parentId`) REFERENCES `entries` (`id`) ON DELETE SET NULL,
  CONSTRAINT `fk_qdyopajwvztatqgfirqpattfdtpbmmgivadv` FOREIGN KEY (`primaryOwnerId`) REFERENCES `elements` (`id`) ON DELETE CASCADE,
  CONSTRAINT `fk_tzonnsswtfphhxpunbliniqybfolxriqvsjv` FOREIGN KEY (`typeId`) REFERENCES `entrytypes` (`id`) ON DELETE CASCADE,
  CONSTRAINT `fk_wdykeepvoppudrfwgjrfizqwqutksqefapak` FOREIGN KEY (`sectionId`) REFERENCES `sections` (`id`) ON DELETE CASCADE,
  CONSTRAINT `fk_zyczynbybirhrsunpruvzossdkcuajozzxdo` FOREIGN KEY (`fieldId`) REFERENCES `fields` (`id`) ON DELETE CASCADE
) ENGINE=InnoDB DEFAULT CHARSET=utf8mb4 COLLATE=utf8mb4_unicode_ci;

--
-- Table structure for table `entries_authors`
--

CREATE TABLE `entries_authors` (
  `entryId` int(11) NOT NULL,
  `authorId` int(11) NOT NULL,
  `sortOrder` smallint(5) unsigned NOT NULL,
  PRIMARY KEY (`entryId`,`authorId`),
  KEY `idx_kkkhdomcumrntegqlbnixgdvjxgomwxstvuy` (`authorId`),
  KEY `idx_yfevyzfnrsztelswamdicptklnkglnixdqxp` (`entryId`,`sortOrder`),
  CONSTRAINT `fk_dmrvjudwrfejjxwchksnnnnilhppsfaqlymf` FOREIGN KEY (`entryId`) REFERENCES `entries` (`id`) ON DELETE CASCADE,
  CONSTRAINT `fk_vefmiipxkunjvixyiptlbmvvuczdjslwmyjj` FOREIGN KEY (`authorId`) REFERENCES `users` (`id`) ON DELETE CASCADE
) ENGINE=InnoDB DEFAULT CHARSET=utf8mb4 COLLATE=utf8mb4_unicode_ci;

--
-- Table structure for table `entrytypes`
--

CREATE TABLE `entrytypes` (
  `id` int(11) NOT NULL AUTO_INCREMENT,
  `fieldLayoutId` int(11) DEFAULT NULL,
  `name` varchar(255) NOT NULL,
  `handle` varchar(255) NOT NULL,
  `description` text DEFAULT NULL,
  `icon` varchar(255) DEFAULT NULL,
  `color` varchar(255) DEFAULT NULL,
  `hasTitleField` tinyint(1) NOT NULL DEFAULT 1,
  `titleTranslationMethod` varchar(255) NOT NULL DEFAULT 'site',
  `titleTranslationKeyFormat` text DEFAULT NULL,
  `titleFormat` varchar(255) DEFAULT NULL,
  `showSlugField` tinyint(1) DEFAULT 1,
  `slugTranslationMethod` varchar(255) NOT NULL DEFAULT 'site',
  `slugTranslationKeyFormat` text DEFAULT NULL,
  `showStatusField` tinyint(1) DEFAULT 1,
  `dateCreated` datetime NOT NULL,
  `dateUpdated` datetime NOT NULL,
  `dateDeleted` datetime DEFAULT NULL,
  `uid` char(36) NOT NULL DEFAULT '0',
  PRIMARY KEY (`id`),
  KEY `idx_vkehvdetjwprdqsulpbglbksfkusjqjgucci` (`fieldLayoutId`),
  KEY `idx_jjwomxpvnhulsribozssqisaqqlbsqjvmsyi` (`dateDeleted`),
  CONSTRAINT `fk_yafrsjzjdqztnbrxmdfobdpjjhyhaegzzlxc` FOREIGN KEY (`fieldLayoutId`) REFERENCES `fieldlayouts` (`id`) ON DELETE SET NULL
) ENGINE=InnoDB AUTO_INCREMENT=11 DEFAULT CHARSET=utf8mb4 COLLATE=utf8mb4_unicode_ci;

--
-- Table structure for table `feedme_logs`
--

CREATE TABLE `feedme_logs` (
  `id` bigint(20) NOT NULL AUTO_INCREMENT,
  `level` int(11) DEFAULT NULL,
  `category` varchar(255) DEFAULT NULL,
  `log_time` double DEFAULT NULL,
  `prefix` text DEFAULT NULL,
  `message` text DEFAULT NULL,
  PRIMARY KEY (`id`),
  KEY `idx_log_level` (`level`),
  KEY `idx_log_category` (`category`)
) ENGINE=InnoDB AUTO_INCREMENT=6197 DEFAULT CHARSET=utf8mb4 COLLATE=utf8mb4_unicode_ci;

--
-- Table structure for table `fieldlayouts`
--

CREATE TABLE `fieldlayouts` (
  `id` int(11) NOT NULL AUTO_INCREMENT,
  `type` varchar(255) NOT NULL,
  `config` longtext CHARACTER SET utf8mb4 COLLATE utf8mb4_bin DEFAULT NULL CHECK (json_valid(`config`)),
  `dateCreated` datetime NOT NULL,
  `dateUpdated` datetime NOT NULL,
  `dateDeleted` datetime DEFAULT NULL,
  `uid` char(36) NOT NULL DEFAULT '0',
  PRIMARY KEY (`id`),
  KEY `idx_qwwlwnqfvylkuewgaagypsrycjehryatpzow` (`dateDeleted`),
  KEY `idx_wchkxdaphzpbzeecvukzveawczlewmlmfyar` (`type`)
) ENGINE=InnoDB AUTO_INCREMENT=18 DEFAULT CHARSET=utf8mb4 COLLATE=utf8mb4_unicode_ci;

--
-- Table structure for table `fields`
--

CREATE TABLE `fields` (
  `id` int(11) NOT NULL AUTO_INCREMENT,
  `name` text NOT NULL,
  `handle` varchar(64) NOT NULL,
  `context` varchar(255) NOT NULL DEFAULT 'global',
  `columnSuffix` char(8) DEFAULT NULL,
  `instructions` text DEFAULT NULL,
  `searchable` tinyint(1) NOT NULL DEFAULT 1,
  `translationMethod` varchar(255) NOT NULL DEFAULT 'none',
  `translationKeyFormat` text DEFAULT NULL,
  `type` varchar(255) NOT NULL,
  `settings` text DEFAULT NULL,
  `dateCreated` datetime NOT NULL,
  `dateUpdated` datetime NOT NULL,
  `dateDeleted` datetime DEFAULT NULL,
  `uid` char(36) NOT NULL DEFAULT '0',
  PRIMARY KEY (`id`),
  KEY `idx_lsqfyxfqwsraezylphubazinzxcumkbmxziw` (`handle`,`context`),
  KEY `idx_dmvvcaxllibxdtchgbgdehiojdcqsayhgqpd` (`context`),
  KEY `idx_wysugkgwsibkwauvrgcreyaivgyqbwyyvwav` (`dateDeleted`)
) ENGINE=InnoDB AUTO_INCREMENT=60 DEFAULT CHARSET=utf8mb4 COLLATE=utf8mb4_unicode_ci;

--
-- Table structure for table `globalsets`
--

CREATE TABLE `globalsets` (
  `id` int(11) NOT NULL AUTO_INCREMENT,
  `name` varchar(255) NOT NULL,
  `handle` varchar(255) NOT NULL,
  `fieldLayoutId` int(11) DEFAULT NULL,
  `sortOrder` smallint(5) unsigned DEFAULT NULL,
  `dateCreated` datetime NOT NULL,
  `dateUpdated` datetime NOT NULL,
  `uid` char(36) NOT NULL DEFAULT '0',
  PRIMARY KEY (`id`),
  KEY `idx_xbsaazzhfhszjjvlrtwakfprfftqylfpoixl` (`name`),
  KEY `idx_oekjlhinxdcgehqfghqgsitypscdnsmtpyiy` (`handle`),
  KEY `idx_pcmckodvesbnmrquykwlfoaxnixovjpovxlj` (`fieldLayoutId`),
  KEY `idx_agwesgbdiznudgikaivifjxnsxdqljydismg` (`sortOrder`),
  CONSTRAINT `fk_abuqvrvmzewsyxtxaizvqgrmfbetlpqmzscq` FOREIGN KEY (`id`) REFERENCES `elements` (`id`) ON DELETE CASCADE,
  CONSTRAINT `fk_riekewyysqlkppelpzwfwrhantegwhpxccqn` FOREIGN KEY (`fieldLayoutId`) REFERENCES `fieldlayouts` (`id`) ON DELETE SET NULL
) ENGINE=InnoDB AUTO_INCREMENT=555 DEFAULT CHARSET=utf8mb4 COLLATE=utf8mb4_unicode_ci;

--
-- Table structure for table `googlemaps_addresses`
--

CREATE TABLE `googlemaps_addresses` (
  `id` int(11) NOT NULL AUTO_INCREMENT,
  `elementId` int(11) NOT NULL,
  `siteId` int(11) NOT NULL,
  `fieldId` int(11) NOT NULL,
  `formatted` varchar(255) DEFAULT NULL,
  `raw` text DEFAULT NULL,
  `name` varchar(255) DEFAULT NULL,
  `street1` varchar(255) DEFAULT NULL,
  `street2` varchar(255) DEFAULT NULL,
  `city` varchar(255) DEFAULT NULL,
  `state` varchar(255) DEFAULT NULL,
  `zip` varchar(255) DEFAULT NULL,
  `neighborhood` varchar(255) DEFAULT NULL,
  `county` varchar(255) DEFAULT NULL,
  `country` varchar(255) DEFAULT NULL,
  `countryCode` varchar(255) DEFAULT NULL,
  `placeId` varchar(255) DEFAULT NULL,
  `lat` decimal(12,8) DEFAULT NULL,
  `lng` decimal(12,8) DEFAULT NULL,
  `zoom` tinyint(4) DEFAULT NULL,
  `dateCreated` datetime NOT NULL,
  `dateUpdated` datetime NOT NULL,
  `uid` char(36) NOT NULL DEFAULT '0',
  PRIMARY KEY (`id`),
  UNIQUE KEY `idx_kvewpboexmmxkfkedwfaeivmkkpknwcquoim` (`elementId`,`siteId`,`fieldId`),
  KEY `idx_mgjyhmxoovosoprsajqyhvfpzwjehhuecgdz` (`elementId`),
  KEY `idx_brugxkjnouwaarvezexnxaiudgikpoleaosv` (`siteId`),
  KEY `idx_qkhwwucjjehzuzyjxcybinmhbllgiahxpojr` (`fieldId`),
  KEY `idx_imafefrmhshjeanocszdytsvejjniwqognqy` (`siteId`,`fieldId`),
  KEY `idx_ngoasmkxngxsymdpmacpljledlqbichkrzcn` (`elementId`,`siteId`),
  KEY `idx_icrdjferjjmtcnfsnfexnmwpsybhosgxbijj` (`elementId`,`fieldId`),
  CONSTRAINT `fk_bdhsrifdslnlnqvynhscqmytjtclqlvkqvgh` FOREIGN KEY (`elementId`) REFERENCES `elements` (`id`) ON DELETE CASCADE,
  CONSTRAINT `fk_nqvnkbomsoehnizexbvpzvbobwynxzlvjzau` FOREIGN KEY (`siteId`) REFERENCES `sites` (`id`) ON DELETE CASCADE,
  CONSTRAINT `fk_vivediezdmsegdgoqqvywzulessinjrfkusi` FOREIGN KEY (`fieldId`) REFERENCES `fields` (`id`) ON DELETE CASCADE
) ENGINE=InnoDB AUTO_INCREMENT=621 DEFAULT CHARSET=utf8mb4 COLLATE=utf8mb4_unicode_ci;

--
-- Table structure for table `gqlschemas`
--

CREATE TABLE `gqlschemas` (
  `id` int(11) NOT NULL AUTO_INCREMENT,
  `name` varchar(255) NOT NULL,
  `scope` longtext CHARACTER SET utf8mb4 COLLATE utf8mb4_bin DEFAULT NULL CHECK (json_valid(`scope`)),
  `isPublic` tinyint(1) NOT NULL DEFAULT 0,
  `dateCreated` datetime NOT NULL,
  `dateUpdated` datetime NOT NULL,
  `uid` char(36) NOT NULL DEFAULT '0',
  PRIMARY KEY (`id`)
) ENGINE=InnoDB AUTO_INCREMENT=2 DEFAULT CHARSET=utf8mb4 COLLATE=utf8mb4_unicode_ci;

--
-- Table structure for table `imagetransformindex`
--

CREATE TABLE `imagetransformindex` (
  `id` int(11) NOT NULL AUTO_INCREMENT,
  `assetId` int(11) NOT NULL,
  `transformer` varchar(255) DEFAULT NULL,
  `filename` varchar(255) DEFAULT NULL,
  `format` varchar(255) DEFAULT NULL,
  `transformString` varchar(255) NOT NULL,
  `fileExists` tinyint(1) NOT NULL DEFAULT 0,
  `inProgress` tinyint(1) NOT NULL DEFAULT 0,
  `error` tinyint(1) NOT NULL DEFAULT 0,
  `dateIndexed` datetime DEFAULT NULL,
  `dateCreated` datetime NOT NULL,
  `dateUpdated` datetime NOT NULL,
  `uid` char(36) NOT NULL DEFAULT '0',
  PRIMARY KEY (`id`),
  KEY `idx_fuqeeozcucihypiijzlhbyulpdsbulpbygma` (`assetId`,`transformString`)
) ENGINE=InnoDB AUTO_INCREMENT=103 DEFAULT CHARSET=utf8mb4 COLLATE=utf8mb4_unicode_ci;

--
-- Table structure for table `imagetransforms`
--

CREATE TABLE `imagetransforms` (
  `id` int(11) NOT NULL AUTO_INCREMENT,
  `name` varchar(255) NOT NULL,
  `handle` varchar(255) NOT NULL,
  `mode` enum('stretch','fit','crop','letterbox') NOT NULL DEFAULT 'crop',
  `position` enum('top-left','top-center','top-right','center-left','center-center','center-right','bottom-left','bottom-center','bottom-right') NOT NULL DEFAULT 'center-center',
  `width` int(10) unsigned DEFAULT NULL,
  `height` int(10) unsigned DEFAULT NULL,
  `format` varchar(255) DEFAULT NULL,
  `quality` int(11) DEFAULT NULL,
  `interlace` enum('none','line','plane','partition') NOT NULL DEFAULT 'none',
  `fill` varchar(11) DEFAULT NULL,
  `upscale` tinyint(1) NOT NULL DEFAULT 1,
  `parameterChangeTime` datetime DEFAULT NULL,
  `dateCreated` datetime NOT NULL,
  `dateUpdated` datetime NOT NULL,
  `uid` char(36) NOT NULL DEFAULT '0',
  PRIMARY KEY (`id`),
  KEY `idx_mltxzxqagzcumyyrnndebhvcxrrukqglcxsx` (`name`),
  KEY `idx_zhmqifimxmjppdwuaxxdkxrffslngdzxcfdl` (`handle`)
) ENGINE=InnoDB AUTO_INCREMENT=2 DEFAULT CHARSET=utf8mb4 COLLATE=utf8mb4_unicode_ci;

--
-- Table structure for table `info`
--

CREATE TABLE `info` (
  `id` int(11) NOT NULL AUTO_INCREMENT,
  `version` varchar(50) NOT NULL,
  `schemaVersion` varchar(15) NOT NULL,
  `maintenance` tinyint(1) NOT NULL DEFAULT 0,
  `configVersion` char(12) NOT NULL DEFAULT '000000000000',
  `fieldVersion` char(12) NOT NULL DEFAULT '000000000000',
  `dateCreated` datetime NOT NULL,
  `dateUpdated` datetime NOT NULL,
  `uid` char(36) NOT NULL DEFAULT '0',
  PRIMARY KEY (`id`)
) ENGINE=InnoDB AUTO_INCREMENT=2 DEFAULT CHARSET=utf8mb4 COLLATE=utf8mb4_unicode_ci;

--
-- Table structure for table `migrations`
--

CREATE TABLE `migrations` (
  `id` int(11) NOT NULL AUTO_INCREMENT,
  `track` varchar(255) NOT NULL,
  `name` varchar(255) NOT NULL,
  `applyTime` datetime NOT NULL,
  `dateCreated` datetime NOT NULL,
  `dateUpdated` datetime NOT NULL,
  `uid` char(36) NOT NULL DEFAULT '0',
  PRIMARY KEY (`id`),
  UNIQUE KEY `idx_hokepbzjninyxdvfjfnijzzopbbwebbeobxn` (`track`,`name`)
) ENGINE=InnoDB AUTO_INCREMENT=59 DEFAULT CHARSET=utf8mb4 COLLATE=utf8mb4_unicode_ci;

--
-- Table structure for table `plugins`
--

CREATE TABLE `plugins` (
  `id` int(11) NOT NULL AUTO_INCREMENT,
  `handle` varchar(255) NOT NULL,
  `version` varchar(255) NOT NULL,
  `schemaVersion` varchar(255) NOT NULL,
  `installDate` datetime NOT NULL,
  `dateCreated` datetime NOT NULL,
  `dateUpdated` datetime NOT NULL,
  `uid` char(36) NOT NULL DEFAULT '0',
  PRIMARY KEY (`id`),
  UNIQUE KEY `idx_yjxfmhlhejuqmhasefmufgetzyskntqrqzem` (`handle`)
) ENGINE=InnoDB AUTO_INCREMENT=5 DEFAULT CHARSET=utf8mb4 COLLATE=utf8mb4_unicode_ci;

--
-- Table structure for table `projectconfig`
--

CREATE TABLE `projectconfig` (
  `path` varchar(255) NOT NULL,
  `value` text NOT NULL,
  PRIMARY KEY (`path`)
) ENGINE=InnoDB DEFAULT CHARSET=utf8mb4 COLLATE=utf8mb4_unicode_ci;

--
-- Table structure for table `queue`
--

CREATE TABLE `queue` (
  `id` int(11) NOT NULL AUTO_INCREMENT,
  `channel` varchar(255) NOT NULL DEFAULT 'queue',
  `job` longblob NOT NULL,
  `description` text DEFAULT NULL,
  `timePushed` int(11) NOT NULL,
  `ttr` int(11) NOT NULL,
  `delay` int(11) NOT NULL DEFAULT 0,
  `priority` int(10) unsigned NOT NULL DEFAULT 1024,
  `dateReserved` datetime DEFAULT NULL,
  `timeUpdated` int(11) DEFAULT NULL,
  `progress` smallint(6) NOT NULL DEFAULT 0,
  `progressLabel` varchar(255) DEFAULT NULL,
  `attempt` int(11) DEFAULT NULL,
  `fail` tinyint(1) DEFAULT 0,
  `dateFailed` datetime DEFAULT NULL,
  `error` text DEFAULT NULL,
  PRIMARY KEY (`id`),
  KEY `idx_mbkdbqdnsdqkupumbwhvaipofvnvhvivegkc` (`channel`,`fail`,`timeUpdated`,`timePushed`),
  KEY `idx_rmgvdauuujsoeewlyivkfntmyljkozojtunh` (`channel`,`fail`,`timeUpdated`,`delay`)
) ENGINE=InnoDB AUTO_INCREMENT=2220 DEFAULT CHARSET=utf8mb4 COLLATE=utf8mb4_unicode_ci;

--
-- Table structure for table `relations`
--

CREATE TABLE `relations` (
  `id` int(11) NOT NULL AUTO_INCREMENT,
  `fieldId` int(11) NOT NULL,
  `sourceId` int(11) NOT NULL,
  `sourceSiteId` int(11) DEFAULT NULL,
  `targetId` int(11) NOT NULL,
  `sortOrder` smallint(5) unsigned DEFAULT NULL,
  `dateCreated` datetime NOT NULL,
  `dateUpdated` datetime NOT NULL,
  `uid` char(36) NOT NULL DEFAULT '0',
  PRIMARY KEY (`id`),
  UNIQUE KEY `idx_gtkubxldumrdhogfwakgskbciupcusvafuqe` (`fieldId`,`sourceId`,`sourceSiteId`,`targetId`),
  KEY `idx_wjqdselkasklqvojxksaspfrjjampxaiguep` (`sourceId`),
  KEY `idx_ljbakwrnceegyzzhwmologvanyctoojvyjwz` (`targetId`),
  KEY `idx_dksxuagleembzlnuapswpewfpjzdnytgmiqm` (`sourceSiteId`),
  CONSTRAINT `fk_lynlgeiiwesivccxiiqdhzsjtzqduvdqowlh` FOREIGN KEY (`sourceId`) REFERENCES `elements` (`id`) ON DELETE CASCADE,
  CONSTRAINT `fk_ogujvhfyrzouqcbwfswvpvzaggtbkfsmatzk` FOREIGN KEY (`sourceSiteId`) REFERENCES `sites` (`id`) ON DELETE CASCADE ON UPDATE CASCADE,
  CONSTRAINT `fk_ubslzsujihoamjhneyxhzvnfwfemreqgvome` FOREIGN KEY (`fieldId`) REFERENCES `fields` (`id`) ON DELETE CASCADE
) ENGINE=InnoDB AUTO_INCREMENT=1769 DEFAULT CHARSET=utf8mb4 COLLATE=utf8mb4_unicode_ci;

--
-- Table structure for table `revisions`
--

CREATE TABLE `revisions` (
  `id` int(11) NOT NULL AUTO_INCREMENT,
  `canonicalId` int(11) NOT NULL,
  `creatorId` int(11) DEFAULT NULL,
  `num` int(11) NOT NULL,
  `notes` text DEFAULT NULL,
  PRIMARY KEY (`id`),
  UNIQUE KEY `idx_vovfedpvphsnrkjgenttfyeflnvxiiktyeto` (`canonicalId`,`num`),
  KEY `fk_hhcoenppvmvdebazuoowwqofstjgxyikfbaz` (`creatorId`),
  CONSTRAINT `fk_hhcoenppvmvdebazuoowwqofstjgxyikfbaz` FOREIGN KEY (`creatorId`) REFERENCES `users` (`id`) ON DELETE SET NULL,
  CONSTRAINT `fk_wiafzflznoonbpoobdjzrqktmxhlqxjsmeml` FOREIGN KEY (`canonicalId`) REFERENCES `elements` (`id`) ON DELETE CASCADE
) ENGINE=InnoDB AUTO_INCREMENT=787 DEFAULT CHARSET=utf8mb4 COLLATE=utf8mb4_unicode_ci;

--
-- Table structure for table `searchindex`
--

CREATE TABLE `searchindex` (
  `elementId` int(11) NOT NULL,
  `attribute` varchar(25) NOT NULL,
  `fieldId` int(11) NOT NULL,
  `siteId` int(11) NOT NULL,
  `keywords` text NOT NULL,
  PRIMARY KEY (`elementId`,`attribute`,`fieldId`,`siteId`),
  FULLTEXT KEY `idx_xktlgbqafoazkhqgwffwkojajphychvralgk` (`keywords`)
) ENGINE=InnoDB DEFAULT CHARSET=utf8mb4 COLLATE=utf8mb4_unicode_ci;

--
-- Table structure for table `searchindexqueue`
--

CREATE TABLE `searchindexqueue` (
  `id` int(11) NOT NULL AUTO_INCREMENT,
  `elementId` int(11) NOT NULL,
  `siteId` int(11) NOT NULL,
  `reserved` tinyint(1) NOT NULL DEFAULT 0,
  PRIMARY KEY (`id`),
  KEY `idx_vukubcqmqptdqhnjzffekcltjlskakssoxux` (`elementId`,`siteId`,`reserved`),
  CONSTRAINT `fk_yoxlyfepzvxrllzacpkqrqvglkwxjfswxgjh` FOREIGN KEY (`elementId`) REFERENCES `elements` (`id`) ON DELETE CASCADE
) ENGINE=InnoDB AUTO_INCREMENT=962 DEFAULT CHARSET=utf8mb4 COLLATE=utf8mb4_unicode_ci;

--
-- Table structure for table `searchindexqueue_fields`
--

CREATE TABLE `searchindexqueue_fields` (
  `jobId` int(11) NOT NULL,
  `fieldHandle` varchar(255) NOT NULL,
  PRIMARY KEY (`jobId`,`fieldHandle`),
  UNIQUE KEY `idx_qdndfxhuijqbydgqelcnmyopalwmuxymxwsg` (`jobId`,`fieldHandle`),
  CONSTRAINT `fk_dcqpxgjgquvnwtwfuoqiskmkciulpaitiasy` FOREIGN KEY (`jobId`) REFERENCES `searchindexqueue` (`id`) ON DELETE CASCADE
) ENGINE=InnoDB DEFAULT CHARSET=utf8mb4 COLLATE=utf8mb4_unicode_ci;

--
-- Table structure for table `sections`
--

CREATE TABLE `sections` (
  `id` int(11) NOT NULL AUTO_INCREMENT,
  `structureId` int(11) DEFAULT NULL,
  `name` varchar(255) NOT NULL,
  `handle` varchar(255) NOT NULL,
  `type` enum('single','channel','structure') NOT NULL DEFAULT 'channel',
  `enableVersioning` tinyint(1) NOT NULL DEFAULT 0,
  `maxAuthors` smallint(5) unsigned DEFAULT NULL,
  `propagationMethod` varchar(255) NOT NULL DEFAULT 'all',
  `defaultPlacement` enum('beginning','end') NOT NULL DEFAULT 'end',
  `previewTargets` longtext CHARACTER SET utf8mb4 COLLATE utf8mb4_bin DEFAULT NULL CHECK (json_valid(`previewTargets`)),
  `dateCreated` datetime NOT NULL,
  `dateUpdated` datetime NOT NULL,
  `dateDeleted` datetime DEFAULT NULL,
  `uid` char(36) NOT NULL DEFAULT '0',
  PRIMARY KEY (`id`),
  KEY `idx_qrpmxnrfdjqpcopeltsisloriogabqdfaurp` (`handle`),
  KEY `idx_lxsrucgwoiznmcttjddzpotbrkcackcqqoje` (`name`),
  KEY `idx_utlycaldrseybljwruetlrqruihxjocmutvg` (`structureId`),
  KEY `idx_mdzvlemchdowfonenjrjihvswxdlogpeqwyg` (`dateDeleted`),
  CONSTRAINT `fk_vfyocjkdagdwihnjzqqrvugbgscisixtvczd` FOREIGN KEY (`structureId`) REFERENCES `structures` (`id`) ON DELETE SET NULL
) ENGINE=InnoDB AUTO_INCREMENT=10 DEFAULT CHARSET=utf8mb4 COLLATE=utf8mb4_unicode_ci;

--
-- Table structure for table `sections_entrytypes`
--

CREATE TABLE `sections_entrytypes` (
  `sectionId` int(11) NOT NULL,
  `typeId` int(11) NOT NULL,
  `sortOrder` smallint(5) unsigned NOT NULL,
  `name` varchar(255) DEFAULT NULL,
  `handle` varchar(255) DEFAULT NULL,
  `description` text DEFAULT NULL,
  PRIMARY KEY (`sectionId`,`typeId`),
  KEY `fk_fzigcrmravgmjettoztjeftkyrlaprkqnysd` (`typeId`),
  CONSTRAINT `fk_drwrmldkqtjkxxucxxbzrhgyyjkfyfcybgus` FOREIGN KEY (`sectionId`) REFERENCES `sections` (`id`) ON DELETE CASCADE,
  CONSTRAINT `fk_fzigcrmravgmjettoztjeftkyrlaprkqnysd` FOREIGN KEY (`typeId`) REFERENCES `entrytypes` (`id`) ON DELETE CASCADE
) ENGINE=InnoDB DEFAULT CHARSET=utf8mb4 COLLATE=utf8mb4_unicode_ci;

--
-- Table structure for table `sections_sites`
--

CREATE TABLE `sections_sites` (
  `id` int(11) NOT NULL AUTO_INCREMENT,
  `sectionId` int(11) NOT NULL,
  `siteId` int(11) NOT NULL,
  `hasUrls` tinyint(1) NOT NULL DEFAULT 1,
  `uriFormat` text DEFAULT NULL,
  `template` varchar(500) DEFAULT NULL,
  `enabledByDefault` tinyint(1) NOT NULL DEFAULT 1,
  `dateCreated` datetime NOT NULL,
  `dateUpdated` datetime NOT NULL,
  `uid` char(36) NOT NULL DEFAULT '0',
  PRIMARY KEY (`id`),
  UNIQUE KEY `idx_sjfbyghiwpeyxcuyphrglivoldlooghoofln` (`sectionId`,`siteId`),
  KEY `idx_fvdgzfzqkyjrlybsmzbmdyzwgztjeuuwhmep` (`siteId`),
  CONSTRAINT `fk_vlwdqpgzrrzybebxkteyxjjjzurerhqwaplj` FOREIGN KEY (`sectionId`) REFERENCES `sections` (`id`) ON DELETE CASCADE,
  CONSTRAINT `fk_xxqvpgliyyjqfdpqaoetmruffzwhxcdfcnrq` FOREIGN KEY (`siteId`) REFERENCES `sites` (`id`) ON DELETE CASCADE ON UPDATE CASCADE
) ENGINE=InnoDB AUTO_INCREMENT=10 DEFAULT CHARSET=utf8mb4 COLLATE=utf8mb4_unicode_ci;

--
-- Table structure for table `sequences`
--

CREATE TABLE `sequences` (
  `name` varchar(255) NOT NULL,
  `next` int(10) unsigned NOT NULL DEFAULT 1,
  PRIMARY KEY (`name`)
) ENGINE=InnoDB DEFAULT CHARSET=utf8mb4 COLLATE=utf8mb4_unicode_ci;

--
-- Table structure for table `shunnedmessages`
--

CREATE TABLE `shunnedmessages` (
  `id` int(11) NOT NULL AUTO_INCREMENT,
  `userId` int(11) NOT NULL,
  `message` varchar(255) NOT NULL,
  `expiryDate` datetime DEFAULT NULL,
  `dateCreated` datetime NOT NULL,
  `dateUpdated` datetime NOT NULL,
  `uid` char(36) NOT NULL DEFAULT '0',
  PRIMARY KEY (`id`),
  UNIQUE KEY `idx_aaoaazajyxmzihslmjgrgtbicncsriryfchn` (`userId`,`message`),
  CONSTRAINT `fk_qfodjaorjzskvwglfrxoisuvanymqqcvgwlu` FOREIGN KEY (`userId`) REFERENCES `users` (`id`) ON DELETE CASCADE
) ENGINE=InnoDB DEFAULT CHARSET=utf8mb4 COLLATE=utf8mb4_unicode_ci;

--
-- Table structure for table `sitegroups`
--

CREATE TABLE `sitegroups` (
  `id` int(11) NOT NULL AUTO_INCREMENT,
  `name` varchar(255) NOT NULL,
  `dateCreated` datetime NOT NULL,
  `dateUpdated` datetime NOT NULL,
  `dateDeleted` datetime DEFAULT NULL,
  `uid` char(36) NOT NULL DEFAULT '0',
  PRIMARY KEY (`id`),
  KEY `idx_wotsdtzykyxrnlpgkmamgfwimmypdgimmxme` (`name`)
) ENGINE=InnoDB AUTO_INCREMENT=2 DEFAULT CHARSET=utf8mb4 COLLATE=utf8mb4_unicode_ci;

--
-- Table structure for table `sites`
--

CREATE TABLE `sites` (
  `id` int(11) NOT NULL AUTO_INCREMENT,
  `groupId` int(11) NOT NULL,
  `primary` tinyint(1) NOT NULL,
  `enabled` varchar(255) NOT NULL DEFAULT 'true',
  `name` varchar(255) NOT NULL,
  `handle` varchar(255) NOT NULL,
  `language` varchar(255) NOT NULL,
  `hasUrls` tinyint(1) NOT NULL DEFAULT 0,
  `baseUrl` varchar(255) DEFAULT NULL,
  `sortOrder` smallint(5) unsigned DEFAULT NULL,
  `dateCreated` datetime NOT NULL,
  `dateUpdated` datetime NOT NULL,
  `dateDeleted` datetime DEFAULT NULL,
  `uid` char(36) NOT NULL DEFAULT '0',
  PRIMARY KEY (`id`),
  KEY `idx_gvthfinszicvegnghpypqvjyxbqzddgbrape` (`dateDeleted`),
  KEY `idx_wtrpnmcmvqellmztgodbqedlonroyqvsmwyb` (`handle`),
  KEY `idx_ksomrwvmiuodevyqoavcvapuhjdbqwmaqroq` (`sortOrder`),
  KEY `fk_sfbucdquvkgcghgtwgjgnxmxyvvlinltawtl` (`groupId`),
  CONSTRAINT `fk_sfbucdquvkgcghgtwgjgnxmxyvvlinltawtl` FOREIGN KEY (`groupId`) REFERENCES `sitegroups` (`id`) ON DELETE CASCADE
) ENGINE=InnoDB AUTO_INCREMENT=2 DEFAULT CHARSET=utf8mb4 COLLATE=utf8mb4_unicode_ci;

--
-- Table structure for table `sso_identities`
--

CREATE TABLE `sso_identities` (
  `provider` varchar(255) NOT NULL,
  `identityId` varchar(255) NOT NULL,
  `userId` int(11) NOT NULL,
  `dateCreated` datetime NOT NULL,
  `dateUpdated` datetime NOT NULL,
  PRIMARY KEY (`provider`,`identityId`,`userId`),
  KEY `fk_tzaclnpswsibbekhqqcwgglzwhxdxfhnxiue` (`userId`),
  CONSTRAINT `fk_tzaclnpswsibbekhqqcwgglzwhxdxfhnxiue` FOREIGN KEY (`userId`) REFERENCES `users` (`id`) ON DELETE CASCADE
) ENGINE=InnoDB DEFAULT CHARSET=utf8mb4 COLLATE=utf8mb4_unicode_ci;

--
-- Table structure for table `structureelements`
--

CREATE TABLE `structureelements` (
  `id` int(11) NOT NULL AUTO_INCREMENT,
  `structureId` int(11) NOT NULL,
  `elementId` int(11) DEFAULT NULL,
  `root` int(10) unsigned DEFAULT NULL,
  `lft` int(10) unsigned NOT NULL,
  `rgt` int(10) unsigned NOT NULL,
  `level` smallint(5) unsigned NOT NULL,
  `dateCreated` datetime NOT NULL,
  `dateUpdated` datetime NOT NULL,
  `uid` char(36) NOT NULL DEFAULT '0',
  PRIMARY KEY (`id`),
  UNIQUE KEY `idx_glwsesfxeuywleseaskiatelgqwhsavphfrk` (`structureId`,`elementId`),
  KEY `idx_ohtyplamqxdgdvwoewiufbgfssopjcnmobge` (`root`),
  KEY `idx_izhqjbyrvekgahskdtwwfrtdwxsxittabvdp` (`lft`),
  KEY `idx_mntqqgbsgtmmuqztopbyqqsewgvogzcwkgsj` (`rgt`),
  KEY `idx_crinuebacqhlojgjzlutlnsrduujsndwwxux` (`level`),
  KEY `idx_qksygbxkmeaxgbsnpapwjimqfaxckwnsynzh` (`elementId`),
  CONSTRAINT `fk_polmcjevuxconbxjzmwypjizowoyyalakuga` FOREIGN KEY (`structureId`) REFERENCES `structures` (`id`) ON DELETE CASCADE
) ENGINE=InnoDB AUTO_INCREMENT=119 DEFAULT CHARSET=utf8mb4 COLLATE=utf8mb4_unicode_ci;

--
-- Table structure for table `structures`
--

CREATE TABLE `structures` (
  `id` int(11) NOT NULL AUTO_INCREMENT,
  `maxLevels` smallint(5) unsigned DEFAULT NULL,
  `dateCreated` datetime NOT NULL,
  `dateUpdated` datetime NOT NULL,
  `dateDeleted` datetime DEFAULT NULL,
  `uid` char(36) NOT NULL DEFAULT '0',
  PRIMARY KEY (`id`),
  KEY `idx_vurwjlkxxmzdpcxvjeiisrjpptdstfqmxjtf` (`dateDeleted`)
) ENGINE=InnoDB AUTO_INCREMENT=8 DEFAULT CHARSET=utf8mb4 COLLATE=utf8mb4_unicode_ci;

--
-- Table structure for table `taggroups`
--

CREATE TABLE `taggroups` (
  `id` int(11) NOT NULL AUTO_INCREMENT,
  `name` varchar(255) NOT NULL,
  `handle` varchar(255) NOT NULL,
  `fieldLayoutId` int(11) DEFAULT NULL,
  `dateCreated` datetime NOT NULL,
  `dateUpdated` datetime NOT NULL,
  `dateDeleted` datetime DEFAULT NULL,
  `uid` char(36) NOT NULL DEFAULT '0',
  PRIMARY KEY (`id`),
  KEY `idx_uavrgdjpotgogvrnlzfdumjufmaqyuuxujly` (`name`),
  KEY `idx_yldnmnceyqfaubyllydpjbhiiduwasouaycf` (`handle`),
  KEY `idx_uyueliiozbqtgcnrxcyjoxovkmthrexvcsmt` (`dateDeleted`),
  KEY `fk_hwbtqbpxtsynsgcrpnyskmdebwhmmwsakzex` (`fieldLayoutId`),
  CONSTRAINT `fk_hwbtqbpxtsynsgcrpnyskmdebwhmmwsakzex` FOREIGN KEY (`fieldLayoutId`) REFERENCES `fieldlayouts` (`id`) ON DELETE SET NULL
) ENGINE=InnoDB DEFAULT CHARSET=utf8mb4 COLLATE=utf8mb4_unicode_ci;

--
-- Table structure for table `tags`
--

CREATE TABLE `tags` (
  `id` int(11) NOT NULL,
  `groupId` int(11) NOT NULL,
  `deletedWithGroup` tinyint(1) DEFAULT NULL,
  `dateCreated` datetime NOT NULL,
  `dateUpdated` datetime NOT NULL,
  PRIMARY KEY (`id`),
  KEY `idx_rgiwbykgvorxrpuyakeblpjfenuxaxsdxjpm` (`groupId`),
  CONSTRAINT `fk_jeakhckbbkxymeltjxwzwxufybyhyxifcjgo` FOREIGN KEY (`id`) REFERENCES `elements` (`id`) ON DELETE CASCADE,
  CONSTRAINT `fk_mvibepzqksdytkxjohuuwuylabzlyrdqlfre` FOREIGN KEY (`groupId`) REFERENCES `taggroups` (`id`) ON DELETE CASCADE
) ENGINE=InnoDB DEFAULT CHARSET=utf8mb4 COLLATE=utf8mb4_unicode_ci;

--
-- Table structure for table `usergroups`
--

CREATE TABLE `usergroups` (
  `id` int(11) NOT NULL AUTO_INCREMENT,
  `name` varchar(255) NOT NULL,
  `handle` varchar(255) NOT NULL,
  `description` text DEFAULT NULL,
  `dateCreated` datetime NOT NULL,
  `dateUpdated` datetime NOT NULL,
  `uid` char(36) NOT NULL DEFAULT '0',
  PRIMARY KEY (`id`),
  KEY `idx_nifgpehogtkhcvvjwvdwmfwlozfdnbsujsgs` (`handle`),
  KEY `idx_jrxgafsujnsuoqncgwjlevwprvvtpfvuheha` (`name`)
) ENGINE=InnoDB DEFAULT CHARSET=utf8mb4 COLLATE=utf8mb4_unicode_ci;

--
-- Table structure for table `usergroups_users`
--

CREATE TABLE `usergroups_users` (
  `id` int(11) NOT NULL AUTO_INCREMENT,
  `groupId` int(11) NOT NULL,
  `userId` int(11) NOT NULL,
  `dateCreated` datetime NOT NULL,
  `dateUpdated` datetime NOT NULL,
  `uid` char(36) NOT NULL DEFAULT '0',
  PRIMARY KEY (`id`),
  UNIQUE KEY `idx_wbuxnxijmlcywxwuweutdpvzwupsblalziyu` (`groupId`,`userId`),
  KEY `idx_dqsqmznpdazocfzhimavjhxfgesvrsavnphg` (`userId`),
  CONSTRAINT `fk_ljeblfdgmxbubgysbibtizlwmlknlkupehih` FOREIGN KEY (`groupId`) REFERENCES `usergroups` (`id`) ON DELETE CASCADE,
  CONSTRAINT `fk_nmguplpcqlnmygqmojtshsryqwgyoystbyce` FOREIGN KEY (`userId`) REFERENCES `users` (`id`) ON DELETE CASCADE
) ENGINE=InnoDB DEFAULT CHARSET=utf8mb4 COLLATE=utf8mb4_unicode_ci;

--
-- Table structure for table `userpermissions`
--

CREATE TABLE `userpermissions` (
  `id` int(11) NOT NULL AUTO_INCREMENT,
  `name` varchar(255) NOT NULL,
  `dateCreated` datetime NOT NULL,
  `dateUpdated` datetime NOT NULL,
  `uid` char(36) NOT NULL DEFAULT '0',
  PRIMARY KEY (`id`),
  UNIQUE KEY `idx_ddentucjxuehhjtoimzoqdtygrwphwzvaxww` (`name`)
) ENGINE=InnoDB DEFAULT CHARSET=utf8mb4 COLLATE=utf8mb4_unicode_ci;

--
-- Table structure for table `userpermissions_usergroups`
--

CREATE TABLE `userpermissions_usergroups` (
  `id` int(11) NOT NULL AUTO_INCREMENT,
  `permissionId` int(11) NOT NULL,
  `groupId` int(11) NOT NULL,
  `dateCreated` datetime NOT NULL,
  `dateUpdated` datetime NOT NULL,
  `uid` char(36) NOT NULL DEFAULT '0',
  PRIMARY KEY (`id`),
  UNIQUE KEY `idx_ucjurorivfhaorffdrnomvhgtccyazavhutz` (`permissionId`,`groupId`),
  KEY `idx_fnmnqwfixjevawiudypfcgvtigcnbipmovhe` (`groupId`),
  CONSTRAINT `fk_ahbgiomxhstwpcelpekgmyiuypuuazcculwj` FOREIGN KEY (`permissionId`) REFERENCES `userpermissions` (`id`) ON DELETE CASCADE,
  CONSTRAINT `fk_zxjibncdboywfmcxqwhpostyonqmcgmqnmds` FOREIGN KEY (`groupId`) REFERENCES `usergroups` (`id`) ON DELETE CASCADE
) ENGINE=InnoDB DEFAULT CHARSET=utf8mb4 COLLATE=utf8mb4_unicode_ci;

--
-- Table structure for table `userpermissions_users`
--

CREATE TABLE `userpermissions_users` (
  `id` int(11) NOT NULL AUTO_INCREMENT,
  `permissionId` int(11) NOT NULL,
  `userId` int(11) NOT NULL,
  `dateCreated` datetime NOT NULL,
  `dateUpdated` datetime NOT NULL,
  `uid` char(36) NOT NULL DEFAULT '0',
  PRIMARY KEY (`id`),
  UNIQUE KEY `idx_agjecihoglwrhpzfepiretvhgyrsyeydbien` (`permissionId`,`userId`),
  KEY `idx_gwgqwdcwjrmjrewzsdulljzkbnhwohhhdole` (`userId`),
  CONSTRAINT `fk_edvjmuwynfgcnocdgkpinysmqwewednubgsx` FOREIGN KEY (`permissionId`) REFERENCES `userpermissions` (`id`) ON DELETE CASCADE,
  CONSTRAINT `fk_xwygztsglwroncjawbabwftszxrhhcliojsx` FOREIGN KEY (`userId`) REFERENCES `users` (`id`) ON DELETE CASCADE
) ENGINE=InnoDB DEFAULT CHARSET=utf8mb4 COLLATE=utf8mb4_unicode_ci;

--
-- Table structure for table `userpreferences`
--

CREATE TABLE `userpreferences` (
  `userId` int(11) NOT NULL AUTO_INCREMENT,
  `preferences` longtext CHARACTER SET utf8mb4 COLLATE utf8mb4_bin DEFAULT NULL CHECK (json_valid(`preferences`)),
  PRIMARY KEY (`userId`),
  CONSTRAINT `fk_ndzcvkhzlvudkhfdijyylmzljbmswdgdhemh` FOREIGN KEY (`userId`) REFERENCES `users` (`id`) ON DELETE CASCADE
) ENGINE=InnoDB AUTO_INCREMENT=2 DEFAULT CHARSET=utf8mb4 COLLATE=utf8mb4_unicode_ci;

--
-- Table structure for table `volumefolders`
--

CREATE TABLE `volumefolders` (
  `id` int(11) NOT NULL AUTO_INCREMENT,
  `parentId` int(11) DEFAULT NULL,
  `volumeId` int(11) DEFAULT NULL,
  `name` varchar(255) NOT NULL,
  `path` varchar(255) DEFAULT NULL,
  `dateCreated` datetime NOT NULL,
  `dateUpdated` datetime NOT NULL,
  `uid` char(36) NOT NULL DEFAULT '0',
  PRIMARY KEY (`id`),
  UNIQUE KEY `idx_xymsimganfahzmnhhaxbizplgrkrozpeqovc` (`name`,`parentId`,`volumeId`),
  KEY `idx_vvdhtvkgzdckqxhuwvsmzaxijrvcrtfhcuai` (`parentId`),
  KEY `idx_lxshjhzcrxghtwsrndsufsgsfqigqpzjnrtc` (`volumeId`),
  CONSTRAINT `fk_cltqwyvsdanditwyzasjkmcotokzlpizvaaz` FOREIGN KEY (`parentId`) REFERENCES `volumefolders` (`id`) ON DELETE CASCADE,
  CONSTRAINT `fk_ktzfquwhcsxsnxyahxfiduamgksdpfvfpxql` FOREIGN KEY (`volumeId`) REFERENCES `volumes` (`id`) ON DELETE CASCADE
) ENGINE=InnoDB AUTO_INCREMENT=9 DEFAULT CHARSET=utf8mb4 COLLATE=utf8mb4_unicode_ci;

--
-- Table structure for table `volumes`
--

CREATE TABLE `volumes` (
  `id` int(11) NOT NULL AUTO_INCREMENT,
  `fieldLayoutId` int(11) DEFAULT NULL,
  `name` varchar(255) NOT NULL,
  `handle` varchar(255) NOT NULL,
  `fs` varchar(255) NOT NULL,
  `subpath` varchar(255) DEFAULT NULL,
  `transformFs` varchar(255) DEFAULT NULL,
  `transformSubpath` varchar(255) DEFAULT NULL,
  `titleTranslationMethod` varchar(255) NOT NULL DEFAULT 'site',
  `titleTranslationKeyFormat` text DEFAULT NULL,
  `altTranslationMethod` varchar(255) NOT NULL DEFAULT 'site',
  `altTranslationKeyFormat` text DEFAULT NULL,
  `sortOrder` smallint(5) unsigned DEFAULT NULL,
  `dateCreated` datetime NOT NULL,
  `dateUpdated` datetime NOT NULL,
  `dateDeleted` datetime DEFAULT NULL,
  `uid` char(36) NOT NULL DEFAULT '0',
  PRIMARY KEY (`id`),
  KEY `idx_gbigkeuoxhyqciuxrrmcfnnfvmsymtdtlkgk` (`name`),
  KEY `idx_nibgarnftzszvgolotdqcktqauupeyhpcqgo` (`handle`),
  KEY `idx_ndvgpmousdymdklznjefxqtpldprglmmbqhj` (`fieldLayoutId`),
  KEY `idx_gusuktkxxflgmckzckhzuameydxzprqrhkfj` (`dateDeleted`),
  CONSTRAINT `fk_nyzfmnsroeqpwepnfcjzoeuevldyotxpgwqo` FOREIGN KEY (`fieldLayoutId`) REFERENCES `fieldlayouts` (`id`) ON DELETE SET NULL
) ENGINE=InnoDB AUTO_INCREMENT=7 DEFAULT CHARSET=utf8mb4 COLLATE=utf8mb4_unicode_ci;

--
-- Table structure for table `widgets`
--

CREATE TABLE `widgets` (
  `id` int(11) NOT NULL AUTO_INCREMENT,
  `userId` int(11) NOT NULL,
  `type` varchar(255) NOT NULL,
  `sortOrder` smallint(5) unsigned DEFAULT NULL,
  `colspan` tinyint(4) DEFAULT NULL,
  `settings` longtext CHARACTER SET utf8mb4 COLLATE utf8mb4_bin DEFAULT NULL CHECK (json_valid(`settings`)),
  `enabled` tinyint(1) NOT NULL DEFAULT 1,
  `dateCreated` datetime NOT NULL,
  `dateUpdated` datetime NOT NULL,
  `uid` char(36) NOT NULL DEFAULT '0',
  PRIMARY KEY (`id`),
  KEY `idx_nerzmenxwpjdybozzdiijnhabosizuuofrex` (`userId`),
  CONSTRAINT `fk_otipcgdghpcpsmkctrysvrtttpiqgarfiigu` FOREIGN KEY (`userId`) REFERENCES `users` (`id`) ON DELETE CASCADE
) ENGINE=InnoDB AUTO_INCREMENT=5 DEFAULT CHARSET=utf8mb4 COLLATE=utf8mb4_unicode_ci;

--
-- Dumping routines for database 'akg_craft'
--


--
-- Host: localhost    Database: akg_craft
-- ------------------------------------------------------


--
-- Dumping data for table `addresses`
--

set autocommit=0;
INSERT INTO `addresses` VALUES
(8,2,2,'US','NJ','Toms River',NULL,'08757',NULL,'1750 NJ-37',NULL,NULL,NULL,NULL,NULL,NULL,NULL,NULL,NULL,'2025-04-18 17:32:44','2025-04-18 17:32:44');
commit;

--
-- Dumping data for table `announcements`
--

set autocommit=0;
commit;

--
-- Dumping data for table `assetindexingsessions`
--

set autocommit=0;
commit;

--
-- Dumping data for table `assets`
--

set autocommit=0;
INSERT INTO `assets` VALUES
(86,1,1,1,'arbors.svg',NULL,'image',NULL,481,65,7435,NULL,1,1,'2025-04-18 18:31:40','2025-04-18 18:31:40','2025-04-18 18:31:40'),
(136,2,2,1,'arbors-entrance.jpg',NULL,'image',NULL,1920,1440,1835577,NULL,NULL,NULL,'2025-04-18 18:44:35','2025-04-18 18:44:35','2025-04-18 18:44:35'),
(137,2,2,1,'arbors-room.jpg',NULL,'image',NULL,1500,1000,220928,NULL,NULL,NULL,'2025-04-18 18:44:36','2025-04-18 18:44:36','2025-04-18 18:44:36'),
(138,2,2,1,'arbors-table.jpg',NULL,'image',NULL,1500,1000,402800,NULL,NULL,NULL,'2025-04-18 18:44:36','2025-04-18 18:44:36','2025-04-18 18:44:36'),
(285,5,7,1,'hands_holding.jpg','image/jpeg','image',NULL,1601,801,850595,NULL,NULL,NULL,'2025-09-05 20:01:00','2025-07-30 22:47:59','2025-09-05 20:01:00'),
(545,2,2,1,'Arbors-Cover-Photo.jpg','image/jpeg','image',NULL,5002,3336,4317908,NULL,NULL,NULL,'2025-09-02 20:43:22','2025-09-02 20:43:22','2025-09-02 20:43:22'),
(548,3,3,1,'Arbors-flyer.pdf','application/pdf','pdf',NULL,NULL,NULL,1965207,NULL,NULL,NULL,'2025-09-02 21:15:28','2025-09-02 21:15:29','2025-09-02 21:15:29'),
(612,6,8,1,'GreatPlacetoWork.jpg','image/jpeg','image',NULL,500,500,91067,NULL,NULL,NULL,'2025-09-03 21:56:34','2025-09-03 21:56:34','2025-09-03 21:56:34'),
(613,6,8,1,'StrivingforTen.jpg','image/jpeg','image',NULL,500,500,55294,NULL,NULL,NULL,'2025-09-03 21:56:34','2025-09-03 21:56:34','2025-09-03 21:56:34'),
(614,6,8,1,'5Star_OQM.jpg','image/jpeg','image',NULL,500,500,99483,NULL,NULL,NULL,'2025-09-03 21:56:35','2025-09-03 21:56:35','2025-09-03 21:56:35'),
(632,4,4,1,'Arbors-Admin.jpg','image/jpeg','image',NULL,1080,1080,62300,NULL,NULL,NULL,'2025-09-03 22:27:11','2025-09-03 22:27:11','2025-09-03 22:27:11'),
(634,4,4,1,'Arbors-AD-1.jpg','image/jpeg','image',NULL,1080,1080,75707,NULL,NULL,NULL,'2025-09-03 22:27:23','2025-09-03 22:27:23','2025-09-03 22:27:23');
commit;

--
-- Dumping data for table `assets_sites`
--

set autocommit=0;
INSERT INTO `assets_sites` VALUES
(86,1,NULL),
(136,1,NULL),
(137,1,NULL),
(138,1,NULL),
(285,1,NULL),
(545,1,NULL),
(548,1,NULL),
(612,1,NULL),
(613,1,NULL),
(614,1,NULL),
(632,1,NULL),
(634,1,NULL);
commit;
set autocommit=0;
commit;
set autocommit=0;
commit;

--
-- Dumping data for table `categories`
--

set autocommit=0;
commit;

--
-- Dumping data for table `categorygroups`
--

set autocommit=0;
commit;

--
-- Dumping data for table `categorygroups_sites`
--

set autocommit=0;
commit;

--
-- Dumping data for table `changedattributes`
--

set autocommit=0;
INSERT INTO `changedattributes` VALUES
(2,1,'postDate','2025-04-18 17:16:03',0,1),
(2,1,'slug','2025-04-18 17:58:01',0,1),
(2,1,'title','2025-04-18 17:33:58',0,1),
(2,1,'uri','2025-08-20 17:56:29',0,1),
(18,1,'postDate','2025-04-18 18:06:50',0,1),
(18,1,'slug','2025-04-18 18:06:50',0,1),
(18,1,'title','2025-04-18 18:06:50',0,1),
(18,1,'uri','2025-04-18 18:06:50',0,1),
(20,1,'postDate','2025-04-18 18:06:58',0,1),
(20,1,'slug','2025-04-18 18:06:58',0,1),
(20,1,'status','2025-04-18 18:06:58',0,1),
(20,1,'title','2025-04-18 18:06:58',0,1),
(20,1,'uri','2025-04-18 18:06:58',0,1),
(22,1,'postDate','2025-04-18 18:07:06',0,1),
(22,1,'slug','2025-04-18 18:07:06',0,1),
(22,1,'status','2025-04-18 18:07:06',0,1),
(22,1,'title','2025-04-18 18:07:06',0,1),
(22,1,'uri','2025-04-18 18:07:06',0,1),
(24,1,'postDate','2025-04-18 18:07:32',0,1),
(24,1,'slug','2025-04-18 18:07:32',0,1),
(24,1,'status','2025-04-18 18:07:32',0,1),
(24,1,'title','2025-04-18 18:07:32',0,1),
(24,1,'uri','2025-04-18 18:07:32',0,1),
(26,1,'postDate','2025-04-18 18:07:37',0,1),
(26,1,'slug','2025-04-18 18:07:37',0,1),
(26,1,'status','2025-04-18 18:07:37',0,1),
(26,1,'title','2025-04-18 18:07:37',0,1),
(26,1,'uri','2025-04-18 18:07:37',0,1),
(28,1,'postDate','2025-04-18 18:07:43',0,1),
(28,1,'slug','2025-04-18 18:07:43',0,1),
(28,1,'status','2025-04-18 18:07:43',0,1),
(28,1,'title','2025-04-18 18:07:43',0,1),
(28,1,'uri','2025-04-18 18:07:43',0,1),
(30,1,'postDate','2025-04-18 18:07:48',0,1),
(30,1,'slug','2025-04-18 18:07:48',0,1),
(30,1,'status','2025-04-18 18:07:48',0,1),
(30,1,'title','2025-04-18 18:07:48',0,1),
(30,1,'uri','2025-04-18 18:07:48',0,1),
(32,1,'postDate','2025-04-18 18:07:53',0,1),
(32,1,'slug','2025-04-18 18:07:53',0,1),
(32,1,'status','2025-04-18 18:07:53',0,1),
(32,1,'title','2025-04-18 18:07:53',0,1),
(32,1,'uri','2025-04-18 18:07:53',0,1),
(34,1,'postDate','2025-04-18 18:08:00',0,1),
(34,1,'slug','2025-04-18 18:08:00',0,1),
(34,1,'status','2025-04-18 18:08:00',0,1),
(34,1,'title','2025-04-18 18:08:00',0,1),
(34,1,'uri','2025-04-18 18:08:00',0,1),
(36,1,'postDate','2025-04-18 18:08:04',0,1),
(36,1,'slug','2025-04-18 18:08:04',0,1),
(36,1,'status','2025-04-18 18:08:04',0,1),
(36,1,'title','2025-08-20 21:57:06',0,1),
(36,1,'uri','2025-04-18 18:08:04',0,1),
(44,1,'primaryOwnerId','2025-09-03 22:27:30',0,1),
(56,1,'primaryOwnerId','2025-09-03 21:05:58',0,1),
(56,1,'title','2025-09-03 21:05:58',0,1),
(57,1,'primaryOwnerId','2025-09-03 21:05:58',0,1),
(57,1,'title','2025-09-03 21:05:58',0,1),
(59,1,'primaryOwnerId','2025-09-11 18:48:42',0,1),
(60,1,'primaryOwnerId','2025-09-11 18:48:42',0,1),
(63,1,'primaryOwnerId','2025-09-03 21:08:08',0,1),
(63,1,'title','2025-09-03 21:05:58',0,1),
(65,1,'primaryOwnerId','2025-09-11 18:48:42',0,1),
(111,1,'postDate','2025-04-18 18:38:40',0,1),
(111,1,'slug','2025-04-18 18:38:40',0,1),
(111,1,'title','2025-04-18 18:38:37',0,1),
(113,1,'postDate','2025-04-18 18:38:46',0,1),
(113,1,'slug','2025-04-18 18:38:46',0,1),
(113,1,'title','2025-04-18 18:38:45',0,1),
(115,1,'postDate','2025-04-18 18:38:51',0,1),
(115,1,'slug','2025-04-18 18:38:51',0,1),
(115,1,'title','2025-04-18 18:38:50',0,1),
(117,1,'postDate','2025-04-18 18:38:56',0,1),
(117,1,'slug','2025-04-18 18:38:56',0,1),
(117,1,'title','2025-04-18 18:38:55',0,1),
(119,1,'postDate','2025-04-18 18:39:00',0,1),
(119,1,'slug','2025-04-18 18:39:00',0,1),
(119,1,'title','2025-04-18 18:39:00',0,1),
(121,1,'postDate','2025-04-18 18:39:04',0,1),
(121,1,'slug','2025-04-18 18:39:04',0,1),
(121,1,'title','2025-04-18 18:39:04',0,1),
(283,1,'postDate','2025-07-30 21:07:33',0,1),
(283,1,'slug','2025-07-30 21:07:37',0,1),
(283,1,'status','2025-07-30 21:07:33',0,1),
(283,1,'title','2025-07-30 23:10:37',0,1),
(283,1,'uri','2025-07-30 21:07:37',0,1),
(288,1,'title','2025-07-30 23:10:31',0,1),
(290,1,'title','2025-07-30 23:11:03',0,1),
(292,1,'title','2025-07-30 23:10:55',0,1),
(294,1,'postDate','2025-07-30 23:11:29',0,1),
(296,1,'postDate','2025-07-30 23:11:31',0,1),
(296,1,'title','2025-07-30 23:10:45',0,1),
(323,1,'postDate','2025-08-01 17:59:31',0,1),
(323,1,'slug','2025-08-01 17:59:31',0,1),
(323,1,'title','2025-08-01 17:59:31',0,1),
(325,1,'fieldLayoutId','2025-08-01 17:59:53',0,1),
(325,1,'postDate','2025-08-01 17:59:41',0,1),
(325,1,'slug','2025-08-01 17:59:41',0,1),
(325,1,'title','2025-08-01 17:59:41',0,1),
(325,1,'typeId','2025-08-01 17:59:53',0,1),
(329,1,'postDate','2025-08-01 18:04:57',0,1),
(329,1,'slug','2025-08-01 18:04:54',0,1),
(329,1,'title','2025-08-01 18:04:54',0,1),
(331,1,'postDate','2025-08-01 18:05:01',0,1),
(331,1,'slug','2025-08-01 18:05:00',0,1),
(331,1,'status','2025-08-01 18:05:01',0,1),
(331,1,'title','2025-08-01 18:05:00',0,1),
(333,1,'postDate','2025-08-01 18:05:04',0,1),
(333,1,'slug','2025-08-01 18:05:04',0,1),
(333,1,'status','2025-08-01 18:05:04',0,1),
(333,1,'title','2025-08-01 18:05:04',0,1),
(335,1,'postDate','2025-08-01 18:05:08',0,1),
(335,1,'slug','2025-08-01 18:05:07',0,1),
(335,1,'status','2025-08-01 18:05:08',0,1),
(335,1,'title','2025-08-01 18:05:07',0,1),
(337,1,'postDate','2025-08-01 18:05:10',0,1),
(337,1,'slug','2025-08-01 18:05:10',0,1),
(337,1,'status','2025-08-01 18:05:10',0,1),
(337,1,'title','2025-08-01 18:05:10',0,1),
(339,1,'postDate','2025-08-01 18:05:15',0,1),
(339,1,'slug','2025-08-01 18:05:14',0,1),
(339,1,'status','2025-08-01 18:05:15',0,1),
(339,1,'title','2025-08-01 18:05:14',0,1),
(341,1,'postDate','2025-08-01 18:05:18',0,1),
(341,1,'slug','2025-08-01 18:05:18',0,1),
(341,1,'status','2025-08-01 18:05:18',0,1),
(341,1,'title','2025-08-01 18:05:18',0,1),
(343,1,'postDate','2025-08-01 18:05:21',0,1),
(343,1,'slug','2025-08-01 18:05:21',0,1),
(343,1,'status','2025-08-01 18:05:21',0,1),
(343,1,'title','2025-08-01 18:05:21',0,1),
(348,1,'postDate','2025-08-01 18:06:22',0,1),
(348,1,'slug','2025-08-01 18:06:15',0,1),
(348,1,'status','2025-08-01 18:06:22',0,1),
(348,1,'title','2025-08-01 18:06:15',0,1),
(350,1,'postDate','2025-08-01 18:06:40',0,1),
(350,1,'slug','2025-08-01 18:06:27',0,1),
(350,1,'status','2025-08-01 18:06:40',0,1),
(350,1,'title','2025-08-01 18:06:27',0,1),
(352,1,'postDate','2025-08-01 18:07:25',0,1),
(352,1,'slug','2025-08-01 18:07:16',0,1),
(352,1,'title','2025-08-01 18:07:16',0,1),
(354,1,'postDate','2025-08-01 18:07:35',0,1),
(354,1,'slug','2025-08-01 18:07:27',0,1),
(354,1,'status','2025-08-01 18:07:35',0,1),
(354,1,'title','2025-08-01 18:07:27',0,1),
(356,1,'postDate','2025-08-01 18:07:48',0,1),
(356,1,'slug','2025-08-01 18:07:40',0,1),
(356,1,'status','2025-08-01 18:07:48',0,1),
(356,1,'title','2025-08-01 18:07:40',0,1),
(358,1,'postDate','2025-08-01 18:07:58',0,1),
(358,1,'slug','2025-08-01 18:07:52',0,1),
(358,1,'title','2025-08-01 18:07:52',0,1),
(360,1,'postDate','2025-08-01 18:08:08',0,1),
(360,1,'slug','2025-08-01 18:08:02',0,1),
(360,1,'title','2025-08-01 18:08:02',0,1),
(362,1,'postDate','2025-08-01 18:08:17',0,1),
(362,1,'slug','2025-08-01 18:08:11',0,1),
(362,1,'title','2025-08-01 18:08:11',0,1),
(364,1,'postDate','2025-08-01 18:08:31',0,1),
(364,1,'slug','2025-08-01 18:08:22',0,1),
(364,1,'title','2025-08-01 18:08:22',0,1),
(366,1,'postDate','2025-08-01 18:09:02',0,1),
(366,1,'slug','2025-08-01 18:08:52',0,1),
(366,1,'title','2025-08-01 18:08:52',0,1),
(368,1,'postDate','2025-08-01 18:09:12',0,1),
(368,1,'slug','2025-08-01 18:09:04',0,1),
(368,1,'status','2025-08-01 18:09:12',0,1),
(368,1,'title','2025-08-01 18:09:04',0,1),
(370,1,'postDate','2025-08-01 18:09:33',0,1),
(370,1,'slug','2025-08-01 18:09:16',0,1),
(370,1,'status','2025-08-01 18:09:33',0,1),
(370,1,'title','2025-08-01 18:09:16',0,1),
(372,1,'postDate','2025-08-01 18:09:44',0,1),
(372,1,'slug','2025-08-01 18:09:38',0,1),
(372,1,'status','2025-08-01 18:09:44',0,1),
(372,1,'title','2025-08-01 18:09:38',0,1),
(374,1,'postDate','2025-08-01 18:10:00',0,1),
(374,1,'slug','2025-08-01 18:09:48',0,1),
(374,1,'status','2025-08-01 18:10:00',0,1),
(374,1,'title','2025-08-01 18:09:48',0,1),
(376,1,'postDate','2025-08-01 18:10:07',0,1),
(376,1,'slug','2025-08-01 18:10:02',0,1),
(376,1,'status','2025-08-01 18:10:07',0,1),
(376,1,'title','2025-08-01 18:10:02',0,1),
(378,1,'postDate','2025-08-01 18:10:18',0,1),
(378,1,'slug','2025-08-01 18:10:11',0,1),
(378,1,'status','2025-08-01 18:10:18',0,1),
(378,1,'title','2025-08-01 18:10:11',0,1),
(380,1,'postDate','2025-08-01 18:10:31',0,1),
(380,1,'slug','2025-08-01 18:10:22',0,1),
(380,1,'status','2025-08-01 18:10:31',0,1),
(380,1,'title','2025-08-01 18:10:22',0,1),
(382,1,'postDate','2025-08-01 18:10:53',0,1),
(382,1,'slug','2025-08-01 18:10:47',0,1),
(382,1,'title','2025-08-01 18:10:47',0,1),
(384,1,'postDate','2025-08-01 18:11:04',0,1),
(384,1,'slug','2025-08-01 18:10:58',0,1),
(384,1,'title','2025-08-01 18:10:58',0,1),
(386,1,'postDate','2025-08-01 18:11:17',0,1),
(386,1,'slug','2025-08-01 18:11:11',0,1),
(386,1,'title','2025-08-01 18:11:11',0,1),
(388,1,'postDate','2025-08-01 18:11:31',0,1),
(388,1,'slug','2025-08-01 18:11:21',0,1),
(388,1,'title','2025-08-01 18:11:21',0,1),
(390,1,'postDate','2025-08-01 18:11:48',0,1),
(390,1,'slug','2025-08-01 18:11:41',0,1),
(390,1,'title','2025-08-01 18:11:41',0,1),
(392,1,'postDate','2025-08-01 18:12:02',0,1),
(392,1,'slug','2025-08-01 18:11:52',0,1),
(392,1,'status','2025-08-01 18:12:02',0,1),
(392,1,'title','2025-08-01 18:11:52',0,1),
(394,1,'postDate','2025-08-01 18:12:14',0,1),
(394,1,'slug','2025-08-01 18:12:07',0,1),
(394,1,'status','2025-08-01 18:12:14',0,1),
(394,1,'title','2025-08-01 18:12:07',0,1),
(396,1,'postDate','2025-08-01 18:12:26',0,1),
(396,1,'slug','2025-08-01 18:12:18',0,1),
(396,1,'status','2025-08-01 18:12:26',0,1),
(396,1,'title','2025-08-01 18:12:18',0,1),
(398,1,'postDate','2025-08-01 18:12:34',0,1),
(398,1,'slug','2025-08-01 18:12:27',0,1),
(398,1,'status','2025-08-01 18:12:34',0,1),
(398,1,'title','2025-08-01 18:12:27',0,1),
(400,1,'postDate','2025-08-01 18:12:57',0,1),
(400,1,'slug','2025-08-01 18:12:49',0,1),
(400,1,'title','2025-08-01 18:12:49',0,1),
(402,1,'postDate','2025-08-01 18:13:07',0,1),
(402,1,'slug','2025-08-01 18:13:00',0,1),
(402,1,'status','2025-08-01 18:13:07',0,1),
(402,1,'title','2025-08-01 18:13:00',0,1),
(404,1,'postDate','2025-08-01 18:13:20',0,1),
(404,1,'slug','2025-08-01 18:13:10',0,1),
(404,1,'status','2025-08-01 18:13:20',0,1),
(404,1,'title','2025-08-01 18:13:10',0,1),
(406,1,'postDate','2025-08-01 18:13:33',0,1),
(406,1,'slug','2025-08-01 18:13:23',0,1),
(406,1,'status','2025-08-01 18:13:33',0,1),
(406,1,'title','2025-08-01 18:13:23',0,1),
(408,1,'postDate','2025-08-01 18:13:42',0,1),
(408,1,'slug','2025-08-01 18:13:35',0,1),
(408,1,'status','2025-08-01 18:13:42',0,1),
(408,1,'title','2025-08-01 18:13:35',0,1),
(410,1,'postDate','2025-08-01 18:13:53',0,1),
(410,1,'slug','2025-08-01 18:13:47',0,1),
(410,1,'status','2025-08-01 18:13:53',0,1),
(410,1,'title','2025-08-01 18:13:47',0,1),
(412,1,'postDate','2025-08-01 18:14:03',0,1),
(412,1,'slug','2025-08-01 18:13:56',0,1),
(412,1,'status','2025-08-01 18:14:03',0,1),
(412,1,'title','2025-08-01 18:13:56',0,1),
(414,1,'postDate','2025-08-01 18:14:13',0,1),
(414,1,'slug','2025-08-01 18:14:08',0,1),
(414,1,'status','2025-08-01 18:14:13',0,1),
(414,1,'title','2025-08-01 18:14:08',0,1),
(445,1,'primaryOwnerId','2025-09-03 22:27:30',0,1),
(453,1,'postDate','2025-08-20 21:57:20',0,1),
(453,1,'slug','2025-08-20 21:57:14',0,1),
(453,1,'title','2025-08-20 21:57:14',0,1),
(455,1,'postDate','2025-08-20 21:57:32',0,1),
(455,1,'slug','2025-08-20 21:57:26',0,1),
(455,1,'title','2025-08-20 21:57:26',0,1),
(457,1,'postDate','2025-08-20 21:58:42',0,1),
(457,1,'slug','2025-08-20 21:58:36',0,1),
(457,1,'title','2025-08-20 21:58:36',0,1),
(459,1,'postDate','2025-08-20 21:58:54',0,1),
(459,1,'slug','2025-08-20 21:58:48',0,1),
(459,1,'title','2025-08-20 21:58:48',0,1),
(461,1,'postDate','2025-08-20 21:59:06',0,1),
(461,1,'slug','2025-08-20 21:59:02',0,1),
(461,1,'title','2025-08-20 21:59:02',0,1),
(463,1,'postDate','2025-08-20 21:59:15',0,1),
(463,1,'slug','2025-08-20 21:59:11',0,1),
(463,1,'title','2025-08-20 21:59:11',0,1),
(465,1,'postDate','2025-08-20 21:59:33',0,1),
(465,1,'slug','2025-08-20 21:59:31',0,1),
(465,1,'title','2025-08-20 21:59:31',0,1),
(467,1,'postDate','2025-08-20 21:59:45',0,1),
(467,1,'slug','2025-08-20 21:59:43',0,1),
(467,1,'title','2025-08-20 21:59:43',0,1),
(469,1,'postDate','2025-08-20 22:00:03',0,1),
(469,1,'slug','2025-08-20 21:59:57',0,1),
(469,1,'title','2025-08-20 21:59:57',0,1),
(471,1,'postDate','2025-08-20 22:00:11',0,1),
(471,1,'slug','2025-08-20 22:00:07',0,1),
(471,1,'status','2025-08-20 22:00:11',0,1),
(471,1,'title','2025-08-20 22:00:07',0,1),
(473,1,'postDate','2025-08-20 22:00:22',0,1),
(473,1,'slug','2025-08-20 22:00:20',0,1),
(473,1,'status','2025-08-20 22:00:22',0,1),
(473,1,'title','2025-08-20 22:00:20',0,1),
(475,1,'postDate','2025-08-20 22:00:38',0,1),
(475,1,'slug','2025-08-20 22:00:32',0,1),
(475,1,'title','2025-08-20 22:00:32',0,1),
(477,1,'postDate','2025-08-20 22:00:46',0,1),
(477,1,'slug','2025-08-20 22:00:45',0,1),
(477,1,'title','2025-08-20 22:00:45',0,1),
(479,1,'postDate','2025-08-20 22:00:59',0,1),
(479,1,'slug','2025-08-20 22:00:55',0,1),
(479,1,'title','2025-08-20 22:00:55',0,1),
(481,1,'postDate','2025-08-20 22:01:08',0,1),
(481,1,'slug','2025-08-20 22:01:03',0,1),
(481,1,'title','2025-08-20 22:01:03',0,1),
(483,1,'postDate','2025-08-20 22:01:17',0,1),
(483,1,'slug','2025-08-20 22:01:13',0,1),
(483,1,'title','2025-08-20 22:01:13',0,1),
(485,1,'postDate','2025-08-20 22:01:30',0,1),
(485,1,'slug','2025-08-20 22:01:23',0,1),
(485,1,'title','2025-08-20 22:01:23',0,1),
(487,1,'postDate','2025-08-20 22:02:03',0,1),
(487,1,'slug','2025-08-20 22:02:00',0,1),
(487,1,'title','2025-08-20 22:02:00',0,1),
(489,1,'postDate','2025-08-20 22:02:13',0,1),
(489,1,'slug','2025-08-20 22:02:09',0,1),
(489,1,'title','2025-08-20 22:02:09',0,1),
(491,1,'postDate','2025-08-20 22:02:19',0,1),
(491,1,'slug','2025-08-20 22:02:19',0,1),
(491,1,'status','2025-08-20 22:02:19',0,1),
(491,1,'title','2025-08-20 22:02:19',0,1),
(493,1,'postDate','2025-08-20 22:02:28',0,1),
(493,1,'slug','2025-08-20 22:02:28',0,1),
(493,1,'title','2025-08-20 22:02:28',0,1),
(495,1,'postDate','2025-08-20 22:02:34',0,1),
(495,1,'slug','2025-08-20 22:02:33',0,1),
(495,1,'status','2025-08-20 22:02:34',0,1),
(495,1,'title','2025-08-20 22:02:33',0,1),
(497,1,'postDate','2025-08-20 22:02:59',0,1),
(497,1,'slug','2025-08-20 22:02:53',0,1),
(497,1,'title','2025-08-20 22:02:53',0,1),
(499,1,'postDate','2025-08-20 22:12:23',0,1),
(499,1,'slug','2025-08-20 22:12:22',0,1),
(499,1,'title','2025-08-20 22:12:22',0,1),
(501,1,'postDate','2025-08-20 22:12:28',0,1),
(501,1,'slug','2025-08-20 22:12:28',0,1),
(501,1,'status','2025-08-20 22:12:28',0,1),
(501,1,'title','2025-08-20 22:12:28',0,1),
(503,1,'postDate','2025-08-20 22:12:34',0,1),
(503,1,'slug','2025-08-20 22:12:33',0,1),
(503,1,'title','2025-08-20 22:12:33',0,1),
(506,1,'postDate','2025-08-20 22:12:50',0,1),
(506,1,'slug','2025-08-20 22:12:50',0,1),
(506,1,'title','2025-08-20 22:12:50',0,1),
(508,1,'postDate','2025-08-20 22:12:54',0,1),
(508,1,'slug','2025-08-20 22:12:54',0,1),
(508,1,'status','2025-08-20 22:12:54',0,1),
(508,1,'title','2025-08-20 22:12:54',0,1),
(510,1,'postDate','2025-08-20 22:12:57',0,1),
(510,1,'slug','2025-08-20 22:12:57',0,1),
(510,1,'status','2025-08-20 22:12:57',0,1),
(510,1,'title','2025-08-20 22:12:57',0,1),
(512,1,'postDate','2025-08-20 22:13:01',0,1),
(512,1,'slug','2025-08-20 22:13:00',0,1),
(512,1,'status','2025-08-20 22:13:01',0,1),
(512,1,'title','2025-08-20 22:13:00',0,1),
(514,1,'postDate','2025-08-20 22:13:04',0,1),
(514,1,'slug','2025-08-20 22:13:04',0,1),
(514,1,'status','2025-08-20 22:13:04',0,1),
(514,1,'title','2025-08-20 22:13:04',0,1),
(516,1,'postDate','2025-08-20 22:13:07',0,1),
(516,1,'slug','2025-08-20 22:13:07',0,1),
(516,1,'status','2025-08-20 22:13:07',0,1),
(516,1,'title','2025-08-20 22:13:07',0,1),
(518,1,'postDate','2025-08-20 22:13:10',0,1),
(518,1,'slug','2025-08-20 22:13:10',0,1),
(518,1,'status','2025-08-20 22:13:10',0,1),
(518,1,'title','2025-08-20 22:13:10',0,1),
(520,1,'postDate','2025-08-20 22:13:13',0,1),
(520,1,'slug','2025-08-20 22:13:12',0,1),
(520,1,'status','2025-08-20 22:13:13',0,1),
(520,1,'title','2025-08-20 22:13:12',0,1),
(522,1,'postDate','2025-08-20 22:13:15',0,1),
(522,1,'slug','2025-08-20 22:13:15',0,1),
(522,1,'status','2025-08-20 22:13:15',0,1),
(522,1,'title','2025-08-20 22:13:15',0,1),
(524,1,'postDate','2025-08-20 22:13:18',0,1),
(524,1,'slug','2025-08-20 22:13:18',0,1),
(524,1,'status','2025-08-20 22:13:18',0,1),
(524,1,'title','2025-08-20 22:13:18',0,1),
(530,1,'postDate','2025-08-20 22:17:46',0,1),
(530,1,'slug','2025-08-20 22:17:46',0,1),
(530,1,'title','2025-08-20 22:17:46',0,1),
(532,1,'postDate','2025-08-20 22:18:02',0,1),
(532,1,'slug','2025-08-20 22:18:02',0,1),
(532,1,'title','2025-08-20 22:18:02',0,1),
(534,1,'postDate','2025-08-20 22:18:21',0,1),
(534,1,'slug','2025-08-20 22:18:21',0,1),
(534,1,'title','2025-08-20 22:18:29',0,1),
(555,1,'postDate','2025-09-02 22:24:46',0,1),
(555,1,'slug','2025-09-02 22:24:46',0,1),
(555,1,'title','2025-09-02 22:24:41',0,1),
(557,1,'postDate','2025-09-02 22:24:52',0,1),
(557,1,'slug','2025-09-02 22:24:52',0,1),
(557,1,'status','2025-09-02 22:24:52',0,1),
(557,1,'title','2025-09-02 22:24:51',0,1),
(559,1,'postDate','2025-09-02 22:24:59',0,1),
(559,1,'slug','2025-09-02 22:24:59',0,1),
(559,1,'status','2025-09-02 22:24:59',0,1),
(559,1,'title','2025-09-02 22:24:59',0,1),
(561,1,'postDate','2025-09-02 22:25:02',0,1),
(561,1,'slug','2025-09-02 22:25:02',0,1),
(561,1,'status','2025-09-02 22:25:02',0,1),
(561,1,'title','2025-09-02 22:25:02',0,1),
(563,1,'postDate','2025-09-02 22:25:06',0,1),
(563,1,'slug','2025-09-02 22:25:06',0,1),
(563,1,'status','2025-09-02 22:25:06',0,1),
(563,1,'title','2025-09-02 22:25:06',0,1),
(601,1,'postDate','2025-09-03 21:48:33',0,1),
(601,1,'slug','2025-09-03 21:48:33',0,1),
(601,1,'title','2025-09-03 21:49:20',0,1),
(603,1,'postDate','2025-09-03 21:48:45',0,1),
(603,1,'slug','2025-09-03 21:48:45',0,1),
(603,1,'status','2025-09-03 21:48:45',0,1),
(603,1,'title','2025-09-03 21:48:44',0,1),
(605,1,'postDate','2025-09-03 21:48:52',0,1),
(605,1,'slug','2025-09-03 21:48:52',0,1),
(605,1,'title','2025-09-03 21:58:30',0,1),
(617,1,'postDate','2025-09-03 21:56:47',0,1),
(617,1,'slug','2025-09-03 21:56:47',0,1),
(617,1,'status','2025-09-03 21:56:47',0,1),
(617,1,'title','2025-09-03 21:57:10',0,1);
commit;

--
-- Dumping data for table `changedfields`
--

set autocommit=0;
INSERT INTO `changedfields` VALUES
(2,1,1,'075f1904-e0fc-49c8-9cfb-6990ae779dec','2025-09-11 18:48:35',0,1),
(2,1,2,'762be5f6-1f41-4b1a-a99f-0b59fb0cdddb','2025-09-11 18:48:35',0,1),
(2,1,3,'0d6389a7-9cd0-496d-96dd-72ebf02f7bbb','2025-09-11 18:48:35',0,1),
(2,1,4,'3b262689-7127-4814-bab5-a1972e0869d4','2025-09-11 18:48:35',0,1),
(2,1,5,'b2903903-6010-4012-bc8c-c8c21f059638','2025-04-18 18:32:48',0,1),
(2,1,6,'85dc9325-7c30-405d-9715-22e9294f7735','2025-04-18 17:33:58',0,1),
(2,1,7,'482ad396-5443-4761-a410-c644d0217e5a','2025-09-11 18:48:35',0,1),
(2,1,8,'20f5fa3c-80d5-481b-862d-599d54f0fd29','2025-04-18 17:33:58',0,1),
(2,1,9,'ab57cfd4-5e19-423b-b570-4e770a56e436','2025-09-11 18:48:35',0,1),
(2,1,10,'7ed7a1dc-2e02-42e1-9349-7e518fe2a973','2025-09-11 18:48:35',0,1),
(2,1,11,'d26c0574-65df-44ac-815a-723f6a2599ad','2025-04-18 18:17:53',0,1),
(2,1,12,'688e0d64-8999-47be-a427-f9e9c6e1789e','2025-09-11 18:48:35',0,1),
(2,1,13,'92b514e7-6c85-40f3-9885-4ed4138887ea','2025-09-11 18:48:35',0,1),
(2,1,14,'702dab28-10e4-44a1-9271-72e0eda7fa6e','2025-04-18 17:33:58',0,1),
(2,1,15,'559340ef-728e-4935-84cc-443bd407f901','2025-09-11 18:48:35',0,1),
(2,1,16,'10d5be16-947c-4646-b2d0-3619f2760ace','2025-09-11 18:48:35',0,1),
(2,1,16,'7270a303-7119-43a8-b9bb-8360964189de','2025-04-18 18:45:07',0,1),
(2,1,17,'2bdc1e0d-4fd6-448b-b82c-71a75241bd23','2025-04-18 18:28:56',0,1),
(2,1,19,'0783e761-d312-48eb-a4f3-02333736ad99','2025-04-18 18:29:57',0,1),
(2,1,31,'31a45631-ecd4-4327-aca7-18b9d213bb16','2025-09-11 18:48:35',0,1),
(2,1,32,'0be5b641-0a34-4d93-8816-9a4b1ad24ffd','2025-09-11 18:48:35',0,1),
(2,1,33,'cced3c80-6988-403a-9b5a-14455350e923','2025-09-11 18:48:35',0,1),
(2,1,41,'7a0d2797-bfc8-4d68-b107-61c1dd081ea0','2025-09-11 18:48:35',0,1),
(2,1,42,'19b0086c-bc10-46cc-9f45-ffc5746e8681','2025-09-11 18:48:35',0,1),
(2,1,44,'2c726802-f189-49e5-935d-af3557619590','2025-09-11 18:48:35',0,1),
(2,1,46,'f352e58c-d152-4a45-9615-d0526b009523','2025-09-11 18:48:35',0,1),
(2,1,47,'a8f7b1eb-08e8-44fa-9777-c9a0daa85c5f','2025-09-11 18:48:35',0,1),
(2,1,48,'403d1895-f32e-4164-8084-b11fdea310cb','2025-09-11 18:48:35',0,1),
(2,1,49,'5e40a449-23c9-418a-a0d6-36ff8f57583d','2025-09-11 18:48:35',0,1),
(2,1,50,'8e701860-42c4-437f-a61c-a48f2ecf1b99','2025-09-11 18:48:35',0,1),
(2,1,55,'5b9eeabd-1ace-4610-b19d-ef257949824b','2025-09-11 18:48:35',0,1),
(2,1,56,'1183c802-1c51-4571-b5c9-c327cf3a5eab','2025-09-11 18:48:35',0,1),
(2,1,57,'9a83aaf9-b86b-4272-88b0-1a3cd8eec119','2025-09-11 18:48:35',0,1),
(2,1,59,'0d799588-2604-4e16-86f6-6ee8c522fe72','2025-09-11 18:48:35',0,1),
(18,1,29,'a7b99092-005a-4069-87ab-f34eea7da598','2025-04-18 18:06:46',0,1),
(20,1,29,'a7b99092-005a-4069-87ab-f34eea7da598','2025-04-18 18:06:58',0,1),
(22,1,29,'a7b99092-005a-4069-87ab-f34eea7da598','2025-04-18 18:07:05',0,1),
(24,1,29,'a7b99092-005a-4069-87ab-f34eea7da598','2025-04-18 18:07:29',0,1),
(26,1,29,'a7b99092-005a-4069-87ab-f34eea7da598','2025-04-18 18:07:37',0,1),
(28,1,29,'a7b99092-005a-4069-87ab-f34eea7da598','2025-04-18 18:07:43',0,1),
(30,1,29,'a7b99092-005a-4069-87ab-f34eea7da598','2025-04-18 18:07:48',0,1),
(32,1,29,'a7b99092-005a-4069-87ab-f34eea7da598','2025-04-18 18:07:53',0,1),
(34,1,29,'a7b99092-005a-4069-87ab-f34eea7da598','2025-04-18 18:08:00',0,1),
(36,1,29,'a7b99092-005a-4069-87ab-f34eea7da598','2025-04-18 18:08:04',0,1),
(36,1,45,'a2de05eb-1437-41e9-bc0a-6f2defdc0d4e','2025-08-20 21:57:06',0,1),
(44,1,21,'579071f5-918a-4d7a-8c5b-98905ecbe548','2025-08-20 21:24:25',0,1),
(44,1,22,'50d484f9-ea00-4870-8b7a-a1c7400f42ab','2025-09-03 22:27:30',0,1),
(44,1,43,'6859b0cf-ccd8-409d-84f9-b76fcac3eda0','2025-08-20 21:24:25',0,1),
(56,1,23,'ffdd5871-4e4c-4e46-88b5-06b52502357e','2025-09-03 21:05:58',0,1),
(56,1,24,'1e69e1f4-c7b2-4468-8668-aa722b6f7163','2025-09-03 21:05:58',0,1),
(57,1,23,'ffdd5871-4e4c-4e46-88b5-06b52502357e','2025-09-03 21:05:58',0,1),
(57,1,24,'1e69e1f4-c7b2-4468-8668-aa722b6f7163','2025-09-03 21:05:58',0,1),
(63,1,23,'ffdd5871-4e4c-4e46-88b5-06b52502357e','2025-09-03 21:08:08',0,1),
(63,1,24,'1e69e1f4-c7b2-4468-8668-aa722b6f7163','2025-09-03 21:05:58',0,1),
(111,1,30,'af4c29fe-7284-4a39-93a8-6ee23005762f','2025-04-18 18:38:37',0,1),
(113,1,30,'af4c29fe-7284-4a39-93a8-6ee23005762f','2025-04-18 18:38:45',0,1),
(115,1,30,'af4c29fe-7284-4a39-93a8-6ee23005762f','2025-04-18 18:38:50',0,1),
(117,1,30,'af4c29fe-7284-4a39-93a8-6ee23005762f','2025-04-18 18:38:55',0,1),
(119,1,30,'af4c29fe-7284-4a39-93a8-6ee23005762f','2025-04-18 18:39:00',0,1),
(121,1,30,'af4c29fe-7284-4a39-93a8-6ee23005762f','2025-04-18 18:39:04',0,1),
(283,1,34,'bd5a1d46-6844-4735-ad59-9d17e566aa16','2025-07-30 21:07:17',0,1),
(283,1,35,'6507c83d-4852-4bbd-9fee-2e10673e660b','2025-07-30 21:07:24',0,1),
(283,1,36,'909d57b4-6b9f-42fb-8e21-bd64fb6371e6','2025-07-30 21:07:13',0,1),
(283,1,37,'aceb4af7-e092-4894-a59a-eafca28db8e2','2025-07-30 22:48:02',0,1),
(283,1,38,'3bd7f129-28a9-4a77-8dac-a592f11fdf61','2025-07-30 21:07:13',0,1),
(288,1,34,'bd5a1d46-6844-4735-ad59-9d17e566aa16','2025-07-30 22:58:03',0,1),
(290,1,34,'bd5a1d46-6844-4735-ad59-9d17e566aa16','2025-07-30 22:58:06',0,1),
(292,1,34,'bd5a1d46-6844-4735-ad59-9d17e566aa16','2025-07-30 22:58:10',0,1),
(294,1,38,'3bd7f129-28a9-4a77-8dac-a592f11fdf61','2025-09-05 20:01:55',0,1),
(325,1,39,'77b43f80-b3db-4c4a-a697-e7337b02c937','2025-08-01 18:06:11',0,1),
(325,1,40,'ba4b9e07-f61a-405f-8896-aa42437b9c53','2025-08-01 18:06:11',0,1),
(348,1,39,'77b43f80-b3db-4c4a-a697-e7337b02c937','2025-08-01 18:06:20',0,1),
(348,1,40,'ba4b9e07-f61a-405f-8896-aa42437b9c53','2025-08-01 18:06:20',0,1),
(350,1,39,'77b43f80-b3db-4c4a-a697-e7337b02c937','2025-08-01 18:06:39',0,1),
(350,1,40,'ba4b9e07-f61a-405f-8896-aa42437b9c53','2025-08-01 18:06:40',0,1),
(352,1,39,'77b43f80-b3db-4c4a-a697-e7337b02c937','2025-08-01 18:07:24',0,1),
(352,1,40,'ba4b9e07-f61a-405f-8896-aa42437b9c53','2025-08-01 18:07:20',0,1),
(354,1,39,'77b43f80-b3db-4c4a-a697-e7337b02c937','2025-08-01 18:07:34',0,1),
(354,1,40,'ba4b9e07-f61a-405f-8896-aa42437b9c53','2025-08-01 18:07:30',0,1),
(356,1,39,'77b43f80-b3db-4c4a-a697-e7337b02c937','2025-08-01 18:07:46',0,1),
(356,1,40,'ba4b9e07-f61a-405f-8896-aa42437b9c53','2025-08-01 18:07:43',0,1),
(358,1,39,'77b43f80-b3db-4c4a-a697-e7337b02c937','2025-08-01 18:07:57',0,1),
(358,1,40,'ba4b9e07-f61a-405f-8896-aa42437b9c53','2025-08-01 18:07:54',0,1),
(360,1,39,'77b43f80-b3db-4c4a-a697-e7337b02c937','2025-08-01 18:08:07',0,1),
(360,1,40,'ba4b9e07-f61a-405f-8896-aa42437b9c53','2025-08-01 18:08:05',0,1),
(362,1,39,'77b43f80-b3db-4c4a-a697-e7337b02c937','2025-08-01 18:08:17',0,1),
(362,1,40,'ba4b9e07-f61a-405f-8896-aa42437b9c53','2025-08-01 18:08:15',0,1),
(364,1,39,'77b43f80-b3db-4c4a-a697-e7337b02c937','2025-08-01 18:08:28',0,1),
(364,1,40,'ba4b9e07-f61a-405f-8896-aa42437b9c53','2025-08-01 18:08:27',0,1),
(366,1,39,'77b43f80-b3db-4c4a-a697-e7337b02c937','2025-08-01 18:09:00',0,1),
(366,1,40,'ba4b9e07-f61a-405f-8896-aa42437b9c53','2025-08-01 18:08:55',0,1),
(368,1,39,'77b43f80-b3db-4c4a-a697-e7337b02c937','2025-08-01 18:09:11',0,1),
(368,1,40,'ba4b9e07-f61a-405f-8896-aa42437b9c53','2025-08-01 18:09:07',0,1),
(370,1,39,'77b43f80-b3db-4c4a-a697-e7337b02c937','2025-08-01 18:09:32',0,1),
(370,1,40,'ba4b9e07-f61a-405f-8896-aa42437b9c53','2025-08-01 18:09:20',0,1),
(372,1,39,'77b43f80-b3db-4c4a-a697-e7337b02c937','2025-08-01 18:09:44',0,1),
(372,1,40,'ba4b9e07-f61a-405f-8896-aa42437b9c53','2025-08-01 18:09:41',0,1),
(374,1,39,'77b43f80-b3db-4c4a-a697-e7337b02c937','2025-08-01 18:09:56',0,1),
(374,1,40,'ba4b9e07-f61a-405f-8896-aa42437b9c53','2025-08-01 18:09:52',0,1),
(376,1,39,'77b43f80-b3db-4c4a-a697-e7337b02c937','2025-08-01 18:10:07',0,1),
(376,1,40,'ba4b9e07-f61a-405f-8896-aa42437b9c53','2025-08-01 18:10:05',0,1),
(378,1,39,'77b43f80-b3db-4c4a-a697-e7337b02c937','2025-08-01 18:10:17',0,1),
(378,1,40,'ba4b9e07-f61a-405f-8896-aa42437b9c53','2025-08-01 18:10:15',0,1),
(380,1,39,'77b43f80-b3db-4c4a-a697-e7337b02c937','2025-08-01 18:10:23',0,1),
(380,1,40,'ba4b9e07-f61a-405f-8896-aa42437b9c53','2025-08-01 18:10:27',0,1),
(382,1,39,'77b43f80-b3db-4c4a-a697-e7337b02c937','2025-08-01 18:10:52',0,1),
(382,1,40,'ba4b9e07-f61a-405f-8896-aa42437b9c53','2025-08-01 18:10:50',0,1),
(384,1,39,'77b43f80-b3db-4c4a-a697-e7337b02c937','2025-08-01 18:11:03',0,1),
(384,1,40,'ba4b9e07-f61a-405f-8896-aa42437b9c53','2025-08-01 18:11:01',0,1),
(386,1,39,'77b43f80-b3db-4c4a-a697-e7337b02c937','2025-08-01 18:11:16',0,1),
(386,1,40,'ba4b9e07-f61a-405f-8896-aa42437b9c53','2025-08-01 18:11:08',0,1),
(388,1,39,'77b43f80-b3db-4c4a-a697-e7337b02c937','2025-08-01 18:11:27',0,1),
(388,1,40,'ba4b9e07-f61a-405f-8896-aa42437b9c53','2025-08-01 18:11:26',0,1),
(390,1,39,'77b43f80-b3db-4c4a-a697-e7337b02c937','2025-08-01 18:11:47',0,1),
(390,1,40,'ba4b9e07-f61a-405f-8896-aa42437b9c53','2025-08-01 18:11:43',0,1),
(392,1,39,'77b43f80-b3db-4c4a-a697-e7337b02c937','2025-08-01 18:12:01',0,1),
(392,1,40,'ba4b9e07-f61a-405f-8896-aa42437b9c53','2025-08-01 18:11:55',0,1),
(394,1,39,'77b43f80-b3db-4c4a-a697-e7337b02c937','2025-08-01 18:12:13',0,1),
(394,1,40,'ba4b9e07-f61a-405f-8896-aa42437b9c53','2025-08-01 18:12:10',0,1),
(396,1,39,'77b43f80-b3db-4c4a-a697-e7337b02c937','2025-08-01 18:12:23',0,1),
(396,1,40,'ba4b9e07-f61a-405f-8896-aa42437b9c53','2025-08-01 18:12:21',0,1),
(398,1,39,'77b43f80-b3db-4c4a-a697-e7337b02c937','2025-08-01 18:12:31',0,1),
(398,1,40,'ba4b9e07-f61a-405f-8896-aa42437b9c53','2025-08-01 18:12:33',0,1),
(400,1,39,'77b43f80-b3db-4c4a-a697-e7337b02c937','2025-08-01 18:12:56',0,1),
(400,1,40,'ba4b9e07-f61a-405f-8896-aa42437b9c53','2025-08-01 18:12:53',0,1),
(402,1,39,'77b43f80-b3db-4c4a-a697-e7337b02c937','2025-08-01 18:13:06',0,1),
(402,1,40,'ba4b9e07-f61a-405f-8896-aa42437b9c53','2025-08-01 18:13:03',0,1),
(404,1,39,'77b43f80-b3db-4c4a-a697-e7337b02c937','2025-08-01 18:13:19',0,1),
(404,1,40,'ba4b9e07-f61a-405f-8896-aa42437b9c53','2025-08-01 18:13:13',0,1),
(406,1,39,'77b43f80-b3db-4c4a-a697-e7337b02c937','2025-08-01 18:13:30',0,1),
(406,1,40,'ba4b9e07-f61a-405f-8896-aa42437b9c53','2025-08-01 18:13:26',0,1),
(408,1,39,'77b43f80-b3db-4c4a-a697-e7337b02c937','2025-08-01 18:13:42',0,1),
(408,1,40,'ba4b9e07-f61a-405f-8896-aa42437b9c53','2025-08-01 18:13:37',0,1),
(410,1,39,'77b43f80-b3db-4c4a-a697-e7337b02c937','2025-08-01 18:13:52',0,1),
(410,1,40,'ba4b9e07-f61a-405f-8896-aa42437b9c53','2025-08-01 18:13:49',0,1),
(412,1,39,'77b43f80-b3db-4c4a-a697-e7337b02c937','2025-08-01 18:14:03',0,1),
(412,1,40,'ba4b9e07-f61a-405f-8896-aa42437b9c53','2025-08-01 18:13:59',0,1),
(414,1,39,'77b43f80-b3db-4c4a-a697-e7337b02c937','2025-08-01 18:14:11',0,1),
(414,1,40,'ba4b9e07-f61a-405f-8896-aa42437b9c53','2025-08-01 18:14:09',0,1),
(445,1,22,'50d484f9-ea00-4870-8b7a-a1c7400f42ab','2025-09-03 22:27:30',0,1),
(453,1,45,'a2de05eb-1437-41e9-bc0a-6f2defdc0d4e','2025-08-20 21:57:20',0,1),
(455,1,45,'a2de05eb-1437-41e9-bc0a-6f2defdc0d4e','2025-08-20 21:57:31',0,1),
(457,1,45,'a2de05eb-1437-41e9-bc0a-6f2defdc0d4e','2025-08-20 21:58:41',0,1),
(459,1,45,'a2de05eb-1437-41e9-bc0a-6f2defdc0d4e','2025-08-20 21:58:54',0,1),
(461,1,45,'a2de05eb-1437-41e9-bc0a-6f2defdc0d4e','2025-08-20 21:59:06',0,1),
(463,1,45,'a2de05eb-1437-41e9-bc0a-6f2defdc0d4e','2025-08-20 21:59:14',0,1),
(465,1,45,'a2de05eb-1437-41e9-bc0a-6f2defdc0d4e','2025-08-20 21:59:33',0,1),
(467,1,45,'a2de05eb-1437-41e9-bc0a-6f2defdc0d4e','2025-08-20 21:59:43',0,1),
(469,1,45,'a2de05eb-1437-41e9-bc0a-6f2defdc0d4e','2025-08-20 22:00:03',0,1),
(471,1,45,'a2de05eb-1437-41e9-bc0a-6f2defdc0d4e','2025-08-20 22:00:11',0,1),
(473,1,45,'a2de05eb-1437-41e9-bc0a-6f2defdc0d4e','2025-08-20 22:00:22',0,1),
(475,1,45,'a2de05eb-1437-41e9-bc0a-6f2defdc0d4e','2025-08-20 22:00:38',0,1),
(477,1,45,'a2de05eb-1437-41e9-bc0a-6f2defdc0d4e','2025-08-20 22:00:46',0,1),
(479,1,45,'a2de05eb-1437-41e9-bc0a-6f2defdc0d4e','2025-08-20 22:00:59',0,1),
(481,1,45,'a2de05eb-1437-41e9-bc0a-6f2defdc0d4e','2025-08-20 22:01:06',0,1),
(483,1,45,'a2de05eb-1437-41e9-bc0a-6f2defdc0d4e','2025-08-20 22:01:17',0,1),
(485,1,45,'a2de05eb-1437-41e9-bc0a-6f2defdc0d4e','2025-08-20 22:01:28',0,1),
(487,1,45,'a2de05eb-1437-41e9-bc0a-6f2defdc0d4e','2025-08-20 22:02:03',0,1),
(489,1,45,'a2de05eb-1437-41e9-bc0a-6f2defdc0d4e','2025-08-20 22:02:13',0,1),
(491,1,45,'a2de05eb-1437-41e9-bc0a-6f2defdc0d4e','2025-08-20 22:02:19',0,1),
(493,1,45,'a2de05eb-1437-41e9-bc0a-6f2defdc0d4e','2025-08-20 22:02:28',0,1),
(495,1,45,'a2de05eb-1437-41e9-bc0a-6f2defdc0d4e','2025-08-20 22:02:33',0,1),
(497,1,45,'a2de05eb-1437-41e9-bc0a-6f2defdc0d4e','2025-08-20 22:02:59',0,1),
(555,1,30,'af4c29fe-7284-4a39-93a8-6ee23005762f','2025-09-02 22:24:44',0,1),
(557,1,30,'af4c29fe-7284-4a39-93a8-6ee23005762f','2025-09-02 22:24:51',0,1),
(559,1,30,'af4c29fe-7284-4a39-93a8-6ee23005762f','2025-09-02 22:24:59',0,1),
(561,1,30,'af4c29fe-7284-4a39-93a8-6ee23005762f','2025-09-02 22:25:02',0,1),
(563,1,30,'af4c29fe-7284-4a39-93a8-6ee23005762f','2025-09-02 22:25:06',0,1),
(601,1,27,'71d07053-43eb-40fe-8f9e-ad7480cc3193','2025-09-03 21:49:20',0,1),
(601,1,58,'5e076972-0a7c-4184-8570-4b3688ebe3d8','2025-09-03 21:56:43',0,1),
(603,1,27,'71d07053-43eb-40fe-8f9e-ad7480cc3193','2025-09-03 21:48:44',0,1),
(605,1,27,'71d07053-43eb-40fe-8f9e-ad7480cc3193','2025-09-03 21:58:30',0,1),
(605,1,58,'5e076972-0a7c-4184-8570-4b3688ebe3d8','2025-09-03 21:58:30',0,1),
(617,1,27,'71d07053-43eb-40fe-8f9e-ad7480cc3193','2025-09-03 21:57:10',0,1),
(617,1,58,'5e076972-0a7c-4184-8570-4b3688ebe3d8','2025-09-03 21:56:46',0,1),
(936,1,2,'762be5f6-1f41-4b1a-a99f-0b59fb0cdddb','2025-09-11 18:43:48',0,1),
(1177,1,1,'075f1904-e0fc-49c8-9cfb-6990ae779dec','2025-09-11 18:48:37',0,1),
(1177,1,2,'762be5f6-1f41-4b1a-a99f-0b59fb0cdddb','2025-09-11 18:48:37',0,1),
(1177,1,3,'0d6389a7-9cd0-496d-96dd-72ebf02f7bbb','2025-09-11 18:48:37',0,1),
(1177,1,4,'3b262689-7127-4814-bab5-a1972e0869d4','2025-09-11 18:48:37',0,1),
(1177,1,7,'482ad396-5443-4761-a410-c644d0217e5a','2025-09-11 18:48:37',0,1),
(1177,1,9,'ab57cfd4-5e19-423b-b570-4e770a56e436','2025-09-11 18:48:37',0,1),
(1177,1,10,'7ed7a1dc-2e02-42e1-9349-7e518fe2a973','2025-09-11 18:48:37',0,1),
(1177,1,12,'688e0d64-8999-47be-a427-f9e9c6e1789e','2025-09-11 18:48:37',0,1),
(1177,1,13,'92b514e7-6c85-40f3-9885-4ed4138887ea','2025-09-11 18:48:37',0,1),
(1177,1,15,'559340ef-728e-4935-84cc-443bd407f901','2025-09-11 18:48:37',0,1),
(1177,1,16,'10d5be16-947c-4646-b2d0-3619f2760ace','2025-09-11 18:48:37',0,1),
(1177,1,31,'31a45631-ecd4-4327-aca7-18b9d213bb16','2025-09-11 18:48:37',0,1),
(1177,1,32,'0be5b641-0a34-4d93-8816-9a4b1ad24ffd','2025-09-11 18:48:37',0,1),
(1177,1,33,'cced3c80-6988-403a-9b5a-14455350e923','2025-09-11 18:48:37',0,1),
(1177,1,41,'7a0d2797-bfc8-4d68-b107-61c1dd081ea0','2025-09-11 18:48:37',0,1),
(1177,1,42,'19b0086c-bc10-46cc-9f45-ffc5746e8681','2025-09-11 18:48:37',0,1),
(1177,1,44,'2c726802-f189-49e5-935d-af3557619590','2025-09-11 18:48:37',0,1),
(1177,1,46,'f352e58c-d152-4a45-9615-d0526b009523','2025-09-11 18:48:37',0,1),
(1177,1,47,'a8f7b1eb-08e8-44fa-9777-c9a0daa85c5f','2025-09-11 18:48:37',0,1),
(1177,1,48,'403d1895-f32e-4164-8084-b11fdea310cb','2025-09-11 18:48:37',0,1),
(1177,1,49,'5e40a449-23c9-418a-a0d6-36ff8f57583d','2025-09-11 18:48:37',0,1),
(1177,1,50,'8e701860-42c4-437f-a61c-a48f2ecf1b99','2025-09-11 18:48:37',0,1),
(1177,1,55,'5b9eeabd-1ace-4610-b19d-ef257949824b','2025-09-11 18:48:37',0,1),
(1177,1,56,'1183c802-1c51-4571-b5c9-c327cf3a5eab','2025-09-11 18:48:37',0,1),
(1177,1,57,'9a83aaf9-b86b-4272-88b0-1a3cd8eec119','2025-09-11 18:48:37',0,1),
(1177,1,59,'0d799588-2604-4e16-86f6-6ee8c522fe72','2025-09-11 18:48:37',0,1),
(1485,1,2,'762be5f6-1f41-4b1a-a99f-0b59fb0cdddb','2025-09-11 18:48:44',0,1);
commit;

--
-- Dumping data for table `contentblocks`
--

set autocommit=0;
commit;
set autocommit=0;
commit;
set autocommit=0;
commit;

--
-- Dumping data for table `drafts`
--

set autocommit=0;
INSERT INTO `drafts` VALUES
(7,NULL,1,0,'First draft',NULL,0,NULL,0),
(52,NULL,1,0,'First draft',NULL,0,NULL,0),
(96,NULL,1,0,'First draft',NULL,0,NULL,0),
(137,NULL,1,0,'First draft',NULL,0,NULL,0),
(224,NULL,1,0,'First draft',NULL,0,NULL,0),
(280,NULL,1,0,'First draft',NULL,0,NULL,0),
(294,2,1,1,'Draft 1','',1,NULL,1),
(295,1165,1,1,'Draft 1','',1,NULL,1);
commit;

--
-- Dumping data for table `elementactivity`
--

set autocommit=0;
INSERT INTO `elementactivity` VALUES
(2,1,1,NULL,'edit','2025-09-11 18:43:48'),
(2,1,1,NULL,'save','2025-09-11 18:17:21'),
(18,1,1,NULL,'save','2025-04-18 18:06:50'),
(20,1,1,NULL,'save','2025-04-18 18:06:58'),
(22,1,1,NULL,'save','2025-04-18 18:07:06'),
(24,1,1,NULL,'save','2025-04-18 18:07:32'),
(26,1,1,NULL,'save','2025-04-18 18:07:37'),
(28,1,1,NULL,'save','2025-04-18 18:07:43'),
(30,1,1,NULL,'save','2025-04-18 18:07:48'),
(32,1,1,NULL,'save','2025-04-18 18:07:53'),
(34,1,1,NULL,'save','2025-04-18 18:08:00'),
(36,1,1,NULL,'edit','2025-08-20 21:57:06'),
(36,1,1,NULL,'save','2025-08-20 21:57:06'),
(44,1,1,NULL,'edit','2025-09-03 22:27:13'),
(56,1,1,NULL,'edit','2025-09-03 21:05:06'),
(57,1,1,NULL,'edit','2025-09-03 21:05:21'),
(63,1,1,NULL,'edit','2025-09-03 21:08:03'),
(63,1,1,NULL,'save','2025-09-03 21:05:57'),
(111,1,1,NULL,'save','2025-04-18 18:38:40'),
(113,1,1,NULL,'save','2025-04-18 18:38:46'),
(115,1,1,NULL,'save','2025-04-18 18:38:51'),
(117,1,1,NULL,'save','2025-04-18 18:38:56'),
(119,1,1,NULL,'save','2025-04-18 18:39:00'),
(121,1,1,NULL,'save','2025-04-18 18:39:04'),
(283,1,1,NULL,'edit','2025-07-30 22:48:01'),
(283,1,1,NULL,'save','2025-07-30 23:10:37'),
(288,1,1,NULL,'edit','2025-07-30 23:10:31'),
(288,1,1,NULL,'save','2025-07-30 23:10:31'),
(290,1,1,NULL,'edit','2025-07-30 22:58:05'),
(290,1,1,NULL,'save','2025-07-30 23:11:03'),
(292,1,1,NULL,'edit','2025-07-30 23:10:54'),
(292,1,1,NULL,'save','2025-07-30 23:10:55'),
(294,1,1,NULL,'edit','2025-09-05 20:01:25'),
(294,1,1,NULL,'save','2025-09-05 20:01:55'),
(296,1,1,NULL,'edit','2025-07-30 23:11:18'),
(296,1,1,NULL,'save','2025-07-30 23:11:31'),
(323,1,1,NULL,'save','2025-08-01 17:59:31'),
(325,1,1,NULL,'edit','2025-08-01 18:06:11'),
(325,1,1,NULL,'save','2025-08-01 18:06:11'),
(329,1,1,NULL,'save','2025-08-01 18:04:57'),
(331,1,1,NULL,'save','2025-08-01 18:05:01'),
(333,1,1,NULL,'save','2025-08-01 18:05:04'),
(335,1,1,NULL,'save','2025-08-01 18:05:08'),
(337,1,1,NULL,'save','2025-08-01 18:05:10'),
(339,1,1,NULL,'save','2025-08-01 18:05:15'),
(341,1,1,NULL,'save','2025-08-01 18:05:18'),
(343,1,1,NULL,'save','2025-08-01 18:05:21'),
(348,1,1,NULL,'save','2025-08-01 18:06:22'),
(350,1,1,NULL,'save','2025-08-01 18:06:40'),
(352,1,1,NULL,'save','2025-08-01 18:07:25'),
(354,1,1,NULL,'save','2025-08-01 18:07:35'),
(356,1,1,NULL,'save','2025-08-01 18:07:48'),
(358,1,1,NULL,'save','2025-08-01 18:07:58'),
(360,1,1,NULL,'save','2025-08-01 18:08:08'),
(362,1,1,NULL,'save','2025-08-01 18:08:17'),
(364,1,1,NULL,'save','2025-08-01 18:08:31'),
(366,1,1,NULL,'save','2025-08-01 18:09:02'),
(368,1,1,NULL,'save','2025-08-01 18:09:12'),
(370,1,1,NULL,'save','2025-08-01 18:09:33'),
(372,1,1,NULL,'save','2025-08-01 18:09:44'),
(374,1,1,NULL,'save','2025-08-01 18:10:00'),
(376,1,1,NULL,'save','2025-08-01 18:10:07'),
(378,1,1,NULL,'save','2025-08-01 18:10:18'),
(380,1,1,NULL,'save','2025-08-01 18:10:31'),
(382,1,1,NULL,'save','2025-08-01 18:10:53'),
(384,1,1,NULL,'save','2025-08-01 18:11:04'),
(386,1,1,NULL,'save','2025-08-01 18:11:17'),
(388,1,1,NULL,'save','2025-08-01 18:11:31'),
(390,1,1,NULL,'save','2025-08-01 18:11:48'),
(392,1,1,NULL,'save','2025-08-01 18:12:02'),
(394,1,1,NULL,'save','2025-08-01 18:12:14'),
(396,1,1,NULL,'save','2025-08-01 18:12:26'),
(398,1,1,NULL,'save','2025-08-01 18:12:34'),
(400,1,1,NULL,'save','2025-08-01 18:12:57'),
(402,1,1,NULL,'save','2025-08-01 18:13:07'),
(404,1,1,NULL,'save','2025-08-01 18:13:20'),
(406,1,1,NULL,'save','2025-08-01 18:13:33'),
(408,1,1,NULL,'save','2025-08-01 18:13:42'),
(410,1,1,NULL,'save','2025-08-01 18:13:53'),
(412,1,1,NULL,'save','2025-08-01 18:14:03'),
(414,1,1,NULL,'save','2025-08-01 18:14:13'),
(445,1,1,NULL,'edit','2025-09-03 22:27:27'),
(453,1,1,NULL,'save','2025-08-20 21:57:20'),
(455,1,1,NULL,'save','2025-08-20 21:57:32'),
(457,1,1,NULL,'save','2025-08-20 21:58:42'),
(459,1,1,NULL,'save','2025-08-20 21:58:54'),
(461,1,1,NULL,'save','2025-08-20 21:59:06'),
(463,1,1,NULL,'save','2025-08-20 21:59:15'),
(465,1,1,NULL,'save','2025-08-20 21:59:33'),
(467,1,1,NULL,'save','2025-08-20 21:59:45'),
(469,1,1,NULL,'save','2025-08-20 22:00:03'),
(471,1,1,NULL,'save','2025-08-20 22:00:11'),
(473,1,1,NULL,'save','2025-08-20 22:00:22'),
(475,1,1,NULL,'save','2025-08-20 22:00:38'),
(477,1,1,NULL,'save','2025-08-20 22:00:46'),
(479,1,1,NULL,'save','2025-08-20 22:00:59'),
(481,1,1,NULL,'save','2025-08-20 22:01:08'),
(483,1,1,NULL,'save','2025-08-20 22:01:17'),
(485,1,1,NULL,'save','2025-08-20 22:01:30'),
(487,1,1,NULL,'save','2025-08-20 22:02:03'),
(489,1,1,NULL,'save','2025-08-20 22:02:13'),
(491,1,1,NULL,'save','2025-08-20 22:02:19'),
(493,1,1,NULL,'save','2025-08-20 22:02:28'),
(495,1,1,NULL,'save','2025-08-20 22:02:34'),
(497,1,1,NULL,'save','2025-08-20 22:02:59'),
(499,1,1,NULL,'save','2025-08-20 22:12:23'),
(501,1,1,NULL,'save','2025-08-20 22:12:28'),
(503,1,1,NULL,'save','2025-08-20 22:12:34'),
(506,1,1,NULL,'save','2025-08-20 22:12:50'),
(508,1,1,NULL,'save','2025-08-20 22:12:54'),
(510,1,1,NULL,'save','2025-08-20 22:12:57'),
(512,1,1,NULL,'save','2025-08-20 22:13:01'),
(514,1,1,NULL,'save','2025-08-20 22:13:04'),
(516,1,1,NULL,'save','2025-08-20 22:13:07'),
(518,1,1,NULL,'save','2025-08-20 22:13:10'),
(520,1,1,NULL,'save','2025-08-20 22:13:13'),
(522,1,1,NULL,'save','2025-08-20 22:13:15'),
(524,1,1,NULL,'save','2025-08-20 22:13:18'),
(530,1,1,NULL,'save','2025-08-20 22:17:46'),
(532,1,1,NULL,'save','2025-08-20 22:18:02'),
(534,1,1,NULL,'save','2025-08-20 22:18:29'),
(555,1,1,NULL,'save','2025-09-02 22:24:46'),
(557,1,1,NULL,'save','2025-09-02 22:24:52'),
(559,1,1,NULL,'save','2025-09-02 22:24:59'),
(561,1,1,NULL,'save','2025-09-02 22:25:02'),
(563,1,1,NULL,'save','2025-09-02 22:25:06'),
(601,1,1,NULL,'edit','2025-09-03 21:56:40'),
(601,1,1,NULL,'save','2025-09-03 22:13:41'),
(603,1,1,NULL,'save','2025-09-03 21:48:45'),
(605,1,1,NULL,'edit','2025-09-03 21:58:30'),
(605,1,1,NULL,'save','2025-09-03 21:58:30'),
(617,1,1,NULL,'edit','2025-09-03 21:57:10'),
(617,1,1,NULL,'save','2025-09-03 21:57:10'),
(1165,1,1,NULL,'edit','2025-09-11 18:48:44');
commit;

--
-- Dumping data for table `elements`
--

set autocommit=0;
INSERT INTO `elements` VALUES
(1,NULL,NULL,NULL,NULL,'craft\\elements\\User',1,0,'2025-04-18 16:59:46','2025-04-18 16:59:46',NULL,NULL,NULL,'e3682bee-bd77-4012-b16c-20d4c1d6741e'),
(2,NULL,NULL,NULL,1,'craft\\elements\\Entry',1,0,'2025-04-18 17:15:09','2025-09-11 18:48:35',NULL,NULL,NULL,'fb43295f-50d1-4199-9547-b616822746d7'),
(8,NULL,NULL,NULL,NULL,'craft\\elements\\Address',1,0,'2025-04-18 17:32:44','2025-04-18 17:37:13',NULL,NULL,NULL,'70e10205-927a-4a3d-8e91-9e3ffe573ce3'),
(10,8,NULL,4,NULL,'craft\\elements\\Address',1,0,'2025-04-18 17:32:44','2025-04-18 17:32:44',NULL,NULL,NULL,'d9e8d544-dbad-4f54-a2fa-87088e720db9'),
(14,NULL,7,NULL,2,'craft\\elements\\Entry',1,0,'2025-04-18 17:57:42','2025-04-18 17:57:42',NULL,NULL,NULL,'c1f79f68-e8c6-4804-933b-f8e101ccfec0'),
(16,8,NULL,7,NULL,'craft\\elements\\Address',1,0,'2025-04-18 17:37:13','2025-04-18 17:57:57',NULL,NULL,NULL,'6815ef49-b7c0-4172-83d5-784b766e1d24'),
(18,NULL,NULL,NULL,6,'craft\\elements\\Entry',1,0,'2025-04-18 18:06:39','2025-08-20 21:57:12',NULL,'2025-08-20 21:57:12',NULL,'52fd2ad7-fbff-4f46-965c-e9b93f5475e1'),
(19,18,NULL,9,6,'craft\\elements\\Entry',1,0,'2025-04-18 18:06:50','2025-04-18 18:06:50',NULL,'2025-08-20 21:57:12',NULL,'ff937fe5-a347-42af-a84d-364ede501006'),
(20,NULL,NULL,NULL,6,'craft\\elements\\Entry',1,0,'2025-04-18 18:06:50','2025-08-20 21:57:12',NULL,'2025-08-20 21:57:12',NULL,'ab2ec6e7-b567-4a20-867e-593a3ae40ff6'),
(21,20,NULL,10,6,'craft\\elements\\Entry',1,0,'2025-04-18 18:06:58','2025-04-18 18:06:58',NULL,'2025-08-20 21:57:12',NULL,'d45473b0-cdfa-4d60-b51c-0ba2eb2f25fc'),
(22,NULL,NULL,NULL,6,'craft\\elements\\Entry',1,0,'2025-04-18 18:06:58','2025-08-20 21:57:12',NULL,'2025-08-20 21:57:12',NULL,'9219e8e3-d389-40e4-93d5-049cea4484d7'),
(23,22,NULL,11,6,'craft\\elements\\Entry',1,0,'2025-04-18 18:07:06','2025-04-18 18:07:06',NULL,'2025-08-20 21:57:12',NULL,'94e66f9c-36d3-4154-9631-d82ffdbeb1af'),
(24,NULL,NULL,NULL,6,'craft\\elements\\Entry',1,0,'2025-04-18 18:07:06','2025-08-20 21:57:12',NULL,'2025-08-20 21:57:12',NULL,'3a825176-0a84-4f2a-996b-3f4bd4770f3f'),
(25,24,NULL,12,6,'craft\\elements\\Entry',1,0,'2025-04-18 18:07:32','2025-04-18 18:07:32',NULL,'2025-08-20 21:57:12',NULL,'2c134b83-5c7e-4a8e-83ab-aa66a981e508'),
(26,NULL,NULL,NULL,6,'craft\\elements\\Entry',1,0,'2025-04-18 18:07:32','2025-08-20 21:57:12',NULL,'2025-08-20 21:57:12',NULL,'40928895-f36c-4108-a1e4-564ae2424ee4'),
(27,26,NULL,13,6,'craft\\elements\\Entry',1,0,'2025-04-18 18:07:37','2025-04-18 18:07:37',NULL,'2025-08-20 21:57:12',NULL,'ed08da6e-f8d3-4f00-8bc2-bf0f777875f2'),
(28,NULL,NULL,NULL,6,'craft\\elements\\Entry',1,0,'2025-04-18 18:07:37','2025-08-20 21:57:12',NULL,'2025-08-20 21:57:12',NULL,'56921bc4-017a-46d3-ac85-05b47f57bd77'),
(29,28,NULL,14,6,'craft\\elements\\Entry',1,0,'2025-04-18 18:07:43','2025-04-18 18:07:43',NULL,'2025-08-20 21:57:12',NULL,'afe819d0-90cf-4853-bb8d-2c816199c653'),
(30,NULL,NULL,NULL,6,'craft\\elements\\Entry',1,0,'2025-04-18 18:07:43','2025-08-20 21:57:12',NULL,'2025-08-20 21:57:12',NULL,'d580a613-5ab1-4051-b261-fb71b222fdad'),
(31,30,NULL,15,6,'craft\\elements\\Entry',1,0,'2025-04-18 18:07:48','2025-04-18 18:07:48',NULL,'2025-08-20 21:57:12',NULL,'f6ceba8a-38e9-4a30-bbcf-3f53e7f3a3f0'),
(32,NULL,NULL,NULL,6,'craft\\elements\\Entry',1,0,'2025-04-18 18:07:48','2025-08-20 21:57:12',NULL,'2025-08-20 21:57:12',NULL,'5818599c-3b59-4b75-8027-f3af86d4e2b7'),
(33,32,NULL,16,6,'craft\\elements\\Entry',1,0,'2025-04-18 18:07:53','2025-04-18 18:07:53',NULL,'2025-08-20 21:57:12',NULL,'7ac990ce-be72-4bf1-a4f8-85d18bed1def'),
(34,NULL,NULL,NULL,6,'craft\\elements\\Entry',1,0,'2025-04-18 18:07:53','2025-08-20 21:57:12',NULL,'2025-08-20 21:57:12',NULL,'3ccd345c-16a2-4a6e-b6a8-f959829490ca'),
(35,34,NULL,17,6,'craft\\elements\\Entry',1,0,'2025-04-18 18:08:00','2025-04-18 18:08:00',NULL,'2025-08-20 21:57:12',NULL,'6698e76d-c879-44a8-832a-3a08edb99c6a'),
(36,NULL,NULL,NULL,6,'craft\\elements\\Entry',1,0,'2025-04-18 18:08:00','2025-08-20 21:57:12',NULL,'2025-08-20 21:57:12',NULL,'30202a0c-1dab-4496-b0d9-a2e4db046073'),
(37,36,NULL,18,6,'craft\\elements\\Entry',1,0,'2025-04-18 18:08:04','2025-04-18 18:08:04',NULL,'2025-08-20 21:57:12',NULL,'af4aec2f-2c51-443d-afd2-f243f2c6db79'),
(44,NULL,NULL,NULL,2,'craft\\elements\\Entry',1,0,'2025-04-18 18:10:41','2025-09-11 18:48:35',NULL,'2025-09-11 18:48:35',NULL,'66670719-86b2-4c25-a2d7-3268eb0b40e9'),
(45,NULL,NULL,NULL,2,'craft\\elements\\Entry',1,0,'2025-04-18 18:10:41','2025-08-20 21:24:25',NULL,'2025-08-20 21:24:25',NULL,'d2f1243f-5911-46b3-ad4c-1fd18163d3cf'),
(46,NULL,NULL,NULL,2,'craft\\elements\\Entry',1,0,'2025-04-18 18:10:41','2025-08-20 21:24:25',NULL,'2025-08-20 21:24:25',NULL,'e89fa079-a0ca-4f25-b733-547e3e9b74f4'),
(47,NULL,NULL,NULL,2,'craft\\elements\\Entry',1,0,'2025-04-18 18:10:41','2025-08-20 21:24:25',NULL,'2025-08-20 21:24:25',NULL,'136b64d8-a9bb-44f3-ad1b-5b3d0e59aeb7'),
(56,NULL,NULL,NULL,3,'craft\\elements\\Entry',1,0,'2025-04-18 18:14:39','2025-09-11 18:48:35',NULL,NULL,NULL,'cced9ffb-b1a4-432b-82dd-39ae892c0350'),
(57,NULL,NULL,NULL,3,'craft\\elements\\Entry',1,0,'2025-04-18 18:14:39','2025-09-11 18:48:35',NULL,NULL,NULL,'5c75acb1-1c32-464d-a385-7d8e4367e7ad'),
(59,56,NULL,25,3,'craft\\elements\\Entry',1,0,'2025-04-18 18:14:39','2025-09-11 18:48:42',NULL,NULL,NULL,'464aabc6-5657-4fa1-b620-a65aba496853'),
(60,57,NULL,26,3,'craft\\elements\\Entry',1,0,'2025-04-18 18:14:39','2025-09-11 18:48:42',NULL,NULL,NULL,'f62622d1-d34e-4b34-9346-77c7757eba63'),
(63,NULL,NULL,NULL,3,'craft\\elements\\Entry',1,0,'2025-04-18 18:15:36','2025-09-11 18:48:35',NULL,NULL,NULL,'6b94fb19-0b48-4dbd-a994-fcc7c42212ac'),
(65,63,NULL,28,3,'craft\\elements\\Entry',1,0,'2025-04-18 18:15:36','2025-09-11 18:48:42',NULL,NULL,NULL,'9bb271b1-7ea3-45aa-9f92-0b1a581e819b'),
(72,NULL,NULL,NULL,4,'craft\\elements\\Entry',1,0,'2025-04-18 18:17:53','2025-08-20 17:52:26',NULL,NULL,NULL,'65faed90-739e-412a-ae6b-1141af4adff8'),
(73,NULL,NULL,NULL,4,'craft\\elements\\Entry',1,0,'2025-04-18 18:17:53','2025-08-20 17:52:26',NULL,NULL,NULL,'15f1b50a-a6bf-404b-92d3-441e13132ed1'),
(74,NULL,NULL,NULL,4,'craft\\elements\\Entry',1,0,'2025-04-18 18:17:53','2025-08-20 17:52:26',NULL,NULL,NULL,'02403c1b-68a0-4814-9d28-465a0dd3fd27'),
(75,NULL,NULL,NULL,4,'craft\\elements\\Entry',1,0,'2025-04-18 18:17:53','2025-08-20 17:52:26',NULL,NULL,NULL,'d9c3d7d0-5243-443e-b0f7-d9e5c8e77f66'),
(76,NULL,NULL,NULL,4,'craft\\elements\\Entry',1,0,'2025-04-18 18:17:53','2025-08-20 17:52:26',NULL,NULL,NULL,'3ddce6d7-14e4-4ed9-9384-71082ffc55a9'),
(77,2,NULL,29,1,'craft\\elements\\Entry',1,0,'2025-04-18 18:17:53','2025-04-18 18:17:53',NULL,NULL,NULL,'bbe799da-bd7b-4412-9535-b639340966ac'),
(78,72,NULL,30,4,'craft\\elements\\Entry',1,0,'2025-04-18 18:17:53','2025-08-20 17:52:26',NULL,NULL,NULL,'d17c8ead-0ba1-4be3-bb3f-50f7b6bb1631'),
(79,73,NULL,31,4,'craft\\elements\\Entry',1,0,'2025-04-18 18:17:53','2025-08-20 17:52:26',NULL,NULL,NULL,'885375ba-05c1-41a6-89db-4b73021f8132'),
(80,74,NULL,32,4,'craft\\elements\\Entry',1,0,'2025-04-18 18:17:53','2025-08-20 17:52:26',NULL,NULL,NULL,'b8cf5928-cf35-40a0-8dd5-7b268a6cb35a'),
(81,75,NULL,33,4,'craft\\elements\\Entry',1,0,'2025-04-18 18:17:53','2025-08-20 17:52:26',NULL,NULL,NULL,'420bcba9-27b9-4219-ab82-5e907810c874'),
(82,76,NULL,34,4,'craft\\elements\\Entry',1,0,'2025-04-18 18:17:53','2025-08-20 17:52:26',NULL,NULL,NULL,'c62a29bd-d219-4eb7-8448-3770a5e0234e'),
(84,2,NULL,35,1,'craft\\elements\\Entry',1,0,'2025-04-18 18:28:56','2025-04-18 18:28:56',NULL,NULL,NULL,'5711b4ca-d839-4f9e-9a54-7f7a23aff3bb'),
(85,2,NULL,36,1,'craft\\elements\\Entry',1,0,'2025-04-18 18:29:57','2025-04-18 18:29:57',NULL,NULL,NULL,'0a981fa6-b0bf-4111-a03d-dc7bb8259c62'),
(86,NULL,NULL,NULL,7,'craft\\elements\\Asset',1,0,'2025-04-18 18:31:40','2025-09-04 22:50:00',NULL,'2025-09-04 22:50:00',NULL,'0fc1718b-a60f-47e7-8e1a-4c67a6e22462'),
(88,2,NULL,37,1,'craft\\elements\\Entry',1,0,'2025-04-18 18:32:48','2025-04-18 18:32:48',NULL,NULL,NULL,'b1972a97-1c9e-4718-a1af-65971f33ce7e'),
(96,NULL,NULL,NULL,11,'craft\\elements\\Entry',1,0,'2025-04-18 18:36:37','2025-04-18 18:38:26',NULL,'2025-04-18 18:38:26',NULL,'76dad8f7-c48c-4ed9-9f87-edbba7ce9dcf'),
(97,NULL,NULL,NULL,11,'craft\\elements\\Entry',1,0,'2025-04-18 18:36:37','2025-04-18 18:38:26',NULL,'2025-04-18 18:38:26',NULL,'733b8349-6d24-4796-901f-e6cccb78f65d'),
(98,NULL,NULL,NULL,11,'craft\\elements\\Entry',1,0,'2025-04-18 18:36:37','2025-04-18 18:38:26',NULL,'2025-04-18 18:38:26',NULL,'1d77e91d-0d5a-4c40-a992-b87dcb0b8786'),
(99,NULL,NULL,NULL,11,'craft\\elements\\Entry',1,0,'2025-04-18 18:36:37','2025-04-18 18:38:26',NULL,'2025-04-18 18:38:26',NULL,'044388df-8aaa-4929-83df-33e2cceb95c1'),
(100,NULL,NULL,NULL,11,'craft\\elements\\Entry',1,0,'2025-04-18 18:36:37','2025-04-18 18:38:26',NULL,'2025-04-18 18:38:26',NULL,'894d2df8-3989-44d9-ae0e-e7860708bc75'),
(101,NULL,NULL,NULL,11,'craft\\elements\\Entry',1,0,'2025-04-18 18:36:37','2025-04-18 18:38:26',NULL,'2025-04-18 18:38:26',NULL,'17ebe246-d2b0-4c36-b223-80704f9d9182'),
(102,2,NULL,38,1,'craft\\elements\\Entry',1,0,'2025-04-18 18:36:37','2025-04-18 18:36:37',NULL,NULL,NULL,'d08382f2-4f19-4753-8f00-20cb4906ade5'),
(103,96,NULL,39,11,'craft\\elements\\Entry',1,0,'2025-04-18 18:36:37','2025-04-18 18:36:37',NULL,'2025-04-18 18:38:26',NULL,'e430eb07-6216-43e2-95c5-b2cc0935a963'),
(104,97,NULL,40,11,'craft\\elements\\Entry',1,0,'2025-04-18 18:36:37','2025-04-18 18:36:37',NULL,'2025-04-18 18:38:26',NULL,'14b1e5db-e0b3-4881-b609-d0f63e82af5d'),
(105,98,NULL,41,11,'craft\\elements\\Entry',1,0,'2025-04-18 18:36:37','2025-04-18 18:36:37',NULL,'2025-04-18 18:38:26',NULL,'bab88878-fb5d-498c-8b48-2eb77c8be0e6'),
(106,99,NULL,42,11,'craft\\elements\\Entry',1,0,'2025-04-18 18:36:37','2025-04-18 18:36:37',NULL,'2025-04-18 18:38:26',NULL,'9b39a9a1-7d1d-4ac8-a0e3-5e92f89ee08f'),
(107,100,NULL,43,11,'craft\\elements\\Entry',1,0,'2025-04-18 18:36:37','2025-04-18 18:36:37',NULL,'2025-04-18 18:38:26',NULL,'840fe20c-b9d9-467e-9525-3f383a31b004'),
(108,101,NULL,44,11,'craft\\elements\\Entry',1,0,'2025-04-18 18:36:37','2025-04-18 18:36:37',NULL,'2025-04-18 18:38:26',NULL,'10a5e0c4-06b0-43fc-9f28-6ded2ef94793'),
(110,2,NULL,45,1,'craft\\elements\\Entry',1,0,'2025-04-18 18:38:26','2025-04-18 18:38:26',NULL,NULL,NULL,'599548f0-9a75-4c53-afb5-d4a029af5c00'),
(111,NULL,NULL,NULL,11,'craft\\elements\\Entry',1,0,'2025-04-18 18:38:34','2025-04-18 18:38:40',NULL,NULL,NULL,'1c014517-f0ca-4b34-a4ec-8c06c66e936c'),
(112,111,NULL,46,11,'craft\\elements\\Entry',1,0,'2025-04-18 18:38:40','2025-04-18 18:38:40',NULL,NULL,NULL,'b69fbe05-7e0a-444c-87cb-538dab008405'),
(113,NULL,NULL,NULL,11,'craft\\elements\\Entry',1,0,'2025-04-18 18:38:44','2025-04-18 18:38:46',NULL,NULL,NULL,'e8577614-718f-4f49-9a2c-762b53180e15'),
(114,113,NULL,47,11,'craft\\elements\\Entry',1,0,'2025-04-18 18:38:46','2025-04-18 18:38:46',NULL,NULL,NULL,'62564fb6-d7ee-42e1-a94c-0d101b1862ad'),
(115,NULL,NULL,NULL,11,'craft\\elements\\Entry',1,0,'2025-04-18 18:38:49','2025-04-18 18:38:51',NULL,NULL,NULL,'c1291b59-240b-4c7d-a481-b43ceffa5843'),
(116,115,NULL,48,11,'craft\\elements\\Entry',1,0,'2025-04-18 18:38:51','2025-04-18 18:38:51',NULL,NULL,NULL,'0de6d844-6a84-45b9-a5a4-219bf907924c'),
(117,NULL,NULL,NULL,11,'craft\\elements\\Entry',1,0,'2025-04-18 18:38:54','2025-04-18 18:38:56',NULL,NULL,NULL,'c983b9b7-0678-4980-a3a6-bf04df690818'),
(118,117,NULL,49,11,'craft\\elements\\Entry',1,0,'2025-04-18 18:38:56','2025-04-18 18:38:56',NULL,NULL,NULL,'6532d990-a37a-4e60-98a6-d2f6ad40d415'),
(119,NULL,NULL,NULL,11,'craft\\elements\\Entry',1,0,'2025-04-18 18:38:58','2025-04-18 18:39:00',NULL,NULL,NULL,'07f26095-e9ed-4a30-9fcc-ee9e7b1c89a5'),
(120,119,NULL,50,11,'craft\\elements\\Entry',1,0,'2025-04-18 18:39:00','2025-04-18 18:39:00',NULL,NULL,NULL,'9ef9e4fb-c780-42aa-b260-c57f1c904855'),
(121,NULL,NULL,NULL,11,'craft\\elements\\Entry',1,0,'2025-04-18 18:39:03','2025-04-18 18:39:04',NULL,NULL,NULL,'f48f3d64-37db-4387-ad42-86a0d4022e8f'),
(122,121,NULL,51,11,'craft\\elements\\Entry',1,0,'2025-04-18 18:39:04','2025-04-18 18:39:04',NULL,NULL,NULL,'5c8697a2-2860-47df-90df-d73d461ed250'),
(124,NULL,52,NULL,11,'craft\\elements\\Entry',1,0,'2025-04-18 18:40:11','2025-04-18 18:40:11',NULL,NULL,NULL,'5166d027-121a-4f77-9b1e-d976affec3c3'),
(125,2,NULL,52,1,'craft\\elements\\Entry',1,0,'2025-04-18 18:40:42','2025-04-18 18:40:42',NULL,NULL,NULL,'02b8e180-9c2c-4314-b8e1-77884131ecad'),
(127,2,NULL,53,1,'craft\\elements\\Entry',1,0,'2025-04-18 18:40:57','2025-04-18 18:40:57',NULL,NULL,NULL,'0da84b1a-58e5-400e-99d1-1bda14796b8c'),
(131,NULL,NULL,NULL,5,'craft\\elements\\Entry',1,0,'2025-04-18 18:42:36','2025-08-20 17:52:26',NULL,NULL,NULL,'10a402bd-e708-4f1b-8f19-9d6f2dd41e56'),
(132,NULL,NULL,NULL,5,'craft\\elements\\Entry',1,0,'2025-04-18 18:42:36','2025-08-20 17:52:26',NULL,NULL,NULL,'61411460-73b4-43ef-93b9-77c20db6e79f'),
(133,2,NULL,54,1,'craft\\elements\\Entry',1,0,'2025-04-18 18:42:36','2025-04-18 18:42:36',NULL,NULL,NULL,'c023d510-97b5-43f5-88b9-d81798aa5fd6'),
(134,131,NULL,55,5,'craft\\elements\\Entry',1,0,'2025-04-18 18:42:36','2025-08-20 17:52:26',NULL,NULL,NULL,'f22c54ba-b032-4465-9c01-dc3499eaf990'),
(135,132,NULL,56,5,'craft\\elements\\Entry',1,0,'2025-04-18 18:42:36','2025-08-20 17:52:26',NULL,NULL,NULL,'951dcef9-231c-4dde-b1c2-ae7b0fdeaba9'),
(136,NULL,NULL,NULL,8,'craft\\elements\\Asset',1,0,'2025-04-18 18:44:35','2025-04-18 18:44:35',NULL,NULL,NULL,'73525736-57a1-472f-b811-bd05b62fb341'),
(137,NULL,NULL,NULL,8,'craft\\elements\\Asset',1,0,'2025-04-18 18:44:36','2025-04-18 18:44:36',NULL,NULL,NULL,'abf930ea-95bc-4a2c-9696-8a563fc70185'),
(138,NULL,NULL,NULL,8,'craft\\elements\\Asset',1,0,'2025-04-18 18:44:36','2025-04-18 18:44:36',NULL,NULL,NULL,'10a14980-1c09-497a-af73-3d142632703b'),
(140,2,NULL,57,1,'craft\\elements\\Entry',1,0,'2025-04-18 18:45:07','2025-04-18 18:45:07',NULL,NULL,NULL,'561d8940-607d-4bc2-9d30-54e5b10c8ac4'),
(220,NULL,96,NULL,2,'craft\\elements\\Entry',1,0,'2025-04-25 18:32:58','2025-04-25 18:32:58',NULL,NULL,NULL,'c5f32f5e-4201-48e7-b118-a723db8874fd'),
(223,2,NULL,99,1,'craft\\elements\\Entry',1,0,'2025-07-28 21:11:58','2025-07-28 21:11:58',NULL,NULL,NULL,'542ea73b-78d8-4a9c-bee4-8ff62ee90b9e'),
(229,2,NULL,103,1,'craft\\elements\\Entry',1,0,'2025-07-28 21:22:01','2025-07-28 21:22:01',NULL,NULL,NULL,'51cdf2a7-15a3-4bfc-9153-71067ef247c5'),
(231,2,NULL,104,1,'craft\\elements\\Entry',1,0,'2025-07-28 21:31:35','2025-07-28 21:31:35',NULL,NULL,NULL,'d38b477a-3331-48d7-b91c-125c8c7145fd'),
(234,2,NULL,106,1,'craft\\elements\\Entry',1,0,'2025-07-28 23:11:28','2025-07-28 23:11:28',NULL,NULL,NULL,'468c9810-0c16-4617-abcd-d66cb4a1b8db'),
(264,2,NULL,123,1,'craft\\elements\\Entry',1,0,'2025-07-29 20:36:08','2025-07-29 20:36:08',NULL,NULL,NULL,'014f0542-cf28-4c06-bf25-a38db80650f6'),
(283,NULL,NULL,NULL,12,'craft\\elements\\Entry',1,0,'2025-07-30 21:03:21','2025-07-30 23:10:37',NULL,NULL,NULL,'4ec784d1-6952-4acb-85c3-56b744ba0e4f'),
(284,283,NULL,133,12,'craft\\elements\\Entry',1,0,'2025-07-30 21:07:37','2025-07-30 21:07:37',NULL,NULL,NULL,'d91825b2-b7b9-4fd2-9aec-343ce2cd1923'),
(285,NULL,NULL,NULL,13,'craft\\elements\\Asset',1,0,'2025-07-30 22:47:59','2025-09-05 20:01:00',NULL,NULL,NULL,'805f8534-dd6f-4152-b919-0c5d87163b8b'),
(287,283,NULL,134,12,'craft\\elements\\Entry',1,0,'2025-07-30 22:48:02','2025-07-30 22:48:02',NULL,NULL,NULL,'5a62d56e-00f3-4b23-9e5c-8d4e1333ea76'),
(288,NULL,NULL,NULL,12,'craft\\elements\\Entry',1,0,'2025-07-30 22:56:29','2025-07-30 23:11:09',NULL,'2025-07-30 23:11:09',NULL,'f63f9936-131d-4c53-a08c-8479797747f2'),
(289,288,NULL,135,12,'craft\\elements\\Entry',1,0,'2025-07-30 22:56:29','2025-07-30 22:56:29',NULL,'2025-07-30 23:11:09',NULL,'543128e6-7c91-492f-9438-6b07c988b05a'),
(290,NULL,NULL,NULL,12,'craft\\elements\\Entry',1,0,'2025-07-30 22:56:32','2025-07-30 23:11:02',NULL,NULL,NULL,'2a15ad68-0e5b-4d2b-8e9b-d02cf1d4457f'),
(291,290,NULL,136,12,'craft\\elements\\Entry',1,0,'2025-07-30 22:56:32','2025-07-30 22:56:32',NULL,NULL,NULL,'13ecbf19-a864-4bdc-be24-bf94ea582ebe'),
(292,NULL,NULL,NULL,12,'craft\\elements\\Entry',1,0,'2025-07-30 22:56:33','2025-07-30 23:10:55',NULL,NULL,NULL,'fabdb4bb-67e5-4bd7-b818-c4e6e4094b75'),
(293,292,NULL,137,12,'craft\\elements\\Entry',1,0,'2025-07-30 22:56:33','2025-07-30 22:56:33',NULL,NULL,NULL,'dcb8c580-bb1b-40fe-97ba-ad716c474ba1'),
(294,NULL,NULL,NULL,12,'craft\\elements\\Entry',1,0,'2025-07-30 22:56:34','2025-09-05 20:01:55',NULL,NULL,NULL,'6b7a16eb-660d-4393-95fe-4f8c34f97d49'),
(295,294,NULL,138,12,'craft\\elements\\Entry',1,0,'2025-07-30 22:56:34','2025-07-30 22:56:34',NULL,NULL,NULL,'22d6754d-4135-482b-891b-bb366b3e7d90'),
(296,NULL,NULL,NULL,12,'craft\\elements\\Entry',1,0,'2025-07-30 22:56:35','2025-07-30 23:11:31',NULL,NULL,NULL,'8755e2a1-5452-40d8-bb12-b26a15d3c5ad'),
(297,296,NULL,139,12,'craft\\elements\\Entry',1,0,'2025-07-30 22:56:35','2025-07-30 22:56:35',NULL,NULL,NULL,'0d1d0b08-140e-4c49-8bfa-70d3b8406bbe'),
(299,288,NULL,140,12,'craft\\elements\\Entry',1,0,'2025-07-30 22:58:03','2025-07-30 22:58:03',NULL,'2025-07-30 23:11:09',NULL,'68b59346-df11-46ae-a35a-99ad3efd0769'),
(301,290,NULL,141,12,'craft\\elements\\Entry',1,0,'2025-07-30 22:58:06','2025-07-30 22:58:06',NULL,NULL,NULL,'ecb6636c-b8a8-4058-b118-829e13f652a3'),
(303,292,NULL,142,12,'craft\\elements\\Entry',1,0,'2025-07-30 22:58:10','2025-07-30 22:58:10',NULL,NULL,NULL,'c0d976a8-5eea-446d-84d0-550445c219a0'),
(305,288,NULL,143,12,'craft\\elements\\Entry',1,0,'2025-07-30 23:10:31','2025-07-30 23:10:31',NULL,'2025-07-30 23:11:09',NULL,'f286d6c6-85f4-4ea0-83d1-77d0f50d96a8'),
(306,283,NULL,144,12,'craft\\elements\\Entry',1,0,'2025-07-30 23:10:37','2025-07-30 23:10:37',NULL,NULL,NULL,'d783f074-7582-4c2e-b04a-afee352e2417'),
(308,296,NULL,145,12,'craft\\elements\\Entry',1,0,'2025-07-30 23:10:45','2025-07-30 23:10:45',NULL,NULL,NULL,'8c24349f-c77d-4763-956c-b9d29db3da7d'),
(310,292,NULL,146,12,'craft\\elements\\Entry',1,0,'2025-07-30 23:10:55','2025-07-30 23:10:55',NULL,NULL,NULL,'bba6679f-f1f7-48bb-bbc1-928afdadf0a2'),
(311,290,NULL,147,12,'craft\\elements\\Entry',1,0,'2025-07-30 23:11:02','2025-07-30 23:11:02',NULL,NULL,NULL,'2513036e-aebf-45d2-a083-ba0cc0d0623a'),
(314,294,NULL,148,12,'craft\\elements\\Entry',1,0,'2025-07-30 23:11:29','2025-07-30 23:11:29',NULL,NULL,NULL,'721a1151-d124-44df-8f94-1b90139041f8'),
(315,296,NULL,149,12,'craft\\elements\\Entry',1,0,'2025-07-30 23:11:31','2025-07-30 23:11:31',NULL,NULL,NULL,'f695af88-e16a-46f4-a0d4-156e20b34fb2'),
(318,NULL,137,NULL,3,'craft\\elements\\Entry',1,0,'2025-07-31 17:41:05','2025-07-31 17:41:05',NULL,NULL,NULL,'41f2a05b-7f0e-41c8-972f-8796e135476d'),
(319,2,NULL,150,1,'craft\\elements\\Entry',1,0,'2025-07-31 18:21:59','2025-07-31 18:21:59',NULL,NULL,NULL,'673b6b44-d59d-456a-b14b-e7fb33b91ec0'),
(323,NULL,NULL,NULL,15,'craft\\elements\\Entry',1,0,'2025-08-01 17:59:15','2025-08-01 18:04:08',NULL,'2025-08-01 18:04:08',NULL,'6b3e54cf-b357-46c1-8251-4cd6c1f951b1'),
(324,323,NULL,152,15,'craft\\elements\\Entry',1,0,'2025-08-01 17:59:31','2025-08-01 17:59:31',NULL,'2025-08-01 18:04:08',NULL,'168018b4-8cee-43fd-bf87-7af9c47cced8'),
(325,NULL,NULL,NULL,14,'craft\\elements\\Entry',1,0,'2025-08-01 17:59:34','2025-08-01 18:06:11',NULL,NULL,NULL,'583d4518-7524-42db-a63d-0d921f008d36'),
(326,325,NULL,153,15,'craft\\elements\\Entry',1,0,'2025-08-01 17:59:41','2025-08-01 17:59:41',NULL,NULL,NULL,'52a01e8d-717e-470b-bbc1-3dd874556d25'),
(328,325,NULL,154,14,'craft\\elements\\Entry',1,0,'2025-08-01 17:59:53','2025-08-01 17:59:53',NULL,NULL,NULL,'c817c185-395d-435a-84c6-42430c2239a4'),
(329,NULL,NULL,NULL,15,'craft\\elements\\Entry',1,0,'2025-08-01 18:04:51','2025-08-01 18:04:57',NULL,NULL,NULL,'328e73a9-9198-46ee-8ce1-292e019d2ac6'),
(330,329,NULL,155,15,'craft\\elements\\Entry',1,0,'2025-08-01 18:04:57','2025-08-01 18:04:57',NULL,NULL,NULL,'82c64f78-283c-4a64-9681-11a3be4d4d40'),
(331,NULL,NULL,NULL,15,'craft\\elements\\Entry',1,0,'2025-08-01 18:04:57','2025-08-01 18:05:01',NULL,NULL,NULL,'de1dbf90-2df4-4a57-8ef0-88e981636992'),
(332,331,NULL,156,15,'craft\\elements\\Entry',1,0,'2025-08-01 18:05:01','2025-08-01 18:05:01',NULL,NULL,NULL,'ae5cc034-9679-48f5-9594-0c61fafe6990'),
(333,NULL,NULL,NULL,15,'craft\\elements\\Entry',1,0,'2025-08-01 18:05:01','2025-08-01 18:05:04',NULL,NULL,NULL,'27c35b6d-8b9d-4bcc-abaf-a2338d548dfa'),
(334,333,NULL,157,15,'craft\\elements\\Entry',1,0,'2025-08-01 18:05:04','2025-08-01 18:05:04',NULL,NULL,NULL,'70055f31-2d03-42d3-a985-121a1e2b2572'),
(335,NULL,NULL,NULL,15,'craft\\elements\\Entry',1,0,'2025-08-01 18:05:04','2025-08-01 18:05:08',NULL,NULL,NULL,'5d7aa22c-6b88-4187-afb5-24fffb7c6539'),
(336,335,NULL,158,15,'craft\\elements\\Entry',1,0,'2025-08-01 18:05:08','2025-08-01 18:05:08',NULL,NULL,NULL,'52c8f108-5ec7-4eb7-83e1-4c214d2d933b'),
(337,NULL,NULL,NULL,15,'craft\\elements\\Entry',1,0,'2025-08-01 18:05:08','2025-08-01 18:05:10',NULL,NULL,NULL,'fdc36882-7b46-43fa-8ff9-4245e8dd9bd0'),
(338,337,NULL,159,15,'craft\\elements\\Entry',1,0,'2025-08-01 18:05:10','2025-08-01 18:05:10',NULL,NULL,NULL,'1070a399-73d2-43b8-ad87-2e72974ec72a'),
(339,NULL,NULL,NULL,15,'craft\\elements\\Entry',1,0,'2025-08-01 18:05:10','2025-08-01 18:05:15',NULL,NULL,NULL,'2558370f-56ae-47a6-8deb-2d7cb1e6ffe8'),
(340,339,NULL,160,15,'craft\\elements\\Entry',1,0,'2025-08-01 18:05:15','2025-08-01 18:05:15',NULL,NULL,NULL,'a717b773-e41d-4eb4-a975-1f516ac78eeb'),
(341,NULL,NULL,NULL,15,'craft\\elements\\Entry',1,0,'2025-08-01 18:05:15','2025-08-01 18:05:18',NULL,NULL,NULL,'c8f9f0cd-8e20-41d4-984b-30b14d2471af'),
(342,341,NULL,161,15,'craft\\elements\\Entry',1,0,'2025-08-01 18:05:18','2025-08-01 18:05:18',NULL,NULL,NULL,'9b932f54-8d57-46cd-8c94-e9932a283f31'),
(343,NULL,NULL,NULL,15,'craft\\elements\\Entry',1,0,'2025-08-01 18:05:18','2025-08-01 18:05:21',NULL,NULL,NULL,'edff3928-0002-4ca4-8b65-c9328c6c7162'),
(344,343,NULL,162,15,'craft\\elements\\Entry',1,0,'2025-08-01 18:05:21','2025-08-01 18:05:21',NULL,NULL,NULL,'6bfe948f-11ac-4494-8387-13a1d64719a8'),
(347,325,NULL,163,14,'craft\\elements\\Entry',1,0,'2025-08-01 18:06:11','2025-08-01 18:06:11',NULL,NULL,NULL,'3b36b76d-7a5f-42fc-ba6e-2474c3e4f604'),
(348,NULL,NULL,NULL,14,'craft\\elements\\Entry',1,0,'2025-08-01 18:06:11','2025-08-01 18:06:22',NULL,NULL,NULL,'af2219ff-28ec-46eb-b7f5-294fc48c9592'),
(349,348,NULL,164,14,'craft\\elements\\Entry',1,0,'2025-08-01 18:06:22','2025-08-01 18:06:22',NULL,NULL,NULL,'49e28ec6-9273-48fd-bc9f-9624a56e7e96'),
(350,NULL,NULL,NULL,14,'craft\\elements\\Entry',1,0,'2025-08-01 18:06:22','2025-08-01 18:06:40',NULL,NULL,NULL,'62a9aee5-450d-4d74-ac3c-22a50eb327d9'),
(351,350,NULL,165,14,'craft\\elements\\Entry',1,0,'2025-08-01 18:06:40','2025-08-01 18:06:40',NULL,NULL,NULL,'f2c0689f-e1b0-4149-ba01-d0981abdda1e'),
(352,NULL,NULL,NULL,14,'craft\\elements\\Entry',1,0,'2025-08-01 18:07:13','2025-08-01 18:07:25',NULL,NULL,NULL,'81854a0e-389f-4f30-8603-f133fa881688'),
(353,352,NULL,166,14,'craft\\elements\\Entry',1,0,'2025-08-01 18:07:25','2025-08-01 18:07:25',NULL,NULL,NULL,'d5c48d8f-ac42-479e-8798-a50fc596d6d1'),
(354,NULL,NULL,NULL,14,'craft\\elements\\Entry',1,0,'2025-08-01 18:07:25','2025-08-01 18:07:35',NULL,NULL,NULL,'7d9e199d-e444-4270-95c2-e0d6c18d7eda'),
(355,354,NULL,167,14,'craft\\elements\\Entry',1,0,'2025-08-01 18:07:35','2025-08-01 18:07:35',NULL,NULL,NULL,'7a8fc6bc-eaf0-44e7-b00c-faab057bca0a'),
(356,NULL,NULL,NULL,14,'craft\\elements\\Entry',1,0,'2025-08-01 18:07:35','2025-08-01 18:07:48',NULL,NULL,NULL,'1a91cd2e-f777-4327-82bf-9d4952df04dd'),
(357,356,NULL,168,14,'craft\\elements\\Entry',1,0,'2025-08-01 18:07:48','2025-08-01 18:07:48',NULL,NULL,NULL,'da159131-b262-48b8-b0c9-8ca4af83f540'),
(358,NULL,NULL,NULL,14,'craft\\elements\\Entry',1,0,'2025-08-01 18:07:51','2025-08-01 18:07:58',NULL,NULL,NULL,'83178051-07e6-40c6-ac65-1803e199667a'),
(359,358,NULL,169,14,'craft\\elements\\Entry',1,0,'2025-08-01 18:07:58','2025-08-01 18:07:58',NULL,NULL,NULL,'d712ccab-478b-4d57-a770-e516c4c08e67'),
(360,NULL,NULL,NULL,14,'craft\\elements\\Entry',1,0,'2025-08-01 18:08:01','2025-08-01 18:08:08',NULL,NULL,NULL,'47d21938-0536-4427-8f5f-cc02e140ab9d'),
(361,360,NULL,170,14,'craft\\elements\\Entry',1,0,'2025-08-01 18:08:08','2025-08-01 18:08:08',NULL,NULL,NULL,'fae28537-8e36-4e69-a83a-8d0ddf218299'),
(362,NULL,NULL,NULL,14,'craft\\elements\\Entry',1,0,'2025-08-01 18:08:10','2025-08-01 18:08:17',NULL,NULL,NULL,'d0e07c9d-1540-47f6-9214-6072a6894154'),
(363,362,NULL,171,14,'craft\\elements\\Entry',1,0,'2025-08-01 18:08:17','2025-08-01 18:08:17',NULL,NULL,NULL,'695949a8-88ed-4210-8f64-4aa21bec75ad'),
(364,NULL,NULL,NULL,14,'craft\\elements\\Entry',1,0,'2025-08-01 18:08:21','2025-08-01 18:08:31',NULL,NULL,NULL,'d55b94a3-92b7-4e30-85db-817cc33f7281'),
(365,364,NULL,172,14,'craft\\elements\\Entry',1,0,'2025-08-01 18:08:31','2025-08-01 18:08:31',NULL,NULL,NULL,'9b0f4c33-4420-4c1a-a158-285c77d7ac98'),
(366,NULL,NULL,NULL,14,'craft\\elements\\Entry',1,0,'2025-08-01 18:08:41','2025-08-01 18:09:02',NULL,NULL,NULL,'1c397521-de13-43d2-8460-dbda17e5b9dc'),
(367,366,NULL,173,14,'craft\\elements\\Entry',1,0,'2025-08-01 18:09:02','2025-08-01 18:09:02',NULL,NULL,NULL,'3e8a2f04-8045-4812-af81-174a31a95925'),
(368,NULL,NULL,NULL,14,'craft\\elements\\Entry',1,0,'2025-08-01 18:09:02','2025-08-01 18:09:12',NULL,NULL,NULL,'8ee85d47-9148-40ec-bd5b-c84d73572f95'),
(369,368,NULL,174,14,'craft\\elements\\Entry',1,0,'2025-08-01 18:09:12','2025-08-01 18:09:12',NULL,NULL,NULL,'d99724a6-54f1-4049-b361-55adf27661e2'),
(370,NULL,NULL,NULL,14,'craft\\elements\\Entry',1,0,'2025-08-01 18:09:12','2025-08-01 18:09:33',NULL,NULL,NULL,'2ce7941c-d93f-403c-bfd6-49b638f4035a'),
(371,370,NULL,175,14,'craft\\elements\\Entry',1,0,'2025-08-01 18:09:33','2025-08-01 18:09:33',NULL,NULL,NULL,'c7581c6a-d0d7-4e1c-a436-ed6c88693ffd'),
(372,NULL,NULL,NULL,14,'craft\\elements\\Entry',1,0,'2025-08-01 18:09:33','2025-08-01 18:09:44',NULL,NULL,NULL,'18f99c19-28c4-4251-8b65-2eb57599534e'),
(373,372,NULL,176,14,'craft\\elements\\Entry',1,0,'2025-08-01 18:09:44','2025-08-01 18:09:44',NULL,NULL,NULL,'510e667e-1473-46b5-978c-c3d2101510f6'),
(374,NULL,NULL,NULL,14,'craft\\elements\\Entry',1,0,'2025-08-01 18:09:44','2025-08-01 18:10:00',NULL,NULL,NULL,'f9783239-388c-401a-8006-ab0e5f64e90c'),
(375,374,NULL,177,14,'craft\\elements\\Entry',1,0,'2025-08-01 18:10:00','2025-08-01 18:10:00',NULL,NULL,NULL,'cae79123-f9c7-4bf7-86e4-deb1ead10b4c'),
(376,NULL,NULL,NULL,14,'craft\\elements\\Entry',1,0,'2025-08-01 18:10:00','2025-08-01 18:10:07',NULL,NULL,NULL,'82798d00-f457-47dd-a197-136a8979cb07'),
(377,376,NULL,178,14,'craft\\elements\\Entry',1,0,'2025-08-01 18:10:07','2025-08-01 18:10:07',NULL,NULL,NULL,'539ea850-c01d-4267-a3ee-4238f88ce5cc'),
(378,NULL,NULL,NULL,14,'craft\\elements\\Entry',1,0,'2025-08-01 18:10:07','2025-08-01 18:10:18',NULL,NULL,NULL,'8e689347-9d85-4f7e-98a0-fedc85d7efd8'),
(379,378,NULL,179,14,'craft\\elements\\Entry',1,0,'2025-08-01 18:10:18','2025-08-01 18:10:18',NULL,NULL,NULL,'c04693d2-c401-4525-a351-aada42c7ef60'),
(380,NULL,NULL,NULL,14,'craft\\elements\\Entry',1,0,'2025-08-01 18:10:18','2025-08-01 18:10:31',NULL,NULL,NULL,'5f7daf9d-7dfe-4651-aabb-f38c89bbee1a'),
(381,380,NULL,180,14,'craft\\elements\\Entry',1,0,'2025-08-01 18:10:31','2025-08-01 18:10:31',NULL,NULL,NULL,'86babb64-34dc-45a1-863a-3200a52b8b2b'),
(382,NULL,NULL,NULL,14,'craft\\elements\\Entry',1,0,'2025-08-01 18:10:45','2025-08-01 18:10:53',NULL,NULL,NULL,'59cac7d1-17fd-4d38-bb0d-aeabbdf85711'),
(383,382,NULL,181,14,'craft\\elements\\Entry',1,0,'2025-08-01 18:10:53','2025-08-01 18:10:53',NULL,NULL,NULL,'99f0f1cb-7140-453a-97a3-2347159ad061'),
(384,NULL,NULL,NULL,14,'craft\\elements\\Entry',1,0,'2025-08-01 18:10:57','2025-08-01 18:11:04',NULL,NULL,NULL,'f25f3853-7910-43ae-8a40-77d2c8cb955a'),
(385,384,NULL,182,14,'craft\\elements\\Entry',1,0,'2025-08-01 18:11:04','2025-08-01 18:11:04',NULL,NULL,NULL,'2e6ec653-4724-40f0-9825-e0f16f6bfa46'),
(386,NULL,NULL,NULL,14,'craft\\elements\\Entry',1,0,'2025-08-01 18:11:07','2025-08-01 18:11:17',NULL,NULL,NULL,'368912c4-ff2f-4791-b5f7-c7ab02e9366d'),
(387,386,NULL,183,14,'craft\\elements\\Entry',1,0,'2025-08-01 18:11:17','2025-08-01 18:11:17',NULL,NULL,NULL,'c73507a9-d3c1-44e8-a1e5-6d417be2f20d'),
(388,NULL,NULL,NULL,14,'craft\\elements\\Entry',1,0,'2025-08-01 18:11:20','2025-08-01 18:11:31',NULL,NULL,NULL,'95c17a71-7dbc-4bb1-bd1b-f68eef362ae3'),
(389,388,NULL,184,14,'craft\\elements\\Entry',1,0,'2025-08-01 18:11:31','2025-08-01 18:11:31',NULL,NULL,NULL,'64da7682-e0dd-47fb-b824-18f245cc4a96'),
(390,NULL,NULL,NULL,14,'craft\\elements\\Entry',1,0,'2025-08-01 18:11:35','2025-08-01 18:11:48',NULL,NULL,NULL,'86133147-b29a-42ed-adea-703e49287bba'),
(391,390,NULL,185,14,'craft\\elements\\Entry',1,0,'2025-08-01 18:11:48','2025-08-01 18:11:48',NULL,NULL,NULL,'46f0d01f-8e54-45ad-82ce-574f2ca3b97b'),
(392,NULL,NULL,NULL,14,'craft\\elements\\Entry',1,0,'2025-08-01 18:11:48','2025-08-01 18:12:02',NULL,NULL,NULL,'a250b11d-668e-42db-a3ef-4c92bd5c2c11'),
(393,392,NULL,186,14,'craft\\elements\\Entry',1,0,'2025-08-01 18:12:02','2025-08-01 18:12:02',NULL,NULL,NULL,'c44b8aa0-829f-41d8-a2aa-564b5dca44b4'),
(394,NULL,NULL,NULL,14,'craft\\elements\\Entry',1,0,'2025-08-01 18:12:03','2025-08-01 18:12:14',NULL,NULL,NULL,'673dd0fa-da64-4850-b460-39601e040741'),
(395,394,NULL,187,14,'craft\\elements\\Entry',1,0,'2025-08-01 18:12:14','2025-08-01 18:12:14',NULL,NULL,NULL,'0a5a42ce-c4c8-4c85-bc6d-895c165cae4d'),
(396,NULL,NULL,NULL,14,'craft\\elements\\Entry',1,0,'2025-08-01 18:12:14','2025-08-01 18:12:26',NULL,NULL,NULL,'bdb1359d-c180-4611-8a95-2eb8b1f816e1'),
(397,396,NULL,188,14,'craft\\elements\\Entry',1,0,'2025-08-01 18:12:26','2025-08-01 18:12:26',NULL,NULL,NULL,'71b23c28-a5f2-4207-af9d-f5d212218964'),
(398,NULL,NULL,NULL,14,'craft\\elements\\Entry',1,0,'2025-08-01 18:12:26','2025-08-01 18:12:34',NULL,NULL,NULL,'0cb6c888-0464-4bbb-a350-e279e9d68b35'),
(399,398,NULL,189,14,'craft\\elements\\Entry',1,0,'2025-08-01 18:12:34','2025-08-01 18:12:34',NULL,NULL,NULL,'790a58f9-967e-4233-ba06-bf22f9465677'),
(400,NULL,NULL,NULL,14,'craft\\elements\\Entry',1,0,'2025-08-01 18:12:46','2025-08-01 18:12:57',NULL,NULL,NULL,'c6ca4057-3b10-40f6-a7b5-bbf90d2b25aa'),
(401,400,NULL,190,14,'craft\\elements\\Entry',1,0,'2025-08-01 18:12:57','2025-08-01 18:12:57',NULL,NULL,NULL,'473fe0de-7e10-487c-942b-04510711521b'),
(402,NULL,NULL,NULL,14,'craft\\elements\\Entry',1,0,'2025-08-01 18:12:57','2025-08-01 18:13:07',NULL,NULL,NULL,'331b5ad6-85d6-4a40-a7e1-cb2cff2685eb'),
(403,402,NULL,191,14,'craft\\elements\\Entry',1,0,'2025-08-01 18:13:07','2025-08-01 18:13:07',NULL,NULL,NULL,'7bfb3e73-2ffe-4080-843e-56ab6da363c4'),
(404,NULL,NULL,NULL,14,'craft\\elements\\Entry',1,0,'2025-08-01 18:13:07','2025-08-01 18:13:20',NULL,NULL,NULL,'3a19f3c2-7434-48ca-bb52-5ed62fb004e3'),
(405,404,NULL,192,14,'craft\\elements\\Entry',1,0,'2025-08-01 18:13:20','2025-08-01 18:13:20',NULL,NULL,NULL,'41e84075-2d04-47a9-bd20-a6c5f2d7f1a0'),
(406,NULL,NULL,NULL,14,'craft\\elements\\Entry',1,0,'2025-08-01 18:13:20','2025-08-01 18:13:33',NULL,NULL,NULL,'4af36b42-1b01-4cd8-a0aa-90e28d3caa06'),
(407,406,NULL,193,14,'craft\\elements\\Entry',1,0,'2025-08-01 18:13:33','2025-08-01 18:13:33',NULL,NULL,NULL,'82385c94-48ae-43fa-8fd6-629e2851bf81'),
(408,NULL,NULL,NULL,14,'craft\\elements\\Entry',1,0,'2025-08-01 18:13:33','2025-08-01 18:13:42',NULL,NULL,NULL,'6df397ab-c7a8-4ca9-afb2-998ca8e61820'),
(409,408,NULL,194,14,'craft\\elements\\Entry',1,0,'2025-08-01 18:13:42','2025-08-01 18:13:42',NULL,NULL,NULL,'62d62837-bd43-4e98-a743-3ac0d3dfccb3'),
(410,NULL,NULL,NULL,14,'craft\\elements\\Entry',1,0,'2025-08-01 18:13:42','2025-08-01 18:13:53',NULL,NULL,NULL,'adb995c3-6ef3-49fd-b8f8-de40b96021d3'),
(411,410,NULL,195,14,'craft\\elements\\Entry',1,0,'2025-08-01 18:13:53','2025-08-01 18:13:53',NULL,NULL,NULL,'16dbb9a1-3887-4648-97a1-e0ddda8ddec8'),
(412,NULL,NULL,NULL,14,'craft\\elements\\Entry',1,0,'2025-08-01 18:13:53','2025-08-01 18:14:03',NULL,NULL,NULL,'278fe834-90b2-40c5-9857-c4d166881f23'),
(413,412,NULL,196,14,'craft\\elements\\Entry',1,0,'2025-08-01 18:14:03','2025-08-01 18:14:03',NULL,NULL,NULL,'69ae175c-0c03-4018-83db-eff2a046c29f'),
(414,NULL,NULL,NULL,14,'craft\\elements\\Entry',1,0,'2025-08-01 18:14:03','2025-08-01 18:14:13',NULL,NULL,NULL,'780c5721-1030-4d98-969b-9deff3557653'),
(415,414,NULL,197,14,'craft\\elements\\Entry',1,0,'2025-08-01 18:14:13','2025-08-01 18:14:13',NULL,NULL,NULL,'7bc31cdf-c3c5-4335-b7bf-cc36f78001bf'),
(417,2,NULL,199,1,'craft\\elements\\Entry',1,0,'2025-08-20 17:40:11','2025-08-20 17:40:11',NULL,NULL,NULL,'4abf052e-0a92-4858-82eb-ed3ea47af22b'),
(419,2,NULL,200,1,'craft\\elements\\Entry',1,0,'2025-08-20 17:56:29','2025-08-20 17:56:29',NULL,NULL,NULL,'ef3e8337-3ad9-41a6-b491-0be65962e77b'),
(420,131,NULL,201,5,'craft\\elements\\Entry',1,0,'2025-08-20 17:52:26','2025-08-20 17:56:29',NULL,NULL,NULL,'16280068-4786-4702-b34c-09c22cfd6196'),
(421,132,NULL,202,5,'craft\\elements\\Entry',1,0,'2025-08-20 17:52:26','2025-08-20 17:56:29',NULL,NULL,NULL,'a06d4a0e-10ed-4645-92aa-853fc34d33bf'),
(422,44,NULL,203,2,'craft\\elements\\Entry',1,0,'2025-08-20 17:52:26','2025-08-20 17:56:29',NULL,'2025-09-11 18:48:35',NULL,'b4c7087a-daf3-47dc-97bb-5bd9bb9d5956'),
(423,45,NULL,204,2,'craft\\elements\\Entry',1,0,'2025-08-20 17:52:26','2025-08-20 17:56:29',NULL,'2025-08-20 21:24:25',NULL,'271d28b5-ffe8-4d57-ab4c-e2c0443e7fcf'),
(424,46,NULL,205,2,'craft\\elements\\Entry',1,0,'2025-08-20 17:52:26','2025-08-20 17:56:29',NULL,'2025-08-20 21:24:25',NULL,'c4268b7f-9f2a-4d57-bcf6-d5a943ad3fe7'),
(425,47,NULL,206,2,'craft\\elements\\Entry',1,0,'2025-08-20 17:52:26','2025-08-20 17:56:29',NULL,'2025-08-20 21:24:25',NULL,'58a765dc-447a-4b1d-af05-ea6cbc4dd537'),
(426,56,NULL,207,3,'craft\\elements\\Entry',1,0,'2025-08-20 17:52:26','2025-08-20 17:56:29',NULL,NULL,NULL,'705e6945-919e-4d42-8f84-1f06ae7dcf2b'),
(427,57,NULL,208,3,'craft\\elements\\Entry',1,0,'2025-08-20 17:52:26','2025-08-20 17:56:29',NULL,NULL,NULL,'5981aa88-a731-49d8-b05b-699a4b3bb570'),
(428,63,NULL,209,3,'craft\\elements\\Entry',1,0,'2025-08-20 17:52:26','2025-08-20 17:56:29',NULL,NULL,NULL,'ce588e48-eda2-47ae-99f8-aaad483027ee'),
(429,72,NULL,210,4,'craft\\elements\\Entry',1,0,'2025-08-20 17:52:26','2025-08-20 17:56:29',NULL,NULL,NULL,'6a3f966a-aa85-4161-a0b0-0433f1954e98'),
(430,73,NULL,211,4,'craft\\elements\\Entry',1,0,'2025-08-20 17:52:26','2025-08-20 17:56:29',NULL,NULL,NULL,'63487207-f775-4ab2-bb13-b1b3dfd36313'),
(431,74,NULL,212,4,'craft\\elements\\Entry',1,0,'2025-08-20 17:52:26','2025-08-20 17:56:29',NULL,NULL,NULL,'431fffd1-ee06-4838-a2bc-d7099d9afb7d'),
(432,75,NULL,213,4,'craft\\elements\\Entry',1,0,'2025-08-20 17:52:26','2025-08-20 17:56:29',NULL,NULL,NULL,'df0c6fd0-93a8-4dfe-b4ac-06f4ace2525c'),
(433,76,NULL,214,4,'craft\\elements\\Entry',1,0,'2025-08-20 17:52:26','2025-08-20 17:56:29',NULL,NULL,NULL,'4c13186c-43fc-4e46-b500-cce37bc371d5'),
(435,2,NULL,215,1,'craft\\elements\\Entry',1,0,'2025-08-20 18:04:55','2025-08-20 18:04:55',NULL,NULL,NULL,'beb859c5-4564-431b-a05c-919f12f7376b'),
(437,2,NULL,216,1,'craft\\elements\\Entry',1,0,'2025-08-20 18:05:00','2025-08-20 18:05:00',NULL,NULL,NULL,'8168ec6e-d8db-4251-94a2-7308b9c38ba6'),
(439,2,NULL,217,1,'craft\\elements\\Entry',1,0,'2025-08-20 18:13:04','2025-08-20 18:13:04',NULL,NULL,NULL,'7cc3478c-538f-42d2-885b-c1232d84d1a2'),
(445,NULL,NULL,NULL,2,'craft\\elements\\Entry',1,0,'2025-08-20 21:24:25','2025-09-11 18:48:35',NULL,'2025-09-11 18:48:35',NULL,'ae63e78a-7eeb-49e8-92cd-4ee9706e3f41'),
(446,2,NULL,218,1,'craft\\elements\\Entry',1,0,'2025-08-20 21:24:25','2025-08-20 21:24:25',NULL,NULL,NULL,'be2f1500-386c-47e0-be3b-5e3142bccc1a'),
(447,44,NULL,219,2,'craft\\elements\\Entry',1,0,'2025-08-20 21:24:25','2025-08-20 21:24:25',NULL,'2025-09-11 18:48:35',NULL,'addf1a57-809b-49a5-bc3f-7d39e8839d1c'),
(448,445,NULL,220,2,'craft\\elements\\Entry',1,0,'2025-08-20 21:24:25','2025-08-20 21:24:25',NULL,'2025-09-11 18:48:35',NULL,'f7473af2-b4ac-4b00-ac1b-88e91d4cf4dc'),
(450,2,NULL,221,1,'craft\\elements\\Entry',1,0,'2025-08-20 21:24:35','2025-08-20 21:24:35',NULL,NULL,NULL,'dfba0606-a61d-4691-9e93-4c70cb14bc01'),
(452,36,NULL,222,6,'craft\\elements\\Entry',1,0,'2025-08-20 21:57:06','2025-08-20 21:57:06',NULL,'2025-08-20 21:57:12',NULL,'6b7cd467-67b1-4146-8845-ab5d5f1a3dcc'),
(453,NULL,NULL,NULL,6,'craft\\elements\\Entry',1,0,'2025-08-20 21:57:13','2025-08-20 21:57:20',NULL,'2025-08-20 21:58:20',NULL,'92e5d931-915e-4bdc-ba87-caa0a66a765b'),
(454,453,NULL,223,6,'craft\\elements\\Entry',1,0,'2025-08-20 21:57:20','2025-08-20 21:57:20',NULL,NULL,NULL,'4a5509ff-de7f-42c9-8b46-96e3034eebc8'),
(455,NULL,NULL,NULL,6,'craft\\elements\\Entry',1,0,'2025-08-20 21:57:25','2025-08-20 21:57:32',NULL,'2025-08-20 21:58:20',NULL,'a74613e1-4bfb-44a5-88a1-590b8dd7fdaa'),
(456,455,NULL,224,6,'craft\\elements\\Entry',1,0,'2025-08-20 21:57:32','2025-08-20 21:57:32',NULL,NULL,NULL,'54f0ea99-df53-4b1c-ad97-316d341948ce'),
(457,NULL,NULL,NULL,6,'craft\\elements\\Entry',1,0,'2025-08-20 21:58:35','2025-08-20 21:58:42',NULL,NULL,NULL,'6afe8b39-15ff-42bb-b973-3f0fdc816be2'),
(458,457,NULL,225,6,'craft\\elements\\Entry',1,0,'2025-08-20 21:58:42','2025-08-20 21:58:42',NULL,NULL,NULL,'885e099b-06ad-4ca9-b798-1cc8eb8f0874'),
(459,NULL,NULL,NULL,6,'craft\\elements\\Entry',1,0,'2025-08-20 21:58:47','2025-08-20 21:58:54',NULL,NULL,NULL,'d2b03ab3-9f68-48c7-b08a-fa96143faa3a'),
(460,459,NULL,226,6,'craft\\elements\\Entry',1,0,'2025-08-20 21:58:54','2025-08-20 21:58:54',NULL,NULL,NULL,'4a02cd04-c703-4960-81f6-b02080e8cf60'),
(461,NULL,NULL,NULL,6,'craft\\elements\\Entry',1,0,'2025-08-20 21:59:02','2025-08-20 21:59:06',NULL,NULL,NULL,'f1b0b1b6-ae43-43c7-bce0-29bcc5cd3a17'),
(462,461,NULL,227,6,'craft\\elements\\Entry',1,0,'2025-08-20 21:59:06','2025-08-20 21:59:06',NULL,NULL,NULL,'f8ef6ca5-d997-41af-a600-4932f5cfbf34'),
(463,NULL,NULL,NULL,6,'craft\\elements\\Entry',1,0,'2025-08-20 21:59:10','2025-08-20 21:59:15',NULL,NULL,NULL,'aa400bc6-8fa9-476b-b82a-cd3ccfb1803a'),
(464,463,NULL,228,6,'craft\\elements\\Entry',1,0,'2025-08-20 21:59:15','2025-08-20 21:59:15',NULL,NULL,NULL,'6dfd32dc-d32f-448f-80f9-9f9c7eb16450'),
(465,NULL,NULL,NULL,6,'craft\\elements\\Entry',1,0,'2025-08-20 21:59:23','2025-08-20 21:59:33',NULL,NULL,NULL,'25b87173-d04e-40ab-bd45-abe288dd5941'),
(466,465,NULL,229,6,'craft\\elements\\Entry',1,0,'2025-08-20 21:59:33','2025-08-20 21:59:33',NULL,NULL,NULL,'bd10878c-d3f4-4a77-aac0-26a4ce94cd6f'),
(467,NULL,NULL,NULL,6,'craft\\elements\\Entry',1,0,'2025-08-20 21:59:39','2025-08-20 21:59:45',NULL,NULL,NULL,'6ff7afbb-4b9a-483f-9da6-218c3997ad6f'),
(468,467,NULL,230,6,'craft\\elements\\Entry',1,0,'2025-08-20 21:59:45','2025-08-20 21:59:45',NULL,NULL,NULL,'7a32a7f2-637a-4b64-8ae7-7cb144e935b2'),
(469,NULL,NULL,NULL,6,'craft\\elements\\Entry',1,0,'2025-08-20 21:59:56','2025-08-20 22:00:03',NULL,NULL,NULL,'cd4f4662-0b03-4087-9e8f-1b485f959b82'),
(470,469,NULL,231,6,'craft\\elements\\Entry',1,0,'2025-08-20 22:00:03','2025-08-20 22:00:03',NULL,NULL,NULL,'3131549f-c089-4f69-96e5-e59fde4a9009'),
(471,NULL,NULL,NULL,6,'craft\\elements\\Entry',1,0,'2025-08-20 22:00:03','2025-08-20 22:00:11',NULL,NULL,NULL,'f4ec289c-bde1-4c45-bfbb-5c1069a516e0'),
(472,471,NULL,232,6,'craft\\elements\\Entry',1,0,'2025-08-20 22:00:11','2025-08-20 22:00:11',NULL,NULL,NULL,'d12f9c87-584a-4bbf-be08-e02a6ca26147'),
(473,NULL,NULL,NULL,6,'craft\\elements\\Entry',1,0,'2025-08-20 22:00:11','2025-08-20 22:00:22',NULL,NULL,NULL,'e0971592-0abc-45c9-9817-fa746354d89b'),
(474,473,NULL,233,6,'craft\\elements\\Entry',1,0,'2025-08-20 22:00:22','2025-08-20 22:00:22',NULL,NULL,NULL,'ce04c12a-98d4-449f-8835-7c027df5d590'),
(475,NULL,NULL,NULL,6,'craft\\elements\\Entry',1,0,'2025-08-20 22:00:31','2025-08-20 22:00:38',NULL,NULL,NULL,'544f9c74-39e1-48a1-b848-5c91ce2903e3'),
(476,475,NULL,234,6,'craft\\elements\\Entry',1,0,'2025-08-20 22:00:38','2025-08-20 22:00:38',NULL,NULL,NULL,'7a1268bf-5a4e-4e66-95a8-801a89088c9f'),
(477,NULL,NULL,NULL,6,'craft\\elements\\Entry',1,0,'2025-08-20 22:00:42','2025-08-20 22:00:46',NULL,NULL,NULL,'aab1bf62-810e-4549-8f8d-319f5098e937'),
(478,477,NULL,235,6,'craft\\elements\\Entry',1,0,'2025-08-20 22:00:46','2025-08-20 22:00:46',NULL,NULL,NULL,'f83a6d0f-e336-4b20-94d9-f7a5bea8f26f'),
(479,NULL,NULL,NULL,6,'craft\\elements\\Entry',1,0,'2025-08-20 22:00:52','2025-08-20 22:00:59',NULL,NULL,NULL,'5824e18b-943c-49f4-aee0-26e9486372c4'),
(480,479,NULL,236,6,'craft\\elements\\Entry',1,0,'2025-08-20 22:00:59','2025-08-20 22:00:59',NULL,NULL,NULL,'6ac0ebba-f48a-49af-a6fc-eb49875f0a4c'),
(481,NULL,NULL,NULL,6,'craft\\elements\\Entry',1,0,'2025-08-20 22:01:02','2025-08-20 22:01:08',NULL,NULL,NULL,'53138f5c-15f3-46af-9c57-838c36ff6907'),
(482,481,NULL,237,6,'craft\\elements\\Entry',1,0,'2025-08-20 22:01:08','2025-08-20 22:01:08',NULL,NULL,NULL,'592f6284-128f-4372-8839-e24271e9a5e0'),
(483,NULL,NULL,NULL,6,'craft\\elements\\Entry',1,0,'2025-08-20 22:01:12','2025-08-20 22:01:17',NULL,NULL,NULL,'db4fc231-4ebe-49dd-9e62-ea62d3c23f72'),
(484,483,NULL,238,6,'craft\\elements\\Entry',1,0,'2025-08-20 22:01:17','2025-08-20 22:01:17',NULL,NULL,NULL,'485ae322-0a90-47c8-aa28-1a535baff5c5'),
(485,NULL,NULL,NULL,6,'craft\\elements\\Entry',1,0,'2025-08-20 22:01:22','2025-08-20 22:01:30',NULL,NULL,NULL,'019352c4-069d-42e8-8424-ac0de36a3ff3'),
(486,485,NULL,239,6,'craft\\elements\\Entry',1,0,'2025-08-20 22:01:30','2025-08-20 22:01:30',NULL,NULL,NULL,'5b15e794-120c-4028-a939-70a24320f03a'),
(487,NULL,NULL,NULL,6,'craft\\elements\\Entry',1,0,'2025-08-20 22:01:56','2025-08-20 22:02:03',NULL,NULL,NULL,'12909ae0-a512-4b87-a2de-762fc097ba48'),
(488,487,NULL,240,6,'craft\\elements\\Entry',1,0,'2025-08-20 22:02:03','2025-08-20 22:02:03',NULL,NULL,NULL,'8f2f40b7-c8dd-4269-9a64-5ebeb4c3c3fb'),
(489,NULL,NULL,NULL,6,'craft\\elements\\Entry',1,0,'2025-08-20 22:02:05','2025-08-20 22:02:13',NULL,NULL,NULL,'25f98012-5633-4829-b941-2757508affba'),
(490,489,NULL,241,6,'craft\\elements\\Entry',1,0,'2025-08-20 22:02:13','2025-08-20 22:02:13',NULL,NULL,NULL,'b7550ee6-d64a-4724-9914-4c567aa2ece7'),
(491,NULL,NULL,NULL,6,'craft\\elements\\Entry',1,0,'2025-08-20 22:02:13','2025-08-20 22:02:19',NULL,NULL,NULL,'50117c21-038a-42be-bf0c-d5732fc15be7'),
(492,491,NULL,242,6,'craft\\elements\\Entry',1,0,'2025-08-20 22:02:19','2025-08-20 22:02:19',NULL,NULL,NULL,'43c9b5a3-7c85-4352-a122-8a3f4c8a8616'),
(493,NULL,NULL,NULL,6,'craft\\elements\\Entry',1,0,'2025-08-20 22:02:23','2025-08-20 22:02:28',NULL,NULL,NULL,'c8d4490f-c38e-4c36-a37e-57c3a8a9b1a3'),
(494,493,NULL,243,6,'craft\\elements\\Entry',1,0,'2025-08-20 22:02:28','2025-08-20 22:02:28',NULL,NULL,NULL,'1861e046-fd59-41b8-beb6-8ec6c9a75cec'),
(495,NULL,NULL,NULL,6,'craft\\elements\\Entry',1,0,'2025-08-20 22:02:28','2025-08-20 22:02:34',NULL,NULL,NULL,'5e632a25-c3f5-48b7-b309-57ff17c2b80f'),
(496,495,NULL,244,6,'craft\\elements\\Entry',1,0,'2025-08-20 22:02:34','2025-08-20 22:02:34',NULL,NULL,NULL,'c838b1bb-69d2-47a9-a1c1-1a84fde8ca9a'),
(497,NULL,NULL,NULL,6,'craft\\elements\\Entry',1,0,'2025-08-20 22:02:53','2025-08-20 22:02:59',NULL,NULL,NULL,'68eb2786-c4db-4964-b947-56e3b1a85a38'),
(498,497,NULL,245,6,'craft\\elements\\Entry',1,0,'2025-08-20 22:02:59','2025-08-20 22:02:59',NULL,NULL,NULL,'01d3e7fa-cfdf-4d96-b03e-c0e321fbc668'),
(499,NULL,NULL,NULL,6,'craft\\elements\\Entry',1,0,'2025-08-20 22:12:20','2025-08-20 22:12:23',NULL,NULL,NULL,'0ce91c4a-ace5-4055-b123-443e291031f2'),
(500,499,NULL,246,6,'craft\\elements\\Entry',1,0,'2025-08-20 22:12:23','2025-08-20 22:12:23',NULL,NULL,NULL,'09985d3b-e9d4-4eed-9b6a-d07a77b69524'),
(501,NULL,NULL,NULL,6,'craft\\elements\\Entry',1,0,'2025-08-20 22:12:23','2025-08-20 22:12:28',NULL,NULL,NULL,'372887eb-9909-4edd-b5ea-459796d65105'),
(502,501,NULL,247,6,'craft\\elements\\Entry',1,0,'2025-08-20 22:12:28','2025-08-20 22:12:28',NULL,NULL,NULL,'fdcb9b26-a13b-44e2-b4b9-38c3e52e4436'),
(503,NULL,NULL,NULL,6,'craft\\elements\\Entry',1,0,'2025-08-20 22:12:32','2025-08-20 22:12:34',NULL,NULL,NULL,'07e6baca-fca0-4500-aabe-36a66b94ad5b'),
(504,503,NULL,248,6,'craft\\elements\\Entry',1,0,'2025-08-20 22:12:34','2025-08-20 22:12:34',NULL,NULL,NULL,'a1979fb9-d778-4efe-96bd-5742c169e4c0'),
(505,NULL,224,NULL,6,'craft\\elements\\Entry',1,0,'2025-08-20 22:12:34','2025-08-20 22:12:34',NULL,NULL,NULL,'d5b94a83-6ba3-4e1d-96e3-85cae8ddb0c1'),
(506,NULL,NULL,NULL,6,'craft\\elements\\Entry',1,0,'2025-08-20 22:12:49','2025-08-20 22:12:50',NULL,NULL,NULL,'5ebee889-c8d9-4b9f-8bf7-a62ae1a29956'),
(507,506,NULL,249,6,'craft\\elements\\Entry',1,0,'2025-08-20 22:12:50','2025-08-20 22:12:50',NULL,NULL,NULL,'ac17d91b-f5d0-4971-8b0b-cdc61f16d510'),
(508,NULL,NULL,NULL,6,'craft\\elements\\Entry',1,0,'2025-08-20 22:12:50','2025-08-20 22:12:54',NULL,NULL,NULL,'98ca941b-4d3d-4084-bc19-15ee6f02b9a0'),
(509,508,NULL,250,6,'craft\\elements\\Entry',1,0,'2025-08-20 22:12:54','2025-08-20 22:12:54',NULL,NULL,NULL,'c9960642-98ec-4f90-827f-3a044bb7c082'),
(510,NULL,NULL,NULL,6,'craft\\elements\\Entry',1,0,'2025-08-20 22:12:54','2025-08-20 22:12:57',NULL,NULL,NULL,'7b3bdf54-cae0-4032-b4f1-acc65e1beb0f'),
(511,510,NULL,251,6,'craft\\elements\\Entry',1,0,'2025-08-20 22:12:57','2025-08-20 22:12:57',NULL,NULL,NULL,'bcac39b9-622a-43cc-805f-8639537ff312'),
(512,NULL,NULL,NULL,6,'craft\\elements\\Entry',1,0,'2025-08-20 22:12:57','2025-08-20 22:13:01',NULL,NULL,NULL,'ec55fc9e-09c2-4e54-b4a8-df507090f928'),
(513,512,NULL,252,6,'craft\\elements\\Entry',1,0,'2025-08-20 22:13:01','2025-08-20 22:13:01',NULL,NULL,NULL,'529baec6-ff2b-4ba4-905c-a0f1428b7f6b'),
(514,NULL,NULL,NULL,6,'craft\\elements\\Entry',1,0,'2025-08-20 22:13:01','2025-08-20 22:13:04',NULL,NULL,NULL,'7d5b01fc-0c04-4065-ad4a-43f3c0ced039'),
(515,514,NULL,253,6,'craft\\elements\\Entry',1,0,'2025-08-20 22:13:04','2025-08-20 22:13:04',NULL,NULL,NULL,'bc91f4c4-eaba-4d4f-a70c-490b78486402'),
(516,NULL,NULL,NULL,6,'craft\\elements\\Entry',1,0,'2025-08-20 22:13:04','2025-08-20 22:13:07',NULL,NULL,NULL,'5fd7eefd-57e5-49b8-b751-0f0cc5db74bf'),
(517,516,NULL,254,6,'craft\\elements\\Entry',1,0,'2025-08-20 22:13:07','2025-08-20 22:13:07',NULL,NULL,NULL,'71b81f4e-a2f8-43a1-b9b0-2c7dfc7adcc4'),
(518,NULL,NULL,NULL,6,'craft\\elements\\Entry',1,0,'2025-08-20 22:13:07','2025-08-20 22:13:10',NULL,NULL,NULL,'73a2ffe4-2e14-4cfd-86de-d43278471aec'),
(519,518,NULL,255,6,'craft\\elements\\Entry',1,0,'2025-08-20 22:13:10','2025-08-20 22:13:10',NULL,NULL,NULL,'627cf149-b41f-40ef-86f3-6cb12a2e47cc'),
(520,NULL,NULL,NULL,6,'craft\\elements\\Entry',1,0,'2025-08-20 22:13:10','2025-08-20 22:13:13',NULL,NULL,NULL,'6518b18a-a543-41c0-9993-1ecebe38c0fb'),
(521,520,NULL,256,6,'craft\\elements\\Entry',1,0,'2025-08-20 22:13:13','2025-08-20 22:13:13',NULL,NULL,NULL,'ec864cfd-7930-42ab-8ce1-a3eb03c4cf77'),
(522,NULL,NULL,NULL,6,'craft\\elements\\Entry',1,0,'2025-08-20 22:13:13','2025-08-20 22:13:15',NULL,NULL,NULL,'a9d646b2-ab9b-4d0f-95a0-b1389cb6a587'),
(523,522,NULL,257,6,'craft\\elements\\Entry',1,0,'2025-08-20 22:13:15','2025-08-20 22:13:15',NULL,NULL,NULL,'31f7b586-090d-4d4a-a050-1d74b96a7f51'),
(524,NULL,NULL,NULL,6,'craft\\elements\\Entry',1,0,'2025-08-20 22:13:15','2025-08-20 22:13:18',NULL,NULL,NULL,'9bda47a5-c030-4f3a-8918-3f21140d5519'),
(525,524,NULL,258,6,'craft\\elements\\Entry',1,0,'2025-08-20 22:13:18','2025-08-20 22:13:18',NULL,NULL,NULL,'6f7a86a5-d734-4d6b-a8b6-747209a7ee0b'),
(528,2,NULL,259,1,'craft\\elements\\Entry',1,0,'2025-08-20 22:17:19','2025-08-20 22:17:19',NULL,NULL,NULL,'724c7301-4f38-4e31-96b3-5c8d0aec5cad'),
(530,NULL,NULL,NULL,6,'craft\\elements\\Entry',1,0,'2025-08-20 22:17:42','2025-08-20 22:17:46',NULL,NULL,NULL,'ee840fa4-636f-423a-9142-830b7c0e85d3'),
(531,530,NULL,260,6,'craft\\elements\\Entry',1,0,'2025-08-20 22:17:46','2025-08-20 22:17:46',NULL,NULL,NULL,'ad752b76-fe98-477b-8889-9948c9492c9b'),
(532,NULL,NULL,NULL,6,'craft\\elements\\Entry',1,0,'2025-08-20 22:17:53','2025-08-20 22:18:02',NULL,NULL,NULL,'3638cb68-2a5a-43d0-a9f7-64efac14abf3'),
(533,532,NULL,261,6,'craft\\elements\\Entry',1,0,'2025-08-20 22:18:02','2025-08-20 22:18:02',NULL,NULL,NULL,'3abc8fb7-bb91-4f65-8767-397b8e7fc8a2'),
(534,NULL,NULL,NULL,6,'craft\\elements\\Entry',1,0,'2025-08-20 22:18:14','2025-08-20 22:18:29',NULL,NULL,NULL,'ede61ecf-d245-424c-975b-73d620cf6db3'),
(535,534,NULL,262,6,'craft\\elements\\Entry',1,0,'2025-08-20 22:18:21','2025-08-20 22:18:21',NULL,NULL,NULL,'73f04776-257b-4186-a45b-53b68a59f537'),
(536,534,NULL,263,6,'craft\\elements\\Entry',1,0,'2025-08-20 22:18:29','2025-08-20 22:18:29',NULL,NULL,NULL,'759b074e-21ae-4792-bdc5-82829ff9e5e6'),
(537,2,NULL,264,1,'craft\\elements\\Entry',1,0,'2025-08-20 22:19:42','2025-08-20 22:19:43',NULL,NULL,NULL,'67425d12-43ec-4d4a-b54e-e9acb67887cd'),
(541,2,NULL,267,1,'craft\\elements\\Entry',1,0,'2025-08-20 22:23:31','2025-08-20 22:23:31',NULL,NULL,NULL,'1e1a8de3-e248-47ff-9bb7-06fe00dec961'),
(543,2,NULL,268,1,'craft\\elements\\Entry',1,0,'2025-08-20 22:23:42','2025-08-20 22:23:42',NULL,NULL,NULL,'b427d335-6201-4b48-acf8-452c68aa7216'),
(545,NULL,NULL,NULL,8,'craft\\elements\\Asset',1,0,'2025-09-02 20:43:21','2025-09-02 20:43:21',NULL,NULL,NULL,'b2b558ce-cd40-4d4c-a797-ca5bb55acd23'),
(546,2,NULL,269,1,'craft\\elements\\Entry',1,0,'2025-09-02 20:43:29','2025-09-02 20:43:30',NULL,NULL,NULL,'441c0b7d-1c0f-41db-a655-566fdbfb221f'),
(548,NULL,NULL,NULL,9,'craft\\elements\\Asset',1,0,'2025-09-02 21:15:29','2025-09-02 21:15:29',NULL,NULL,NULL,'229e6ff4-c6db-48ed-8904-f9db2161ad70'),
(549,2,NULL,270,1,'craft\\elements\\Entry',1,0,'2025-09-02 21:15:32','2025-09-02 21:15:32',NULL,NULL,NULL,'582b4cc3-7045-4b75-b773-da22c188c7a5'),
(553,2,NULL,272,1,'craft\\elements\\Entry',1,0,'2025-09-02 21:46:06','2025-09-02 21:46:06',NULL,NULL,NULL,'23125f1d-4f6b-4631-b698-3c6276b803b3'),
(554,NULL,NULL,NULL,16,'craft\\elements\\GlobalSet',1,0,'2025-09-02 21:50:29','2025-09-02 21:51:29',NULL,NULL,NULL,'ac2e66d3-984a-4e83-b29d-422f84e8c085'),
(555,NULL,NULL,NULL,11,'craft\\elements\\Entry',1,0,'2025-09-02 22:24:40','2025-09-02 22:24:46',NULL,NULL,NULL,'d84d167e-eaf4-4415-99d2-ab38cfaa1965'),
(556,555,NULL,273,11,'craft\\elements\\Entry',1,0,'2025-09-02 22:24:46','2025-09-02 22:24:46',NULL,NULL,NULL,'6a620e7e-d6e3-4a23-a5f8-6258867f4daa'),
(557,NULL,NULL,NULL,11,'craft\\elements\\Entry',1,0,'2025-09-02 22:24:46','2025-09-02 22:24:52',NULL,NULL,NULL,'1cee90b2-4187-4b57-a0bd-db245bf510a1'),
(558,557,NULL,274,11,'craft\\elements\\Entry',1,0,'2025-09-02 22:24:52','2025-09-02 22:24:52',NULL,NULL,NULL,'f836702a-f488-4fee-90ed-15f1cb5bb4a1'),
(559,NULL,NULL,NULL,11,'craft\\elements\\Entry',1,0,'2025-09-02 22:24:52','2025-09-02 22:24:59',NULL,NULL,NULL,'2abc4ce0-fc48-4a6c-9c02-573fdcccfd9e'),
(560,559,NULL,275,11,'craft\\elements\\Entry',1,0,'2025-09-02 22:24:59','2025-09-02 22:24:59',NULL,NULL,NULL,'0264ae86-3a96-46f7-837a-1ee4c05e4104'),
(561,NULL,NULL,NULL,11,'craft\\elements\\Entry',1,0,'2025-09-02 22:24:59','2025-09-02 22:25:02',NULL,NULL,NULL,'d6eb4e88-c542-461f-a878-846ece13c964'),
(562,561,NULL,276,11,'craft\\elements\\Entry',1,0,'2025-09-02 22:25:02','2025-09-02 22:25:02',NULL,NULL,NULL,'66eca11b-cd50-46c2-a268-d41bf867f57d'),
(563,NULL,NULL,NULL,11,'craft\\elements\\Entry',1,0,'2025-09-02 22:25:02','2025-09-02 22:25:06',NULL,NULL,NULL,'42130eab-77a7-44f1-83bb-7d6217866d87'),
(564,563,NULL,277,11,'craft\\elements\\Entry',1,0,'2025-09-02 22:25:06','2025-09-02 22:25:06',NULL,NULL,NULL,'b4b77612-2541-43d8-82d0-4fc70a534781'),
(566,2,NULL,278,1,'craft\\elements\\Entry',1,0,'2025-09-02 22:26:19','2025-09-02 22:26:19',NULL,NULL,NULL,'e66b361a-afdb-4938-bea9-dfbce02ac7c4'),
(568,2,NULL,279,1,'craft\\elements\\Entry',1,0,'2025-09-02 22:26:44','2025-09-02 22:26:44',NULL,NULL,NULL,'406473a9-3124-4715-a7fc-69bffdb23581'),
(570,2,NULL,280,1,'craft\\elements\\Entry',1,0,'2025-09-02 22:27:53','2025-09-02 22:27:53',NULL,NULL,NULL,'ac6de050-ca9d-41d0-a8c4-8ed04545d9fb'),
(575,2,NULL,281,1,'craft\\elements\\Entry',1,0,'2025-09-02 22:28:18','2025-09-02 22:28:18',NULL,NULL,NULL,'87ee2d89-619f-4253-a750-b3b0c959bd62'),
(577,2,NULL,282,1,'craft\\elements\\Entry',1,0,'2025-09-03 01:11:03','2025-09-03 01:11:03',NULL,NULL,NULL,'b880b4ad-fb48-40e0-b69a-57063decd1a9'),
(581,2,NULL,284,1,'craft\\elements\\Entry',1,0,'2025-09-03 19:59:09','2025-09-03 19:59:09',NULL,NULL,NULL,'15378359-c704-42d1-b7a5-3617822ce0e5'),
(586,2,NULL,285,1,'craft\\elements\\Entry',1,0,'2025-09-03 21:05:58','2025-09-03 21:05:58',NULL,NULL,NULL,'75f819fc-b8d4-43c7-9b21-d330c09b78ab'),
(587,56,NULL,286,3,'craft\\elements\\Entry',1,0,'2025-09-03 21:05:58','2025-09-03 21:05:58',NULL,NULL,NULL,'00567ab8-f390-4a29-87ef-1d98b34e4d5e'),
(588,57,NULL,287,3,'craft\\elements\\Entry',1,0,'2025-09-03 21:05:58','2025-09-03 21:05:58',NULL,NULL,NULL,'a1ef1575-747a-40ff-ab52-7d93e4303e22'),
(589,63,NULL,288,3,'craft\\elements\\Entry',1,0,'2025-09-03 21:05:58','2025-09-03 21:05:58',NULL,NULL,NULL,'16fd532f-395f-4c22-999d-c5cb59a60542'),
(592,2,NULL,289,1,'craft\\elements\\Entry',1,0,'2025-09-03 21:06:15','2025-09-03 21:06:15',NULL,NULL,NULL,'bffaeda7-0048-432d-9e5e-517fc27be3db'),
(593,63,NULL,290,3,'craft\\elements\\Entry',1,0,'2025-09-03 21:06:15','2025-09-03 21:06:15',NULL,NULL,NULL,'f64dc4e0-f21a-4b12-8a56-b8b8a1b1ba5d'),
(596,2,NULL,291,1,'craft\\elements\\Entry',1,0,'2025-09-03 21:08:08','2025-09-03 21:08:08',NULL,NULL,NULL,'bf84cc3e-fe8b-4026-afb0-f4e9a6d000f0'),
(597,63,NULL,292,3,'craft\\elements\\Entry',1,0,'2025-09-03 21:08:08','2025-09-03 21:08:08',NULL,NULL,NULL,'83cf04aa-cff0-4968-8a54-92870b171901'),
(599,2,NULL,293,1,'craft\\elements\\Entry',1,0,'2025-09-03 21:21:53','2025-09-03 21:21:53',NULL,NULL,NULL,'6b31251e-1ce2-445a-a160-3adf5e41b5a4'),
(601,NULL,NULL,NULL,5,'craft\\elements\\Entry',1,0,'2025-09-03 21:48:04','2025-09-03 22:13:41',NULL,NULL,NULL,'9a0f8b68-a562-4873-b0ed-8507a6b25f6a'),
(602,601,NULL,294,5,'craft\\elements\\Entry',1,0,'2025-09-03 21:48:33','2025-09-03 21:48:33',NULL,NULL,NULL,'5493f4d8-9cd9-489a-9503-1616b9080fd0'),
(603,NULL,NULL,NULL,5,'craft\\elements\\Entry',1,0,'2025-09-03 21:48:33','2025-09-03 21:58:36',NULL,'2025-09-03 21:58:36',NULL,'836fd052-4d0c-4245-8774-acddb158100b'),
(604,603,NULL,295,5,'craft\\elements\\Entry',1,0,'2025-09-03 21:48:45','2025-09-03 21:48:45',NULL,'2025-09-03 21:58:36',NULL,'8f5c13ca-7ca3-4c0c-b9cc-a6efdebd5579'),
(605,NULL,NULL,NULL,5,'craft\\elements\\Entry',1,0,'2025-09-03 21:48:47','2025-09-03 21:58:30',NULL,NULL,NULL,'81303c7f-793e-4e55-bfa7-c02492f7c347'),
(606,605,NULL,296,5,'craft\\elements\\Entry',1,0,'2025-09-03 21:48:52','2025-09-03 21:48:52',NULL,NULL,NULL,'7f0e29a6-41f3-45fd-925d-fd9e234a832a'),
(607,605,NULL,297,5,'craft\\elements\\Entry',1,0,'2025-09-03 21:49:15','2025-09-03 21:49:15',NULL,NULL,NULL,'da47c1b6-8b38-4b88-808b-a3c12590b010'),
(608,601,NULL,298,5,'craft\\elements\\Entry',1,0,'2025-09-03 21:49:20','2025-09-03 21:49:20',NULL,NULL,NULL,'6b9349c5-491f-4b98-9c0c-558baa78c3dd'),
(609,601,NULL,299,5,'craft\\elements\\Entry',1,0,'2025-09-03 21:49:25','2025-09-03 21:49:26',NULL,NULL,NULL,'7d47a22a-2b18-45e2-a9be-172f304f50b1'),
(610,601,NULL,300,5,'craft\\elements\\Entry',1,0,'2025-09-03 21:52:33','2025-09-03 21:52:33',NULL,NULL,NULL,'187fd43b-d044-4624-afc8-234a7d9a5532'),
(612,NULL,NULL,NULL,17,'craft\\elements\\Asset',1,0,'2025-09-03 21:56:34','2025-09-03 21:56:34',NULL,NULL,NULL,'b6a9c079-dc19-4954-b3f6-6ac89a38efea'),
(613,NULL,NULL,NULL,17,'craft\\elements\\Asset',1,0,'2025-09-03 21:56:34','2025-09-03 21:56:34',NULL,NULL,NULL,'201462f8-ba2a-4661-84ed-78215a573b9d'),
(614,NULL,NULL,NULL,17,'craft\\elements\\Asset',1,0,'2025-09-03 21:56:35','2025-09-03 21:56:35',NULL,NULL,NULL,'1c2571b2-105d-4981-882f-33972a3fa4f6'),
(616,601,NULL,301,5,'craft\\elements\\Entry',1,0,'2025-09-03 21:56:43','2025-09-03 21:56:43',NULL,NULL,NULL,'271d147f-fb1b-4556-92ef-f203c3166ec0'),
(617,NULL,NULL,NULL,5,'craft\\elements\\Entry',1,0,'2025-09-03 21:56:43','2025-09-03 21:57:10',NULL,NULL,NULL,'17aedcab-15f5-449a-a2ee-a3f262aa4476'),
(618,617,NULL,302,5,'craft\\elements\\Entry',1,0,'2025-09-03 21:56:47','2025-09-03 21:56:47',NULL,NULL,NULL,'87697077-a17f-4c23-aae4-1a85ccbe1848'),
(619,617,NULL,303,5,'craft\\elements\\Entry',1,0,'2025-09-03 21:56:57','2025-09-03 21:56:57',NULL,NULL,NULL,'7cdd5ba4-6db4-41b5-9831-12e4bdbcac37'),
(621,617,NULL,304,5,'craft\\elements\\Entry',1,0,'2025-09-03 21:57:10','2025-09-03 21:57:10',NULL,NULL,NULL,'13fcae8c-1e31-42a7-8a3a-cb30b2361924'),
(623,605,NULL,305,5,'craft\\elements\\Entry',1,0,'2025-09-03 21:58:30','2025-09-03 21:58:30',NULL,NULL,NULL,'396501be-a3ae-4f36-9f6a-93100cf965c8'),
(624,NULL,280,NULL,5,'craft\\elements\\Entry',1,0,'2025-09-03 21:58:41','2025-09-03 21:58:41',NULL,NULL,NULL,'d1a40978-5caf-4aae-a94d-4f2bc707514c'),
(625,2,NULL,306,1,'craft\\elements\\Entry',1,0,'2025-09-03 21:59:11','2025-09-03 21:59:11',NULL,NULL,NULL,'b5ebfcfa-bdca-43d6-be70-54ef931f1886'),
(627,2,NULL,307,1,'craft\\elements\\Entry',1,0,'2025-09-03 22:00:27','2025-09-03 22:00:27',NULL,NULL,NULL,'4f1169ce-377f-4715-9313-747ce51ebf82'),
(629,601,NULL,308,5,'craft\\elements\\Entry',1,0,'2025-09-03 22:13:41','2025-09-03 22:13:41',NULL,NULL,NULL,'f99e598e-5b3f-408e-a17b-84356450ed28'),
(630,2,NULL,309,1,'craft\\elements\\Entry',1,0,'2025-09-03 22:13:43','2025-09-03 22:13:43',NULL,NULL,NULL,'ee2306c4-1096-43a3-a639-4da1cc2cdd16'),
(632,NULL,NULL,NULL,10,'craft\\elements\\Asset',1,0,'2025-09-03 22:27:11','2025-09-03 22:27:11',NULL,NULL,NULL,'091c844c-50d7-4e50-bafa-a6bf56239538'),
(634,NULL,NULL,NULL,10,'craft\\elements\\Asset',1,0,'2025-09-03 22:27:23','2025-09-03 22:27:23',NULL,NULL,NULL,'a5ef07ab-c50e-4220-a35a-0951d700536e'),
(636,2,NULL,310,1,'craft\\elements\\Entry',1,0,'2025-09-03 22:27:29','2025-09-03 22:27:30',NULL,NULL,NULL,'927bb0f8-4b17-4c65-8d99-1f778f903322'),
(637,44,NULL,311,2,'craft\\elements\\Entry',1,0,'2025-09-03 22:27:30','2025-09-03 22:27:30',NULL,'2025-09-11 18:48:35',NULL,'0fceaddd-72a5-45fd-84d0-23dab07d78bb'),
(638,445,NULL,312,2,'craft\\elements\\Entry',1,0,'2025-09-03 22:27:30','2025-09-03 22:27:30',NULL,'2025-09-11 18:48:35',NULL,'d1d14c83-6091-4c8f-a603-acc72dd8de77'),
(640,2,NULL,313,1,'craft\\elements\\Entry',1,0,'2025-09-03 22:28:47','2025-09-03 22:28:47',NULL,NULL,NULL,'7ab34e60-a78f-445e-8ea3-e5b9c1dee16e'),
(643,294,NULL,314,12,'craft\\elements\\Entry',1,0,'2025-09-05 20:01:00','2025-09-05 20:01:00',NULL,NULL,NULL,'7eafbe4f-c358-4e15-881c-a9746014b665'),
(645,294,NULL,315,12,'craft\\elements\\Entry',1,0,'2025-09-05 20:01:26','2025-09-05 20:01:26',NULL,NULL,NULL,'6047d60c-06f7-41db-a671-e6e8a8bb216d'),
(646,294,NULL,316,12,'craft\\elements\\Entry',1,0,'2025-09-05 20:01:55','2025-09-05 20:01:55',NULL,NULL,NULL,'be7fa520-3857-4afe-84d0-cdae09d42dce'),
(647,2,NULL,317,1,'craft\\elements\\Entry',1,0,'2025-09-11 17:30:28','2025-09-11 17:30:28',NULL,NULL,NULL,'1fce243f-20e5-4f45-8c7b-053b878a1e6b'),
(648,2,NULL,318,1,'craft\\elements\\Entry',1,0,'2025-09-11 18:16:32','2025-09-11 18:16:32',NULL,NULL,NULL,'5b2c04e8-b905-4f6e-88ee-898ee7839269'),
(649,56,NULL,319,3,'craft\\elements\\Entry',1,0,'2025-09-11 18:16:32','2025-09-11 18:16:32',NULL,NULL,NULL,'905845c7-66b1-4db1-b559-6bb13b4b2de9'),
(650,57,NULL,320,3,'craft\\elements\\Entry',1,0,'2025-09-11 18:16:32','2025-09-11 18:16:32',NULL,NULL,NULL,'bbd10392-6dde-4d9e-aeee-ef45959ee705'),
(651,63,NULL,321,3,'craft\\elements\\Entry',1,0,'2025-09-11 18:16:32','2025-09-11 18:16:32',NULL,NULL,NULL,'588cd696-05da-4324-8587-dbecd42c1b68'),
(652,44,NULL,322,2,'craft\\elements\\Entry',1,0,'2025-09-11 18:16:32','2025-09-11 18:16:32',NULL,'2025-09-11 18:48:35',NULL,'592458e2-0949-4bca-a262-241135ba53d1'),
(653,445,NULL,323,2,'craft\\elements\\Entry',1,0,'2025-09-11 18:16:32','2025-09-11 18:16:32',NULL,'2025-09-11 18:48:35',NULL,'8a8c63d2-f9b9-4bd0-99ae-6afa17215b68'),
(834,2,NULL,414,1,'craft\\elements\\Entry',1,0,'2025-09-11 18:16:35','2025-09-11 18:16:35',NULL,NULL,NULL,'82fd5379-edc8-473e-8eae-0a4c38627028'),
(835,56,NULL,415,3,'craft\\elements\\Entry',1,0,'2025-09-11 18:16:35','2025-09-11 18:16:35',NULL,NULL,NULL,'3d2e1b65-21e5-4b61-b39d-7af3c6514782'),
(836,57,NULL,416,3,'craft\\elements\\Entry',1,0,'2025-09-11 18:16:35','2025-09-11 18:16:35',NULL,NULL,NULL,'7201ab16-8f87-4eb4-863f-9741b570da54'),
(837,63,NULL,417,3,'craft\\elements\\Entry',1,0,'2025-09-11 18:16:35','2025-09-11 18:16:35',NULL,NULL,NULL,'faffecea-e5ff-4d44-9c15-2e6482072e68'),
(838,44,NULL,418,2,'craft\\elements\\Entry',1,0,'2025-09-11 18:16:35','2025-09-11 18:16:35',NULL,'2025-09-11 18:48:35',NULL,'00d844b9-3946-4447-8a9f-ea6423199e05'),
(839,445,NULL,419,2,'craft\\elements\\Entry',1,0,'2025-09-11 18:16:35','2025-09-11 18:16:35',NULL,'2025-09-11 18:48:35',NULL,'913a6407-8c18-4354-bce7-684f37a61b0a'),
(932,2,NULL,511,1,'craft\\elements\\Entry',1,0,'2025-09-11 18:17:21','2025-09-11 18:17:21',NULL,NULL,NULL,'2d1fd9af-d8bc-4fdb-826e-d8170fef5752'),
(936,2,294,NULL,1,'craft\\elements\\Entry',1,0,'2025-09-11 18:39:16','2025-09-11 18:43:48',NULL,NULL,NULL,'23d9e915-4f79-4ca6-b0a6-68750edbba3a'),
(937,NULL,NULL,NULL,2,'craft\\elements\\Entry',1,0,'2025-09-11 18:48:35','2025-09-11 18:48:35',NULL,NULL,NULL,'24f55e9b-db5a-4235-9480-ab15fa446afa'),
(938,NULL,NULL,NULL,2,'craft\\elements\\Entry',1,0,'2025-09-11 18:48:35','2025-09-11 18:48:35',NULL,NULL,NULL,'a2418a26-2f30-4381-89b0-90c4cbe3dacb'),
(939,2,NULL,512,1,'craft\\elements\\Entry',1,0,'2025-09-11 18:48:35','2025-09-11 18:48:35',NULL,NULL,NULL,'0608e6fd-701b-4ef9-bfb2-28202ae1886c'),
(940,56,NULL,513,3,'craft\\elements\\Entry',1,0,'2025-09-11 18:48:35','2025-09-11 18:48:35',NULL,NULL,NULL,'a553cc4e-8e7d-4709-a19b-8d2cd234b877'),
(941,57,NULL,514,3,'craft\\elements\\Entry',1,0,'2025-09-11 18:48:35','2025-09-11 18:48:35',NULL,NULL,NULL,'f56b37f2-34d1-4730-badb-a114a02b6029'),
(942,63,NULL,515,3,'craft\\elements\\Entry',1,0,'2025-09-11 18:48:35','2025-09-11 18:48:35',NULL,NULL,NULL,'a4f6d4e7-738c-4de1-8dd5-e4e4ce07d859'),
(943,937,NULL,516,2,'craft\\elements\\Entry',1,0,'2025-09-11 18:48:35','2025-09-11 18:48:35',NULL,NULL,NULL,'773f8d6e-dfed-4e6e-83ab-6393a3764e56'),
(944,938,NULL,517,2,'craft\\elements\\Entry',1,0,'2025-09-11 18:48:35','2025-09-11 18:48:35',NULL,NULL,NULL,'c436d386-fa7b-4585-8b4c-e08d05082488'),
(945,NULL,NULL,NULL,1,'craft\\elements\\Entry',1,0,'2025-09-11 18:48:35','2025-09-11 18:48:35',NULL,NULL,NULL,'48a6c670-2b37-4c4d-8fd4-53ac20d90d2e'),
(946,NULL,NULL,NULL,2,'craft\\elements\\Entry',1,0,'2025-09-11 18:48:35','2025-09-11 18:48:35',NULL,NULL,NULL,'4677fc2c-6108-4598-bf64-bb392f01fb31'),
(947,NULL,NULL,NULL,2,'craft\\elements\\Entry',1,0,'2025-09-11 18:48:35','2025-09-11 18:48:35',NULL,NULL,NULL,'f6d15841-9c18-449c-9709-1cd9541bfcad'),
(948,945,NULL,518,1,'craft\\elements\\Entry',1,0,'2025-09-11 18:48:35','2025-09-11 18:48:35',NULL,NULL,NULL,'d00d49ed-451a-4fdb-b911-c0dd3830e8f8'),
(949,946,NULL,519,2,'craft\\elements\\Entry',1,0,'2025-09-11 18:48:35','2025-09-11 18:48:35',NULL,NULL,NULL,'23bd81a5-b057-407f-9a12-423c4b17248f'),
(950,947,NULL,520,2,'craft\\elements\\Entry',1,0,'2025-09-11 18:48:35','2025-09-11 18:48:35',NULL,NULL,NULL,'429de7e3-148b-4e9e-b6f2-6e307adc6d7a'),
(951,NULL,NULL,NULL,1,'craft\\elements\\Entry',1,0,'2025-09-11 18:48:35','2025-09-11 18:48:35',NULL,NULL,NULL,'41b0861e-5cf7-40dd-9483-713f223be7e6'),
(952,NULL,NULL,NULL,2,'craft\\elements\\Entry',1,0,'2025-09-11 18:48:35','2025-09-11 18:48:35',NULL,NULL,NULL,'b98b3342-f7f3-4cf7-a606-dfb8d8c57213'),
(953,NULL,NULL,NULL,2,'craft\\elements\\Entry',1,0,'2025-09-11 18:48:35','2025-09-11 18:48:35',NULL,NULL,NULL,'7d66e02a-7cd7-43c9-b9f7-242ee195d3c9'),
(954,951,NULL,521,1,'craft\\elements\\Entry',1,0,'2025-09-11 18:48:35','2025-09-11 18:48:35',NULL,NULL,NULL,'fee03515-569f-49ee-adf2-268d99539a65'),
(955,952,NULL,522,2,'craft\\elements\\Entry',1,0,'2025-09-11 18:48:35','2025-09-11 18:48:35',NULL,NULL,NULL,'5e020e4c-9336-4523-a3b6-35fd878e2937'),
(956,953,NULL,523,2,'craft\\elements\\Entry',1,0,'2025-09-11 18:48:35','2025-09-11 18:48:35',NULL,NULL,NULL,'408b201e-e403-43ec-ac8e-74c31393f3af'),
(957,NULL,NULL,NULL,1,'craft\\elements\\Entry',1,0,'2025-09-11 18:48:35','2025-09-11 18:48:35',NULL,NULL,NULL,'e399c88e-b5dc-4726-a6ed-2abac9d595cb'),
(958,NULL,NULL,NULL,2,'craft\\elements\\Entry',1,0,'2025-09-11 18:48:35','2025-09-11 18:48:35',NULL,NULL,NULL,'c8a9aff4-6509-4848-8d3d-9f4311033df8'),
(959,NULL,NULL,NULL,2,'craft\\elements\\Entry',1,0,'2025-09-11 18:48:35','2025-09-11 18:48:35',NULL,NULL,NULL,'14f9dc98-7af4-4950-8606-ecec2f3929d4'),
(960,957,NULL,524,1,'craft\\elements\\Entry',1,0,'2025-09-11 18:48:35','2025-09-11 18:48:35',NULL,NULL,NULL,'e8874927-9f48-44ab-8399-c26f2b036a0d'),
(961,958,NULL,525,2,'craft\\elements\\Entry',1,0,'2025-09-11 18:48:35','2025-09-11 18:48:35',NULL,NULL,NULL,'2448fede-bcb5-4ace-98a8-aff6695e4df6'),
(962,959,NULL,526,2,'craft\\elements\\Entry',1,0,'2025-09-11 18:48:35','2025-09-11 18:48:35',NULL,NULL,NULL,'dc2ae1c5-62d2-40ce-8ed1-24d8733e65a1'),
(963,NULL,NULL,NULL,1,'craft\\elements\\Entry',1,0,'2025-09-11 18:48:35','2025-09-11 18:48:35',NULL,NULL,NULL,'73fa4e85-c923-4543-bb10-e2c4af7a8a17'),
(964,NULL,NULL,NULL,2,'craft\\elements\\Entry',1,0,'2025-09-11 18:48:35','2025-09-11 18:48:35',NULL,NULL,NULL,'d81c823d-a779-49e9-a216-23cfb46cb460'),
(965,NULL,NULL,NULL,2,'craft\\elements\\Entry',1,0,'2025-09-11 18:48:35','2025-09-11 18:48:35',NULL,NULL,NULL,'c254f4b1-a25c-4871-9fd3-69b5afebe8e6'),
(966,963,NULL,527,1,'craft\\elements\\Entry',1,0,'2025-09-11 18:48:35','2025-09-11 18:48:35',NULL,NULL,NULL,'a21fa523-80fb-46ea-805c-0c79a2c01954'),
(967,964,NULL,528,2,'craft\\elements\\Entry',1,0,'2025-09-11 18:48:35','2025-09-11 18:48:35',NULL,NULL,NULL,'3b464a7a-52fc-4e24-99dd-2d4eb9706fae'),
(968,965,NULL,529,2,'craft\\elements\\Entry',1,0,'2025-09-11 18:48:35','2025-09-11 18:48:35',NULL,NULL,NULL,'dd64d8f9-be2f-40d1-a9ca-4b9f3cb36958'),
(969,NULL,NULL,NULL,1,'craft\\elements\\Entry',1,0,'2025-09-11 18:48:35','2025-09-11 18:48:35',NULL,NULL,NULL,'07e32559-1a52-481c-b6b0-cf9c82ae6850'),
(970,NULL,NULL,NULL,2,'craft\\elements\\Entry',1,0,'2025-09-11 18:48:35','2025-09-11 18:48:35',NULL,NULL,NULL,'4d8952f3-ed9d-425f-9e15-5fe6f7bf26b6'),
(971,NULL,NULL,NULL,2,'craft\\elements\\Entry',1,0,'2025-09-11 18:48:35','2025-09-11 18:48:35',NULL,NULL,NULL,'93a39675-83de-4d41-baf4-5f48eee70b29'),
(972,969,NULL,530,1,'craft\\elements\\Entry',1,0,'2025-09-11 18:48:35','2025-09-11 18:48:35',NULL,NULL,NULL,'c5660b75-e1ce-4318-829a-c60ac71b25e8'),
(973,970,NULL,531,2,'craft\\elements\\Entry',1,0,'2025-09-11 18:48:35','2025-09-11 18:48:35',NULL,NULL,NULL,'3b3fa9f9-a462-4c4c-af1f-83cd52d5b165'),
(974,971,NULL,532,2,'craft\\elements\\Entry',1,0,'2025-09-11 18:48:35','2025-09-11 18:48:35',NULL,NULL,NULL,'5cf0cb2a-e814-4b30-b488-c2c1cfb581d2'),
(975,NULL,NULL,NULL,1,'craft\\elements\\Entry',1,0,'2025-09-11 18:48:35','2025-09-11 18:48:35',NULL,NULL,NULL,'2dc195b1-ef47-4f8b-8fe9-340e9da84901'),
(976,NULL,NULL,NULL,2,'craft\\elements\\Entry',1,0,'2025-09-11 18:48:35','2025-09-11 18:48:35',NULL,NULL,NULL,'faa48ae5-3e79-4c59-bdc6-2aa586af5553'),
(977,NULL,NULL,NULL,2,'craft\\elements\\Entry',1,0,'2025-09-11 18:48:35','2025-09-11 18:48:35',NULL,NULL,NULL,'5a8b5a39-85df-41bb-ac1e-10d860fe42e0'),
(978,975,NULL,533,1,'craft\\elements\\Entry',1,0,'2025-09-11 18:48:35','2025-09-11 18:48:35',NULL,NULL,NULL,'67175160-28fc-4c6a-a070-f0ba8162580d'),
(979,976,NULL,534,2,'craft\\elements\\Entry',1,0,'2025-09-11 18:48:35','2025-09-11 18:48:35',NULL,NULL,NULL,'d210c426-699d-4eea-b8e5-a8b22c5e5779'),
(980,977,NULL,535,2,'craft\\elements\\Entry',1,0,'2025-09-11 18:48:35','2025-09-11 18:48:35',NULL,NULL,NULL,'4bd07ed0-8527-413c-9091-b6850b773e2c'),
(981,NULL,NULL,NULL,1,'craft\\elements\\Entry',1,0,'2025-09-11 18:48:35','2025-09-11 18:48:35',NULL,NULL,NULL,'1ce07899-fff0-4291-a8ab-81cc5f758ceb'),
(982,NULL,NULL,NULL,2,'craft\\elements\\Entry',1,0,'2025-09-11 18:48:35','2025-09-11 18:48:35',NULL,NULL,NULL,'89785f90-186f-4e20-92e2-e4e13eb3fc91'),
(983,NULL,NULL,NULL,2,'craft\\elements\\Entry',1,0,'2025-09-11 18:48:35','2025-09-11 18:48:35',NULL,NULL,NULL,'a60ca119-2b59-4ec7-9c47-0b6792cb9a53'),
(984,NULL,NULL,NULL,2,'craft\\elements\\Entry',1,0,'2025-09-11 18:48:35','2025-09-11 18:48:35',NULL,NULL,NULL,'f8804960-fbb9-4691-82e6-47af75a67885'),
(985,981,NULL,536,1,'craft\\elements\\Entry',1,0,'2025-09-11 18:48:35','2025-09-11 18:48:35',NULL,NULL,NULL,'2ff31236-ba07-46cb-8b22-885f7da30d1c'),
(986,982,NULL,537,2,'craft\\elements\\Entry',1,0,'2025-09-11 18:48:35','2025-09-11 18:48:35',NULL,NULL,NULL,'f60b78b7-d499-4613-b9b2-3553ca165c5d'),
(987,983,NULL,538,2,'craft\\elements\\Entry',1,0,'2025-09-11 18:48:35','2025-09-11 18:48:35',NULL,NULL,NULL,'f7435bea-b704-4e70-8961-143d3c3c1579'),
(988,984,NULL,539,2,'craft\\elements\\Entry',1,0,'2025-09-11 18:48:35','2025-09-11 18:48:35',NULL,NULL,NULL,'cffbb52c-6dd3-4743-9b5d-a7ef325b2175'),
(989,NULL,NULL,NULL,1,'craft\\elements\\Entry',1,0,'2025-09-11 18:48:35','2025-09-11 18:48:35',NULL,NULL,NULL,'24ff8e10-f560-4744-b23a-be3b06e92a17'),
(990,NULL,NULL,NULL,2,'craft\\elements\\Entry',1,0,'2025-09-11 18:48:35','2025-09-11 18:48:35',NULL,NULL,NULL,'55bd04a3-719f-48ca-b282-f2dd4556d0a2'),
(991,NULL,NULL,NULL,2,'craft\\elements\\Entry',1,0,'2025-09-11 18:48:35','2025-09-11 18:48:35',NULL,NULL,NULL,'ce6367da-e26a-4506-a8ab-ce07526e1b47'),
(992,989,NULL,540,1,'craft\\elements\\Entry',1,0,'2025-09-11 18:48:35','2025-09-11 18:48:35',NULL,NULL,NULL,'8886d22b-fe27-466a-b242-7a796f6f2f45'),
(993,990,NULL,541,2,'craft\\elements\\Entry',1,0,'2025-09-11 18:48:35','2025-09-11 18:48:35',NULL,NULL,NULL,'122bb9c9-b72a-463f-9f48-f8cbaed95ea6'),
(994,991,NULL,542,2,'craft\\elements\\Entry',1,0,'2025-09-11 18:48:35','2025-09-11 18:48:35',NULL,NULL,NULL,'74190f3a-9041-428a-b16e-ee4741323fee'),
(995,NULL,NULL,NULL,1,'craft\\elements\\Entry',1,0,'2025-09-11 18:48:35','2025-09-11 18:48:35',NULL,NULL,NULL,'9e6b6166-fdac-4d25-a9fd-5af0c347d533'),
(996,NULL,NULL,NULL,2,'craft\\elements\\Entry',1,0,'2025-09-11 18:48:35','2025-09-11 18:48:35',NULL,NULL,NULL,'430a0992-651a-4999-8ab8-3ec562e0a769'),
(997,995,NULL,543,1,'craft\\elements\\Entry',1,0,'2025-09-11 18:48:35','2025-09-11 18:48:35',NULL,NULL,NULL,'7cf080d4-86a9-4aaa-b315-118ae1207f6e'),
(998,996,NULL,544,2,'craft\\elements\\Entry',1,0,'2025-09-11 18:48:35','2025-09-11 18:48:35',NULL,NULL,NULL,'d1d4a4a6-1fd3-447f-b00f-bed7b6dcbab5'),
(999,NULL,NULL,NULL,1,'craft\\elements\\Entry',1,0,'2025-09-11 18:48:35','2025-09-11 18:48:35',NULL,NULL,NULL,'6e18b054-3c3d-4c80-b7f6-2f7880b2b470'),
(1000,NULL,NULL,NULL,2,'craft\\elements\\Entry',1,0,'2025-09-11 18:48:35','2025-09-11 18:48:35',NULL,NULL,NULL,'a221ac78-813c-4565-a618-069c18a125bd'),
(1001,NULL,NULL,NULL,2,'craft\\elements\\Entry',1,0,'2025-09-11 18:48:35','2025-09-11 18:48:35',NULL,NULL,NULL,'4827e856-5dff-48af-b34b-97be57272aaf'),
(1002,999,NULL,545,1,'craft\\elements\\Entry',1,0,'2025-09-11 18:48:35','2025-09-11 18:48:35',NULL,NULL,NULL,'e891c1c5-3d90-4227-94fa-cef374a97e4b'),
(1003,1000,NULL,546,2,'craft\\elements\\Entry',1,0,'2025-09-11 18:48:35','2025-09-11 18:48:35',NULL,NULL,NULL,'7ffbf820-c595-4969-a049-c838993ee417'),
(1004,1001,NULL,547,2,'craft\\elements\\Entry',1,0,'2025-09-11 18:48:35','2025-09-11 18:48:35',NULL,NULL,NULL,'e606e83b-c362-4d1f-aa6f-1c9fe4541cff'),
(1005,NULL,NULL,NULL,1,'craft\\elements\\Entry',1,0,'2025-09-11 18:48:35','2025-09-11 18:48:35',NULL,NULL,NULL,'5a87fb4c-c5fd-47b4-869e-ec6321ddf8d9'),
(1006,NULL,NULL,NULL,2,'craft\\elements\\Entry',1,0,'2025-09-11 18:48:35','2025-09-11 18:48:35',NULL,NULL,NULL,'3de731a8-bb64-4220-8e1f-15102b5d8ee1'),
(1007,NULL,NULL,NULL,2,'craft\\elements\\Entry',1,0,'2025-09-11 18:48:35','2025-09-11 18:48:35',NULL,NULL,NULL,'3414182c-7409-4c4f-a868-6c5f349bcd3c'),
(1008,1005,NULL,548,1,'craft\\elements\\Entry',1,0,'2025-09-11 18:48:35','2025-09-11 18:48:35',NULL,NULL,NULL,'dda5d0cb-58f2-4149-958f-32b48f2bf45d'),
(1009,1006,NULL,549,2,'craft\\elements\\Entry',1,0,'2025-09-11 18:48:35','2025-09-11 18:48:35',NULL,NULL,NULL,'9c234813-244f-415d-9dd0-21715c828f5f'),
(1010,1007,NULL,550,2,'craft\\elements\\Entry',1,0,'2025-09-11 18:48:35','2025-09-11 18:48:35',NULL,NULL,NULL,'cbe40bb5-8ea1-4a4b-9770-3985889f0b8e'),
(1011,NULL,NULL,NULL,1,'craft\\elements\\Entry',1,0,'2025-09-11 18:48:35','2025-09-11 18:48:35',NULL,NULL,NULL,'95bbd3aa-0bb6-4efa-a47a-610d2b4e2cb3'),
(1012,NULL,NULL,NULL,2,'craft\\elements\\Entry',1,0,'2025-09-11 18:48:35','2025-09-11 18:48:35',NULL,NULL,NULL,'6f95a7aa-4f67-469f-8038-8afcdb7c9685'),
(1013,NULL,NULL,NULL,2,'craft\\elements\\Entry',1,0,'2025-09-11 18:48:35','2025-09-11 18:48:35',NULL,NULL,NULL,'c5bb4917-076b-4924-aec1-fd0c4f79a42c'),
(1014,1011,NULL,551,1,'craft\\elements\\Entry',1,0,'2025-09-11 18:48:35','2025-09-11 18:48:35',NULL,NULL,NULL,'27bbd0e6-a56f-4a3f-8839-fd58d1be5299'),
(1015,1012,NULL,552,2,'craft\\elements\\Entry',1,0,'2025-09-11 18:48:35','2025-09-11 18:48:35',NULL,NULL,NULL,'4e7c266d-b559-4240-af3a-f6a2b9e4360c'),
(1016,1013,NULL,553,2,'craft\\elements\\Entry',1,0,'2025-09-11 18:48:35','2025-09-11 18:48:35',NULL,NULL,NULL,'13978b24-0157-45b8-b886-e9785b0e7126'),
(1017,NULL,NULL,NULL,1,'craft\\elements\\Entry',1,0,'2025-09-11 18:48:35','2025-09-11 18:48:35',NULL,NULL,NULL,'ce3eb7f7-2f87-4b59-9c53-05e0f3c21178'),
(1018,NULL,NULL,NULL,2,'craft\\elements\\Entry',1,0,'2025-09-11 18:48:35','2025-09-11 18:48:35',NULL,NULL,NULL,'856571b0-b255-41c6-a5ae-a33bc32ab06c'),
(1019,NULL,NULL,NULL,2,'craft\\elements\\Entry',1,0,'2025-09-11 18:48:35','2025-09-11 18:48:35',NULL,NULL,NULL,'c4a42116-23b5-4e52-a424-0c665420ab56'),
(1020,1017,NULL,554,1,'craft\\elements\\Entry',1,0,'2025-09-11 18:48:35','2025-09-11 18:48:35',NULL,NULL,NULL,'cd4d931f-c631-47a8-8828-141c1add0474'),
(1021,1018,NULL,555,2,'craft\\elements\\Entry',1,0,'2025-09-11 18:48:35','2025-09-11 18:48:36',NULL,NULL,NULL,'9cf29ee2-f40a-4ef9-ac7d-18404b1d9b61'),
(1022,1019,NULL,556,2,'craft\\elements\\Entry',1,0,'2025-09-11 18:48:35','2025-09-11 18:48:36',NULL,NULL,NULL,'7c7e60b6-0853-480d-8577-ba223745e3ed'),
(1023,NULL,NULL,NULL,1,'craft\\elements\\Entry',1,0,'2025-09-11 18:48:36','2025-09-11 18:48:36',NULL,NULL,NULL,'f2039029-4db6-41fc-921f-6c250bc2b9d7'),
(1024,NULL,NULL,NULL,2,'craft\\elements\\Entry',1,0,'2025-09-11 18:48:36','2025-09-11 18:48:36',NULL,NULL,NULL,'8d5e81f6-0e55-41b8-8147-3c13b5c87e67'),
(1025,NULL,NULL,NULL,2,'craft\\elements\\Entry',1,0,'2025-09-11 18:48:36','2025-09-11 18:48:36',NULL,NULL,NULL,'668a4d24-7a2a-4c68-9eeb-6c95e34557bd'),
(1026,NULL,NULL,NULL,2,'craft\\elements\\Entry',1,0,'2025-09-11 18:48:36','2025-09-11 18:48:36',NULL,NULL,NULL,'0d0fa5bf-4df1-4cf8-8f5c-24033275e48a'),
(1027,1023,NULL,557,1,'craft\\elements\\Entry',1,0,'2025-09-11 18:48:36','2025-09-11 18:48:36',NULL,NULL,NULL,'cf8f523b-2ab7-4b05-8d54-9f197787cf21'),
(1028,1024,NULL,558,2,'craft\\elements\\Entry',1,0,'2025-09-11 18:48:36','2025-09-11 18:48:36',NULL,NULL,NULL,'de20176b-6d25-4248-867c-9a8d438ac844'),
(1029,1025,NULL,559,2,'craft\\elements\\Entry',1,0,'2025-09-11 18:48:36','2025-09-11 18:48:36',NULL,NULL,NULL,'0a9d5a84-0170-4d86-9106-105a3cb1a981'),
(1030,1026,NULL,560,2,'craft\\elements\\Entry',1,0,'2025-09-11 18:48:36','2025-09-11 18:48:36',NULL,NULL,NULL,'6cff5b11-ddd8-4bd5-99a9-46539fc264ae'),
(1031,NULL,NULL,NULL,1,'craft\\elements\\Entry',1,0,'2025-09-11 18:48:36','2025-09-11 18:48:36',NULL,NULL,NULL,'950498f4-be9d-468b-a88c-f8c53d277de3'),
(1032,NULL,NULL,NULL,2,'craft\\elements\\Entry',1,0,'2025-09-11 18:48:36','2025-09-11 18:48:36',NULL,NULL,NULL,'e0e830b2-2fe5-4efe-a492-5e1071461d5d'),
(1033,1031,NULL,561,1,'craft\\elements\\Entry',1,0,'2025-09-11 18:48:36','2025-09-11 18:48:36',NULL,NULL,NULL,'93d7bde7-5e6f-49e9-b08e-455f032272e1'),
(1034,1032,NULL,562,2,'craft\\elements\\Entry',1,0,'2025-09-11 18:48:36','2025-09-11 18:48:36',NULL,NULL,NULL,'d6be10d9-eee2-48c5-90db-d4f0b2c95a8d'),
(1035,NULL,NULL,NULL,1,'craft\\elements\\Entry',1,0,'2025-09-11 18:48:36','2025-09-11 18:48:36',NULL,NULL,NULL,'4c1f47b4-c776-4a3d-91bf-971cca51fc46'),
(1036,NULL,NULL,NULL,2,'craft\\elements\\Entry',1,0,'2025-09-11 18:48:36','2025-09-11 18:48:36',NULL,NULL,NULL,'b1af9f9e-abb0-4b93-9b79-b41ad65d5667'),
(1037,NULL,NULL,NULL,2,'craft\\elements\\Entry',1,0,'2025-09-11 18:48:36','2025-09-11 18:48:36',NULL,NULL,NULL,'b9615338-fd34-496d-b5b4-a1aedd0ec222'),
(1038,1035,NULL,563,1,'craft\\elements\\Entry',1,0,'2025-09-11 18:48:36','2025-09-11 18:48:36',NULL,NULL,NULL,'5c1a9229-e14b-451a-b8c1-1e924c7e046c'),
(1039,1036,NULL,564,2,'craft\\elements\\Entry',1,0,'2025-09-11 18:48:36','2025-09-11 18:48:36',NULL,NULL,NULL,'88a3cd53-502a-4fe7-83b5-4b381adcf1c8'),
(1040,1037,NULL,565,2,'craft\\elements\\Entry',1,0,'2025-09-11 18:48:36','2025-09-11 18:48:36',NULL,NULL,NULL,'65be40ee-c2e1-472f-be8a-2639abc82794'),
(1041,NULL,NULL,NULL,1,'craft\\elements\\Entry',1,0,'2025-09-11 18:48:36','2025-09-11 18:48:36',NULL,NULL,NULL,'3de194dc-8f35-4e34-862d-7ec10c5e8f04'),
(1042,NULL,NULL,NULL,2,'craft\\elements\\Entry',1,0,'2025-09-11 18:48:36','2025-09-11 18:48:36',NULL,NULL,NULL,'5baa6d92-c54a-4dc2-8217-dd570508fd35'),
(1043,1041,NULL,566,1,'craft\\elements\\Entry',1,0,'2025-09-11 18:48:36','2025-09-11 18:48:36',NULL,NULL,NULL,'636fe767-0234-4469-80ab-8bbf0036bac8'),
(1044,1042,NULL,567,2,'craft\\elements\\Entry',1,0,'2025-09-11 18:48:36','2025-09-11 18:48:36',NULL,NULL,NULL,'9f984eb8-4779-4ee1-b5ed-ba9f407893d1'),
(1045,NULL,NULL,NULL,1,'craft\\elements\\Entry',1,0,'2025-09-11 18:48:36','2025-09-11 18:48:36',NULL,NULL,NULL,'dec3ccf7-835a-4e35-8f30-b2b10064595e'),
(1046,NULL,NULL,NULL,2,'craft\\elements\\Entry',1,0,'2025-09-11 18:48:36','2025-09-11 18:48:36',NULL,NULL,NULL,'0102d6b3-5998-40fc-93e2-ac2442ddb221'),
(1047,NULL,NULL,NULL,2,'craft\\elements\\Entry',1,0,'2025-09-11 18:48:36','2025-09-11 18:48:36',NULL,NULL,NULL,'af9ae13b-1806-43f1-9cd4-d01bf7ea63db'),
(1048,1045,NULL,568,1,'craft\\elements\\Entry',1,0,'2025-09-11 18:48:36','2025-09-11 18:48:36',NULL,NULL,NULL,'966f7852-e2ba-4820-93ab-097a0f43f29d'),
(1049,1046,NULL,569,2,'craft\\elements\\Entry',1,0,'2025-09-11 18:48:36','2025-09-11 18:48:36',NULL,NULL,NULL,'d76acbc8-371a-40ac-bd6f-602642269fd9'),
(1050,1047,NULL,570,2,'craft\\elements\\Entry',1,0,'2025-09-11 18:48:36','2025-09-11 18:48:36',NULL,NULL,NULL,'34283c57-d2ab-4f7a-83ca-aee032db2306'),
(1051,NULL,NULL,NULL,1,'craft\\elements\\Entry',1,0,'2025-09-11 18:48:36','2025-09-11 18:48:36',NULL,NULL,NULL,'7ecdfcf7-57f3-4966-92e3-a846e195f1f0'),
(1052,NULL,NULL,NULL,2,'craft\\elements\\Entry',1,0,'2025-09-11 18:48:36','2025-09-11 18:48:36',NULL,NULL,NULL,'3953c615-c4f9-4b23-b206-81680036bf19'),
(1053,NULL,NULL,NULL,2,'craft\\elements\\Entry',1,0,'2025-09-11 18:48:36','2025-09-11 18:48:36',NULL,NULL,NULL,'50fb3de6-c544-4fae-ba32-9c102626cde3'),
(1054,NULL,NULL,NULL,2,'craft\\elements\\Entry',1,0,'2025-09-11 18:48:36','2025-09-11 18:48:36',NULL,NULL,NULL,'891675f1-6ee0-45e7-a0ee-c5f1def29961'),
(1055,1051,NULL,571,1,'craft\\elements\\Entry',1,0,'2025-09-11 18:48:36','2025-09-11 18:48:36',NULL,NULL,NULL,'746107ef-7585-441e-90aa-bfcee8ce2a05'),
(1056,1052,NULL,572,2,'craft\\elements\\Entry',1,0,'2025-09-11 18:48:36','2025-09-11 18:48:36',NULL,NULL,NULL,'0ad6941f-640f-497f-a520-3f6f0d612754'),
(1057,1053,NULL,573,2,'craft\\elements\\Entry',1,0,'2025-09-11 18:48:36','2025-09-11 18:48:36',NULL,NULL,NULL,'bd598fbf-d50d-4281-9c88-da2c39fe2bd3'),
(1058,1054,NULL,574,2,'craft\\elements\\Entry',1,0,'2025-09-11 18:48:36','2025-09-11 18:48:36',NULL,NULL,NULL,'f3e4bff4-6dd7-459b-81ab-324d84025de5'),
(1059,NULL,NULL,NULL,1,'craft\\elements\\Entry',1,0,'2025-09-11 18:48:36','2025-09-11 18:48:36',NULL,NULL,NULL,'1db34b40-992e-4b6a-957b-2ab444012d2d'),
(1060,NULL,NULL,NULL,2,'craft\\elements\\Entry',1,0,'2025-09-11 18:48:36','2025-09-11 18:48:36',NULL,NULL,NULL,'82dd976d-5d80-4d37-91c2-975c5bfa56b7'),
(1061,NULL,NULL,NULL,2,'craft\\elements\\Entry',1,0,'2025-09-11 18:48:36','2025-09-11 18:48:36',NULL,NULL,NULL,'69532f71-ad21-4e1f-8838-d65bfcaf6fb2'),
(1062,NULL,NULL,NULL,2,'craft\\elements\\Entry',1,0,'2025-09-11 18:48:36','2025-09-11 18:48:36',NULL,NULL,NULL,'35450d10-89b4-4158-a5c5-02e9ce986870'),
(1063,1059,NULL,575,1,'craft\\elements\\Entry',1,0,'2025-09-11 18:48:36','2025-09-11 18:48:36',NULL,NULL,NULL,'bb9c87b2-9543-4600-8052-8186727edb3c'),
(1064,1060,NULL,576,2,'craft\\elements\\Entry',1,0,'2025-09-11 18:48:36','2025-09-11 18:48:36',NULL,NULL,NULL,'3320e605-1717-45f8-b8cb-051aa2ad09d2'),
(1065,1061,NULL,577,2,'craft\\elements\\Entry',1,0,'2025-09-11 18:48:36','2025-09-11 18:48:36',NULL,NULL,NULL,'fad8af60-3f9b-4e49-8dce-0b22322826ff'),
(1066,1062,NULL,578,2,'craft\\elements\\Entry',1,0,'2025-09-11 18:48:36','2025-09-11 18:48:36',NULL,NULL,NULL,'a7f11528-4355-46a5-9bf5-8564a92ea7a7'),
(1067,NULL,NULL,NULL,1,'craft\\elements\\Entry',1,0,'2025-09-11 18:48:36','2025-09-11 18:48:36',NULL,NULL,NULL,'3e896674-276a-4fac-9bae-6043a7566c71'),
(1068,NULL,NULL,NULL,2,'craft\\elements\\Entry',1,0,'2025-09-11 18:48:36','2025-09-11 18:48:36',NULL,NULL,NULL,'1ea44685-d248-47ea-a73f-c1c827d519db'),
(1069,NULL,NULL,NULL,2,'craft\\elements\\Entry',1,0,'2025-09-11 18:48:36','2025-09-11 18:48:36',NULL,NULL,NULL,'ffafd33f-b84a-4f08-9c4f-eb356107eb89'),
(1070,1067,NULL,579,1,'craft\\elements\\Entry',1,0,'2025-09-11 18:48:36','2025-09-11 18:48:36',NULL,NULL,NULL,'096a387c-cf17-4eb7-baee-66df6d186421'),
(1071,1068,NULL,580,2,'craft\\elements\\Entry',1,0,'2025-09-11 18:48:36','2025-09-11 18:48:36',NULL,NULL,NULL,'43db53d3-3109-4eaa-ab04-7792f01bd012'),
(1072,1069,NULL,581,2,'craft\\elements\\Entry',1,0,'2025-09-11 18:48:36','2025-09-11 18:48:36',NULL,NULL,NULL,'bac4d24a-213e-45d3-99c3-97f84f2c20c8'),
(1073,NULL,NULL,NULL,1,'craft\\elements\\Entry',1,0,'2025-09-11 18:48:36','2025-09-11 18:48:36',NULL,NULL,NULL,'cf2218ca-b445-43a5-9a1f-3eb02abce60c'),
(1074,NULL,NULL,NULL,2,'craft\\elements\\Entry',1,0,'2025-09-11 18:48:36','2025-09-11 18:48:36',NULL,NULL,NULL,'a5d8c15e-e74c-42ca-a88e-07f359c881fa'),
(1075,NULL,NULL,NULL,2,'craft\\elements\\Entry',1,0,'2025-09-11 18:48:36','2025-09-11 18:48:36',NULL,NULL,NULL,'fea85ae0-fddf-4c69-b29b-41a708363761'),
(1076,1073,NULL,582,1,'craft\\elements\\Entry',1,0,'2025-09-11 18:48:36','2025-09-11 18:48:36',NULL,NULL,NULL,'e3331081-443b-456e-8bdc-49788985f4d5'),
(1077,1074,NULL,583,2,'craft\\elements\\Entry',1,0,'2025-09-11 18:48:36','2025-09-11 18:48:36',NULL,NULL,NULL,'2f0a8a72-810c-4661-9912-0cb05b93f112'),
(1078,1075,NULL,584,2,'craft\\elements\\Entry',1,0,'2025-09-11 18:48:36','2025-09-11 18:48:36',NULL,NULL,NULL,'3eb1a75d-afb1-49e9-8bff-d4863316d87b'),
(1079,NULL,NULL,NULL,1,'craft\\elements\\Entry',1,0,'2025-09-11 18:48:36','2025-09-11 18:48:36',NULL,NULL,NULL,'5ae1ceec-e10f-482d-9b12-2d210b34fc9c'),
(1080,NULL,NULL,NULL,2,'craft\\elements\\Entry',1,0,'2025-09-11 18:48:36','2025-09-11 18:48:36',NULL,NULL,NULL,'4f3429eb-9312-4dc9-87b3-f10cb743c365'),
(1081,NULL,NULL,NULL,2,'craft\\elements\\Entry',1,0,'2025-09-11 18:48:36','2025-09-11 18:48:36',NULL,NULL,NULL,'40bc5374-c46c-4484-95ae-bc223a6c29c5'),
(1082,1079,NULL,585,1,'craft\\elements\\Entry',1,0,'2025-09-11 18:48:36','2025-09-11 18:48:36',NULL,NULL,NULL,'b3b33bb7-7fdc-4d82-a425-80bc21f95332'),
(1083,1080,NULL,586,2,'craft\\elements\\Entry',1,0,'2025-09-11 18:48:36','2025-09-11 18:48:36',NULL,NULL,NULL,'8ee0a6fc-a030-4d6c-ab6b-22b9dcab8887'),
(1084,1081,NULL,587,2,'craft\\elements\\Entry',1,0,'2025-09-11 18:48:36','2025-09-11 18:48:36',NULL,NULL,NULL,'bdba192b-c83b-4bcf-87a1-15c2dfac991d'),
(1085,NULL,NULL,NULL,1,'craft\\elements\\Entry',1,0,'2025-09-11 18:48:36','2025-09-11 18:48:36',NULL,NULL,NULL,'560ed462-30a9-4c94-a0de-7d5cbce1bb13'),
(1086,NULL,NULL,NULL,2,'craft\\elements\\Entry',1,0,'2025-09-11 18:48:36','2025-09-11 18:48:36',NULL,NULL,NULL,'964b1887-b339-4799-bc22-3d38f1bcec99'),
(1087,NULL,NULL,NULL,2,'craft\\elements\\Entry',1,0,'2025-09-11 18:48:36','2025-09-11 18:48:36',NULL,NULL,NULL,'170b6a26-1f00-43fd-a16d-b8e1de89f362'),
(1088,1085,NULL,588,1,'craft\\elements\\Entry',1,0,'2025-09-11 18:48:36','2025-09-11 18:48:36',NULL,NULL,NULL,'ab6e9010-8c9d-43fd-9921-66e64b8f3ab1'),
(1089,1086,NULL,589,2,'craft\\elements\\Entry',1,0,'2025-09-11 18:48:36','2025-09-11 18:48:36',NULL,NULL,NULL,'cce369e7-aff6-45ee-b1d0-f4d8e1ef17ed'),
(1090,1087,NULL,590,2,'craft\\elements\\Entry',1,0,'2025-09-11 18:48:36','2025-09-11 18:48:36',NULL,NULL,NULL,'ad74462a-0acc-45d9-88f3-74dbd4ac8ccb'),
(1091,NULL,NULL,NULL,1,'craft\\elements\\Entry',1,0,'2025-09-11 18:48:36','2025-09-11 18:48:36',NULL,NULL,NULL,'af8ab057-06a9-44da-a782-bce073caf3f7'),
(1092,NULL,NULL,NULL,2,'craft\\elements\\Entry',1,0,'2025-09-11 18:48:36','2025-09-11 18:48:36',NULL,NULL,NULL,'1ab57f16-7dd2-438e-a80d-55d999c71173'),
(1093,NULL,NULL,NULL,2,'craft\\elements\\Entry',1,0,'2025-09-11 18:48:36','2025-09-11 18:48:36',NULL,NULL,NULL,'19434827-facd-4a27-a494-9872800b7c00'),
(1094,1091,NULL,591,1,'craft\\elements\\Entry',1,0,'2025-09-11 18:48:36','2025-09-11 18:48:36',NULL,NULL,NULL,'f310452f-bef2-43da-955e-ab8bbcfa8936'),
(1095,1092,NULL,592,2,'craft\\elements\\Entry',1,0,'2025-09-11 18:48:36','2025-09-11 18:48:36',NULL,NULL,NULL,'f765ad23-369d-4e1e-9b9a-6d08b3eef309'),
(1096,1093,NULL,593,2,'craft\\elements\\Entry',1,0,'2025-09-11 18:48:36','2025-09-11 18:48:36',NULL,NULL,NULL,'e183a3be-1a97-4aba-b30e-f87a1b5254ee'),
(1097,NULL,NULL,NULL,1,'craft\\elements\\Entry',1,0,'2025-09-11 18:48:36','2025-09-11 18:48:36',NULL,NULL,NULL,'e6a0a789-a128-4e9b-877e-cc076269bc49'),
(1098,NULL,NULL,NULL,2,'craft\\elements\\Entry',1,0,'2025-09-11 18:48:36','2025-09-11 18:48:36',NULL,NULL,NULL,'c0cd0323-daed-4e05-964d-af8a63249fa5'),
(1099,NULL,NULL,NULL,2,'craft\\elements\\Entry',1,0,'2025-09-11 18:48:36','2025-09-11 18:48:36',NULL,NULL,NULL,'cbb49a99-c13e-4eba-8c34-6b8a23387b19'),
(1100,1097,NULL,594,1,'craft\\elements\\Entry',1,0,'2025-09-11 18:48:36','2025-09-11 18:48:36',NULL,NULL,NULL,'e6edc4a4-2f7c-41cf-8384-f76b0f961a5b'),
(1101,1098,NULL,595,2,'craft\\elements\\Entry',1,0,'2025-09-11 18:48:36','2025-09-11 18:48:36',NULL,NULL,NULL,'87a71333-86d7-4929-a0cf-353398a98599'),
(1102,1099,NULL,596,2,'craft\\elements\\Entry',1,0,'2025-09-11 18:48:36','2025-09-11 18:48:36',NULL,NULL,NULL,'c1e44615-926b-4d1c-882a-0bd8360c9c30'),
(1103,NULL,NULL,NULL,1,'craft\\elements\\Entry',1,0,'2025-09-11 18:48:36','2025-09-11 18:48:36',NULL,NULL,NULL,'f53d9228-7793-482e-ad9e-9266a29f470d'),
(1104,NULL,NULL,NULL,2,'craft\\elements\\Entry',1,0,'2025-09-11 18:48:36','2025-09-11 18:48:36',NULL,NULL,NULL,'f7c584cc-48e7-443b-90ff-acf209238b46'),
(1105,NULL,NULL,NULL,2,'craft\\elements\\Entry',1,0,'2025-09-11 18:48:36','2025-09-11 18:48:36',NULL,NULL,NULL,'338f45dd-aa66-42a4-85c1-bb6256261b91'),
(1106,1103,NULL,597,1,'craft\\elements\\Entry',1,0,'2025-09-11 18:48:36','2025-09-11 18:48:36',NULL,NULL,NULL,'5bff26aa-4fa4-4926-8f2d-625ffd7225d3'),
(1107,1104,NULL,598,2,'craft\\elements\\Entry',1,0,'2025-09-11 18:48:36','2025-09-11 18:48:36',NULL,NULL,NULL,'f70e062a-9e97-48e5-b354-19a4e919e692'),
(1108,1105,NULL,599,2,'craft\\elements\\Entry',1,0,'2025-09-11 18:48:36','2025-09-11 18:48:36',NULL,NULL,NULL,'ef740bed-8b65-4b82-98a6-0027eeeeec08'),
(1109,NULL,NULL,NULL,1,'craft\\elements\\Entry',1,0,'2025-09-11 18:48:36','2025-09-11 18:48:36',NULL,NULL,NULL,'398ec3ba-8547-4d8c-a91c-a2de31cf9d20'),
(1110,NULL,NULL,NULL,2,'craft\\elements\\Entry',1,0,'2025-09-11 18:48:36','2025-09-11 18:48:36',NULL,NULL,NULL,'2b7e749b-c62a-4693-a91a-46f8b6ddcba2'),
(1111,NULL,NULL,NULL,2,'craft\\elements\\Entry',1,0,'2025-09-11 18:48:36','2025-09-11 18:48:36',NULL,NULL,NULL,'6e2b9404-765f-4991-be6b-a12b2991259d'),
(1112,NULL,NULL,NULL,2,'craft\\elements\\Entry',1,0,'2025-09-11 18:48:36','2025-09-11 18:48:36',NULL,NULL,NULL,'14548fc8-ebd3-4568-889c-d54db90c442c'),
(1113,1109,NULL,600,1,'craft\\elements\\Entry',1,0,'2025-09-11 18:48:36','2025-09-11 18:48:36',NULL,NULL,NULL,'844070a9-93f6-437e-96ea-3f24a1fe5866'),
(1114,1110,NULL,601,2,'craft\\elements\\Entry',1,0,'2025-09-11 18:48:36','2025-09-11 18:48:36',NULL,NULL,NULL,'2e6602ca-b53e-4dec-81ac-01c98ac5f553'),
(1115,1111,NULL,602,2,'craft\\elements\\Entry',1,0,'2025-09-11 18:48:36','2025-09-11 18:48:36',NULL,NULL,NULL,'05ec7e05-5c60-4b67-882e-66edaf355367'),
(1116,1112,NULL,603,2,'craft\\elements\\Entry',1,0,'2025-09-11 18:48:36','2025-09-11 18:48:36',NULL,NULL,NULL,'c6c82188-bb68-421b-90c7-28bb67edbd81'),
(1117,NULL,NULL,NULL,1,'craft\\elements\\Entry',1,0,'2025-09-11 18:48:36','2025-09-11 18:48:36',NULL,NULL,NULL,'a08d8d64-84ed-4630-94bb-e92bb7619949'),
(1118,NULL,NULL,NULL,2,'craft\\elements\\Entry',1,0,'2025-09-11 18:48:36','2025-09-11 18:48:36',NULL,NULL,NULL,'8bf0c634-b6dd-4835-a858-7057529489d2'),
(1119,NULL,NULL,NULL,2,'craft\\elements\\Entry',1,0,'2025-09-11 18:48:36','2025-09-11 18:48:36',NULL,NULL,NULL,'cf758b45-6e11-4945-90c5-db861a5d0b8f'),
(1120,1117,NULL,604,1,'craft\\elements\\Entry',1,0,'2025-09-11 18:48:36','2025-09-11 18:48:36',NULL,NULL,NULL,'f4d033fd-dcd7-43cb-aef9-37d702ce7efa'),
(1121,1118,NULL,605,2,'craft\\elements\\Entry',1,0,'2025-09-11 18:48:36','2025-09-11 18:48:36',NULL,NULL,NULL,'d1ab9b0d-752d-4163-b91e-123f67052b84'),
(1122,1119,NULL,606,2,'craft\\elements\\Entry',1,0,'2025-09-11 18:48:36','2025-09-11 18:48:36',NULL,NULL,NULL,'dc20d49e-5b88-4a95-af7e-d615672a0254'),
(1123,NULL,NULL,NULL,1,'craft\\elements\\Entry',1,0,'2025-09-11 18:48:37','2025-09-11 18:48:37',NULL,NULL,NULL,'5706c4a0-fcfc-4823-a969-32440ed553a3'),
(1124,NULL,NULL,NULL,2,'craft\\elements\\Entry',1,0,'2025-09-11 18:48:37','2025-09-11 18:48:37',NULL,NULL,NULL,'3fe3895a-f641-40f0-91f0-a2121e5e757c'),
(1125,NULL,NULL,NULL,2,'craft\\elements\\Entry',1,0,'2025-09-11 18:48:37','2025-09-11 18:48:37',NULL,NULL,NULL,'e8fe88b5-9df3-430c-8f7f-3f6d22cfa580'),
(1126,1123,NULL,607,1,'craft\\elements\\Entry',1,0,'2025-09-11 18:48:37','2025-09-11 18:48:37',NULL,NULL,NULL,'6564539b-e5a1-48dd-8d99-f86a99df55e0'),
(1127,1124,NULL,608,2,'craft\\elements\\Entry',1,0,'2025-09-11 18:48:37','2025-09-11 18:48:37',NULL,NULL,NULL,'d852d746-ed46-4090-9777-9211be73fde7'),
(1128,1125,NULL,609,2,'craft\\elements\\Entry',1,0,'2025-09-11 18:48:37','2025-09-11 18:48:37',NULL,NULL,NULL,'452d4af9-a048-4f88-9abc-bf8f8e74f3da'),
(1129,NULL,NULL,NULL,1,'craft\\elements\\Entry',1,0,'2025-09-11 18:48:37','2025-09-11 18:48:37',NULL,NULL,NULL,'28a28f32-135b-474d-9045-2fb69fbcde32'),
(1130,NULL,NULL,NULL,2,'craft\\elements\\Entry',1,0,'2025-09-11 18:48:37','2025-09-11 18:48:37',NULL,NULL,NULL,'18e5ed3e-7421-486b-bb13-99055ff0fb06'),
(1131,NULL,NULL,NULL,2,'craft\\elements\\Entry',1,0,'2025-09-11 18:48:37','2025-09-11 18:48:37',NULL,NULL,NULL,'2e0c9d8b-55c1-48c5-9a02-d2737801c6c6'),
(1132,1129,NULL,610,1,'craft\\elements\\Entry',1,0,'2025-09-11 18:48:37','2025-09-11 18:48:37',NULL,NULL,NULL,'291813ba-7229-4de4-aba7-911ce4ac6394'),
(1133,1130,NULL,611,2,'craft\\elements\\Entry',1,0,'2025-09-11 18:48:37','2025-09-11 18:48:37',NULL,NULL,NULL,'0949fa92-a911-4736-bf34-7e8223a20bbe'),
(1134,1131,NULL,612,2,'craft\\elements\\Entry',1,0,'2025-09-11 18:48:37','2025-09-11 18:48:37',NULL,NULL,NULL,'714fd2cd-0dd2-435d-a421-ba319c18ce94'),
(1135,NULL,NULL,NULL,1,'craft\\elements\\Entry',1,0,'2025-09-11 18:48:37','2025-09-11 18:48:37',NULL,NULL,NULL,'5851bd11-29aa-43b3-b611-fc88dd5e211d'),
(1136,NULL,NULL,NULL,2,'craft\\elements\\Entry',1,0,'2025-09-11 18:48:37','2025-09-11 18:48:37',NULL,NULL,NULL,'c6dee479-40b3-430e-9858-341e650d0ab5'),
(1137,NULL,NULL,NULL,2,'craft\\elements\\Entry',1,0,'2025-09-11 18:48:37','2025-09-11 18:48:37',NULL,NULL,NULL,'05d9e4a1-4db0-4349-abc1-7b8c59745877'),
(1138,1135,NULL,613,1,'craft\\elements\\Entry',1,0,'2025-09-11 18:48:37','2025-09-11 18:48:37',NULL,NULL,NULL,'7708f32d-a59e-406a-840f-f9bf1dd0b749'),
(1139,1136,NULL,614,2,'craft\\elements\\Entry',1,0,'2025-09-11 18:48:37','2025-09-11 18:48:37',NULL,NULL,NULL,'42a075b2-2fef-4890-9730-78a79bbc30d6'),
(1140,1137,NULL,615,2,'craft\\elements\\Entry',1,0,'2025-09-11 18:48:37','2025-09-11 18:48:37',NULL,NULL,NULL,'3e62702c-29e4-422e-8ca8-7339310e88c5'),
(1141,NULL,NULL,NULL,1,'craft\\elements\\Entry',1,0,'2025-09-11 18:48:37','2025-09-11 18:48:37',NULL,NULL,NULL,'1d957e72-1e3c-4f74-8b78-4c0e762aab48'),
(1142,1141,NULL,616,1,'craft\\elements\\Entry',1,0,'2025-09-11 18:48:37','2025-09-11 18:48:37',NULL,NULL,NULL,'4f267a08-11ce-418a-ac1f-6be097019354'),
(1143,NULL,NULL,NULL,1,'craft\\elements\\Entry',1,0,'2025-09-11 18:48:37','2025-09-11 18:48:37',NULL,NULL,NULL,'44c0f461-8c7c-4f47-b5f0-717c1c50c7a2'),
(1144,NULL,NULL,NULL,2,'craft\\elements\\Entry',1,0,'2025-09-11 18:48:37','2025-09-11 18:48:37',NULL,NULL,NULL,'87aaf7fe-938f-4de7-b373-ee459a264923'),
(1145,NULL,NULL,NULL,2,'craft\\elements\\Entry',1,0,'2025-09-11 18:48:37','2025-09-11 18:48:37',NULL,NULL,NULL,'f8873476-c276-43f1-8542-a4caab1bd3ba'),
(1146,1143,NULL,617,1,'craft\\elements\\Entry',1,0,'2025-09-11 18:48:37','2025-09-11 18:48:37',NULL,NULL,NULL,'d4e60a3a-c323-4be2-a57f-0f627737705a'),
(1147,1144,NULL,618,2,'craft\\elements\\Entry',1,0,'2025-09-11 18:48:37','2025-09-11 18:48:37',NULL,NULL,NULL,'98327891-4a30-40db-a2b7-fdc217b74322'),
(1148,1145,NULL,619,2,'craft\\elements\\Entry',1,0,'2025-09-11 18:48:37','2025-09-11 18:48:37',NULL,NULL,NULL,'1cf2fd55-9139-4883-a3cc-dde3e269c2bf'),
(1149,NULL,NULL,NULL,1,'craft\\elements\\Entry',1,0,'2025-09-11 18:48:37','2025-09-11 18:48:37',NULL,NULL,NULL,'f381df8f-e64f-4bf2-abd8-61cbfcceaea2'),
(1150,NULL,NULL,NULL,2,'craft\\elements\\Entry',1,0,'2025-09-11 18:48:37','2025-09-11 18:48:37',NULL,NULL,NULL,'a1bbd559-8b53-4167-9115-4e2adef24804'),
(1151,NULL,NULL,NULL,2,'craft\\elements\\Entry',1,0,'2025-09-11 18:48:37','2025-09-11 18:48:37',NULL,NULL,NULL,'ec1adc96-db31-484b-b38c-762fcaaebf7b'),
(1152,1149,NULL,620,1,'craft\\elements\\Entry',1,0,'2025-09-11 18:48:37','2025-09-11 18:48:37',NULL,NULL,NULL,'b136a7dc-9afb-4472-b693-4b52744631b4'),
(1153,1150,NULL,621,2,'craft\\elements\\Entry',1,0,'2025-09-11 18:48:37','2025-09-11 18:48:37',NULL,NULL,NULL,'483bcb91-61eb-4e71-8b68-de6a6513779a'),
(1154,1151,NULL,622,2,'craft\\elements\\Entry',1,0,'2025-09-11 18:48:37','2025-09-11 18:48:37',NULL,NULL,NULL,'43714484-1768-4f83-9ab6-d30e57461fb1'),
(1155,NULL,NULL,NULL,1,'craft\\elements\\Entry',1,0,'2025-09-11 18:48:37','2025-09-11 18:48:37',NULL,NULL,NULL,'c0f22461-831a-49b7-a594-09cc88d08098'),
(1156,NULL,NULL,NULL,2,'craft\\elements\\Entry',1,0,'2025-09-11 18:48:37','2025-09-11 18:48:37',NULL,NULL,NULL,'e4a3bdea-6875-4e60-8be9-d7277eb27ef3'),
(1157,NULL,NULL,NULL,2,'craft\\elements\\Entry',1,0,'2025-09-11 18:48:37','2025-09-11 18:48:37',NULL,NULL,NULL,'55922826-85ab-4780-b623-cadf0c9ea182'),
(1158,1155,NULL,623,1,'craft\\elements\\Entry',1,0,'2025-09-11 18:48:37','2025-09-11 18:48:37',NULL,NULL,NULL,'b8b1578f-dc37-484b-8dab-37b24bd9377b'),
(1159,1156,NULL,624,2,'craft\\elements\\Entry',1,0,'2025-09-11 18:48:37','2025-09-11 18:48:37',NULL,NULL,NULL,'04167b78-fc6a-4be2-a302-8f0b94c0d779'),
(1160,1157,NULL,625,2,'craft\\elements\\Entry',1,0,'2025-09-11 18:48:37','2025-09-11 18:48:37',NULL,NULL,NULL,'ce0d8389-1634-4dbf-9e2d-6074319bdde7'),
(1161,NULL,NULL,NULL,1,'craft\\elements\\Entry',1,0,'2025-09-11 18:48:37','2025-09-11 18:48:37',NULL,NULL,NULL,'09b0cfa0-a3e5-4ad8-996a-8faaef93dada'),
(1162,NULL,NULL,NULL,2,'craft\\elements\\Entry',1,0,'2025-09-11 18:48:37','2025-09-11 18:48:37',NULL,NULL,NULL,'08ecada2-bf45-40c5-b6b0-c36dc2b4d165'),
(1163,1161,NULL,626,1,'craft\\elements\\Entry',1,0,'2025-09-11 18:48:37','2025-09-11 18:48:37',NULL,NULL,NULL,'9c9f8d12-26af-44ec-bf64-114ad399c910'),
(1164,1162,NULL,627,2,'craft\\elements\\Entry',1,0,'2025-09-11 18:48:37','2025-09-11 18:48:37',NULL,NULL,NULL,'e0281d02-7c77-4091-bd6e-6cbd38edf2bc'),
(1165,NULL,NULL,NULL,1,'craft\\elements\\Entry',1,0,'2025-09-11 18:48:37','2025-09-11 18:48:37',NULL,NULL,NULL,'c7655616-7d4f-4c6a-b370-6126b174a372'),
(1166,NULL,NULL,NULL,2,'craft\\elements\\Entry',1,0,'2025-09-11 18:48:37','2025-09-11 18:48:37',NULL,NULL,NULL,'c1ebe08d-fbf7-4c2f-9604-00444aeb05ad'),
(1167,NULL,NULL,NULL,2,'craft\\elements\\Entry',1,0,'2025-09-11 18:48:37','2025-09-11 18:48:37',NULL,NULL,NULL,'85ec9aa3-6b87-4275-a805-73f2756601fa'),
(1168,1165,NULL,628,1,'craft\\elements\\Entry',1,0,'2025-09-11 18:48:37','2025-09-11 18:48:37',NULL,NULL,NULL,'174a460d-f3ba-4c8a-abb3-59cac5feb1a1'),
(1169,1166,NULL,629,2,'craft\\elements\\Entry',1,0,'2025-09-11 18:48:37','2025-09-11 18:48:37',NULL,NULL,NULL,'ef46220a-5e22-4147-af65-ea20db188176'),
(1170,1167,NULL,630,2,'craft\\elements\\Entry',1,0,'2025-09-11 18:48:37','2025-09-11 18:48:37',NULL,NULL,NULL,'5f5b36d1-8f54-4130-ae14-2caeb4bb9092'),
(1171,NULL,NULL,NULL,1,'craft\\elements\\Entry',1,0,'2025-09-11 18:48:37','2025-09-11 18:48:37',NULL,NULL,NULL,'055d79fb-6463-4d54-8399-b6ebcc287543'),
(1172,NULL,NULL,NULL,2,'craft\\elements\\Entry',1,0,'2025-09-11 18:48:37','2025-09-11 18:48:37',NULL,NULL,NULL,'1a1d4edf-2a46-43b7-90d1-7678aac6b95b'),
(1173,NULL,NULL,NULL,2,'craft\\elements\\Entry',1,0,'2025-09-11 18:48:37','2025-09-11 18:48:37',NULL,NULL,NULL,'daa5ed51-917d-4918-ad5f-14e19f004c46'),
(1174,1171,NULL,631,1,'craft\\elements\\Entry',1,0,'2025-09-11 18:48:37','2025-09-11 18:48:37',NULL,NULL,NULL,'c63f66be-908a-45f6-b664-2ae9dffa1cd9'),
(1175,1172,NULL,632,2,'craft\\elements\\Entry',1,0,'2025-09-11 18:48:37','2025-09-11 18:48:37',NULL,NULL,NULL,'69fb9b60-8113-4fe7-9933-15d763968daa'),
(1176,1173,NULL,633,2,'craft\\elements\\Entry',1,0,'2025-09-11 18:48:37','2025-09-11 18:48:37',NULL,NULL,NULL,'a1c4bb3b-e362-4186-9cd4-a0dc87724a6d'),
(1177,NULL,NULL,NULL,1,'craft\\elements\\Entry',1,0,'2025-09-11 18:48:37','2025-09-11 18:48:37',NULL,NULL,NULL,'2be2bbd1-385e-425c-8c2d-272477117748'),
(1178,NULL,NULL,NULL,2,'craft\\elements\\Entry',1,0,'2025-09-11 18:48:37','2025-09-11 18:48:37',NULL,'2025-09-11 18:48:37',NULL,'6cf406cf-7a73-438a-a35e-55085b1c4834'),
(1179,NULL,NULL,NULL,2,'craft\\elements\\Entry',1,0,'2025-09-11 18:48:37','2025-09-11 18:48:37',NULL,'2025-09-11 18:48:37',NULL,'c9bc5e99-f0a9-48bc-ba8d-ee7a89618626'),
(1180,1177,NULL,634,1,'craft\\elements\\Entry',1,0,'2025-09-11 18:48:37','2025-09-11 18:48:37',NULL,NULL,NULL,'70f1a720-5733-4000-bf9a-20bfec84c620'),
(1181,1178,NULL,635,2,'craft\\elements\\Entry',1,0,'2025-09-11 18:48:37','2025-09-11 18:48:37',NULL,'2025-09-11 18:48:37',NULL,'a5299d6f-50e5-4c68-b2db-a911bf3d23de'),
(1182,1179,NULL,636,2,'craft\\elements\\Entry',1,0,'2025-09-11 18:48:37','2025-09-11 18:48:37',NULL,'2025-09-11 18:48:37',NULL,'93f7c789-d10a-41e7-905e-175963ccd047'),
(1183,NULL,NULL,NULL,2,'craft\\elements\\Entry',1,0,'2025-09-11 18:48:37','2025-09-11 18:48:37',NULL,NULL,NULL,'7551bf18-63d6-4aee-979e-50600aaa5011'),
(1184,NULL,NULL,NULL,2,'craft\\elements\\Entry',1,0,'2025-09-11 18:48:37','2025-09-11 18:48:37',NULL,NULL,NULL,'9396d020-e2c9-4503-a79a-d588a1c57003'),
(1185,NULL,NULL,NULL,1,'craft\\elements\\Entry',1,0,'2025-09-11 18:48:37','2025-09-11 18:48:37',NULL,NULL,NULL,'89bfa064-7f1a-4480-81eb-bbb78109087f'),
(1186,NULL,NULL,NULL,2,'craft\\elements\\Entry',1,0,'2025-09-11 18:48:37','2025-09-11 18:48:37',NULL,NULL,NULL,'13112f7e-6a50-47cc-85cf-753fcea43111'),
(1187,NULL,NULL,NULL,2,'craft\\elements\\Entry',1,0,'2025-09-11 18:48:37','2025-09-11 18:48:37',NULL,NULL,NULL,'fd5765c6-f665-4a02-815a-5105814ce806'),
(1188,1185,NULL,637,1,'craft\\elements\\Entry',1,0,'2025-09-11 18:48:37','2025-09-11 18:48:37',NULL,NULL,NULL,'526e17f0-4799-4b50-9003-7cae2871fa1f'),
(1189,1186,NULL,638,2,'craft\\elements\\Entry',1,0,'2025-09-11 18:48:37','2025-09-11 18:48:37',NULL,NULL,NULL,'baaa85fd-6100-4868-9429-3e10c48fad6c'),
(1190,1187,NULL,639,2,'craft\\elements\\Entry',1,0,'2025-09-11 18:48:37','2025-09-11 18:48:37',NULL,NULL,NULL,'90b682ef-348b-41a1-b39a-d44e3681d170'),
(1191,NULL,NULL,NULL,1,'craft\\elements\\Entry',1,0,'2025-09-11 18:48:37','2025-09-11 18:48:37',NULL,NULL,NULL,'c917f067-e6d1-42f1-ba71-c9910cdf356f'),
(1192,NULL,NULL,NULL,2,'craft\\elements\\Entry',1,0,'2025-09-11 18:48:37','2025-09-11 18:48:37',NULL,NULL,NULL,'da1a0e04-418a-42e0-a960-44584a7fdb5f'),
(1193,NULL,NULL,NULL,2,'craft\\elements\\Entry',1,0,'2025-09-11 18:48:37','2025-09-11 18:48:37',NULL,NULL,NULL,'9994b8b2-4b7a-43fa-9170-eb4dbec75df9'),
(1194,1191,NULL,640,1,'craft\\elements\\Entry',1,0,'2025-09-11 18:48:37','2025-09-11 18:48:37',NULL,NULL,NULL,'41b9e46c-fa99-46a8-9723-1526a6fa1e6d'),
(1195,1192,NULL,641,2,'craft\\elements\\Entry',1,0,'2025-09-11 18:48:37','2025-09-11 18:48:37',NULL,NULL,NULL,'a37bc56c-550d-4537-8481-97b30c9fc51e'),
(1196,1193,NULL,642,2,'craft\\elements\\Entry',1,0,'2025-09-11 18:48:37','2025-09-11 18:48:37',NULL,NULL,NULL,'5bbd680a-d39e-4ba0-8a2a-39d4704344f9'),
(1197,NULL,NULL,NULL,1,'craft\\elements\\Entry',1,0,'2025-09-11 18:48:37','2025-09-11 18:48:37',NULL,NULL,NULL,'a6698012-4054-4391-80ee-3f26c63ac0cf'),
(1198,NULL,NULL,NULL,2,'craft\\elements\\Entry',1,0,'2025-09-11 18:48:37','2025-09-11 18:48:37',NULL,NULL,NULL,'ad2eba91-fdd1-4990-9a43-f7f0141ca539'),
(1199,1197,NULL,643,1,'craft\\elements\\Entry',1,0,'2025-09-11 18:48:37','2025-09-11 18:48:37',NULL,NULL,NULL,'68d70228-e975-4723-93e4-bb1d919ac31e'),
(1200,1198,NULL,644,2,'craft\\elements\\Entry',1,0,'2025-09-11 18:48:37','2025-09-11 18:48:37',NULL,NULL,NULL,'921c7a77-e591-405c-b040-34de76b14d8f'),
(1201,NULL,NULL,NULL,1,'craft\\elements\\Entry',1,0,'2025-09-11 18:48:37','2025-09-11 18:48:37',NULL,NULL,NULL,'b5c6ccd8-0e99-4efd-a495-8c5c49b45f2d'),
(1202,NULL,NULL,NULL,2,'craft\\elements\\Entry',1,0,'2025-09-11 18:48:37','2025-09-11 18:48:37',NULL,NULL,NULL,'86fdea10-7626-43bc-bbe9-964584761c5d'),
(1203,NULL,NULL,NULL,2,'craft\\elements\\Entry',1,0,'2025-09-11 18:48:37','2025-09-11 18:48:37',NULL,NULL,NULL,'ebe0438c-7661-4587-b14e-a83a21ad065b'),
(1204,NULL,NULL,NULL,2,'craft\\elements\\Entry',1,0,'2025-09-11 18:48:37','2025-09-11 18:48:37',NULL,NULL,NULL,'2d327abb-b910-440f-8f3b-42793de72379'),
(1205,1201,NULL,645,1,'craft\\elements\\Entry',1,0,'2025-09-11 18:48:37','2025-09-11 18:48:37',NULL,NULL,NULL,'4aeac103-0513-44b2-a75b-22fe41ff94a9'),
(1206,1202,NULL,646,2,'craft\\elements\\Entry',1,0,'2025-09-11 18:48:37','2025-09-11 18:48:37',NULL,NULL,NULL,'c713e2b3-a3c2-4d20-bab6-66bae092be4d'),
(1207,1203,NULL,647,2,'craft\\elements\\Entry',1,0,'2025-09-11 18:48:37','2025-09-11 18:48:37',NULL,NULL,NULL,'a17a7dc7-5a10-48fd-8429-362e1ad4b425'),
(1208,1204,NULL,648,2,'craft\\elements\\Entry',1,0,'2025-09-11 18:48:37','2025-09-11 18:48:37',NULL,NULL,NULL,'45a9f629-d9c6-42fa-b588-eddba6553542'),
(1209,NULL,NULL,NULL,1,'craft\\elements\\Entry',1,0,'2025-09-11 18:48:37','2025-09-11 18:48:37',NULL,NULL,NULL,'6426c6e4-aede-4aab-8e51-3605bafda3f2'),
(1210,NULL,NULL,NULL,2,'craft\\elements\\Entry',1,0,'2025-09-11 18:48:37','2025-09-11 18:48:37',NULL,NULL,NULL,'b7dc73bf-effb-4665-b518-2a72a327f95d'),
(1211,NULL,NULL,NULL,2,'craft\\elements\\Entry',1,0,'2025-09-11 18:48:37','2025-09-11 18:48:37',NULL,NULL,NULL,'08f6f1b5-8aff-4d05-8675-164e9b04171c'),
(1212,1209,NULL,649,1,'craft\\elements\\Entry',1,0,'2025-09-11 18:48:37','2025-09-11 18:48:37',NULL,NULL,NULL,'b3eda0a4-8a43-4e74-9355-17b70cee35dc'),
(1213,1210,NULL,650,2,'craft\\elements\\Entry',1,0,'2025-09-11 18:48:37','2025-09-11 18:48:37',NULL,NULL,NULL,'051bd566-20a6-42fe-8817-296144e44534'),
(1214,1211,NULL,651,2,'craft\\elements\\Entry',1,0,'2025-09-11 18:48:37','2025-09-11 18:48:37',NULL,NULL,NULL,'4af34744-eeea-4260-8231-ca668cc192a4'),
(1215,NULL,NULL,NULL,1,'craft\\elements\\Entry',1,0,'2025-09-11 18:48:37','2025-09-11 18:48:37',NULL,NULL,NULL,'5bd94697-9fd6-4d4e-8848-3fe542b3bbda'),
(1216,NULL,NULL,NULL,2,'craft\\elements\\Entry',1,0,'2025-09-11 18:48:37','2025-09-11 18:48:37',NULL,NULL,NULL,'6d71c8ab-c698-4295-b08f-ffa9061c8077'),
(1217,1215,NULL,652,1,'craft\\elements\\Entry',1,0,'2025-09-11 18:48:37','2025-09-11 18:48:37',NULL,NULL,NULL,'12bd724e-8184-4679-9b88-20a39863abf8'),
(1218,1216,NULL,653,2,'craft\\elements\\Entry',1,0,'2025-09-11 18:48:37','2025-09-11 18:48:37',NULL,NULL,NULL,'8c43b830-8619-42d3-ab08-94055ea805c2'),
(1219,NULL,NULL,NULL,1,'craft\\elements\\Entry',1,0,'2025-09-11 18:48:37','2025-09-11 18:48:37',NULL,NULL,NULL,'a2c697ad-df34-4492-a9f1-dae21a012b6d'),
(1220,NULL,NULL,NULL,2,'craft\\elements\\Entry',1,0,'2025-09-11 18:48:37','2025-09-11 18:48:37',NULL,NULL,NULL,'c6b85159-a923-4cec-9fff-f03161a2efcc'),
(1221,NULL,NULL,NULL,2,'craft\\elements\\Entry',1,0,'2025-09-11 18:48:37','2025-09-11 18:48:37',NULL,NULL,NULL,'5a2a6dfc-82b9-4dcd-8e8f-4c94f5de0e3d'),
(1222,1219,NULL,654,1,'craft\\elements\\Entry',1,0,'2025-09-11 18:48:37','2025-09-11 18:48:38',NULL,NULL,NULL,'dcb64168-cb4b-4687-9e89-63890ed5f69c'),
(1223,1220,NULL,655,2,'craft\\elements\\Entry',1,0,'2025-09-11 18:48:37','2025-09-11 18:48:38',NULL,NULL,NULL,'34480a28-3cd6-4794-a923-a7376e674dbd'),
(1224,1221,NULL,656,2,'craft\\elements\\Entry',1,0,'2025-09-11 18:48:37','2025-09-11 18:48:38',NULL,NULL,NULL,'9ea4b749-d616-48e8-a736-a7f1f2fdf7f7'),
(1225,NULL,NULL,NULL,1,'craft\\elements\\Entry',1,0,'2025-09-11 18:48:38','2025-09-11 18:48:38',NULL,NULL,NULL,'37807e51-bdf9-484c-9984-d3175d293933'),
(1226,NULL,NULL,NULL,2,'craft\\elements\\Entry',1,0,'2025-09-11 18:48:38','2025-09-11 18:48:38',NULL,NULL,NULL,'7204ee6d-8c0a-440d-bbed-ed5ba7c73566'),
(1227,NULL,NULL,NULL,2,'craft\\elements\\Entry',1,0,'2025-09-11 18:48:38','2025-09-11 18:48:38',NULL,NULL,NULL,'f4abdad0-9da1-4584-a755-1ac496074fea'),
(1228,1225,NULL,657,1,'craft\\elements\\Entry',1,0,'2025-09-11 18:48:38','2025-09-11 18:48:38',NULL,NULL,NULL,'a03b6bc5-7bd1-49f0-9358-98d36fdcce53'),
(1229,1226,NULL,658,2,'craft\\elements\\Entry',1,0,'2025-09-11 18:48:38','2025-09-11 18:48:38',NULL,NULL,NULL,'957a9562-56ee-4531-a1b4-e1a063f06e7d'),
(1230,1227,NULL,659,2,'craft\\elements\\Entry',1,0,'2025-09-11 18:48:38','2025-09-11 18:48:38',NULL,NULL,NULL,'6a8f51cd-ead9-4e95-a103-3517f084165a'),
(1231,NULL,NULL,NULL,1,'craft\\elements\\Entry',1,0,'2025-09-11 18:48:38','2025-09-11 18:48:38',NULL,NULL,NULL,'8f0d2923-6550-4757-8bea-573605d2135f'),
(1232,NULL,NULL,NULL,2,'craft\\elements\\Entry',1,0,'2025-09-11 18:48:38','2025-09-11 18:48:38',NULL,NULL,NULL,'0bb10668-8b22-44b4-b00b-62a7aa051d2f'),
(1233,NULL,NULL,NULL,2,'craft\\elements\\Entry',1,0,'2025-09-11 18:48:38','2025-09-11 18:48:38',NULL,NULL,NULL,'1fb3327e-b3f2-4b5c-954c-6bf74d4c60bf'),
(1234,1231,NULL,660,1,'craft\\elements\\Entry',1,0,'2025-09-11 18:48:38','2025-09-11 18:48:38',NULL,NULL,NULL,'23ddadd8-f438-4ec7-9cf8-a36731a6a9d1'),
(1235,1232,NULL,661,2,'craft\\elements\\Entry',1,0,'2025-09-11 18:48:38','2025-09-11 18:48:38',NULL,NULL,NULL,'f8b0db55-cdf6-4da2-b2e2-a90cb9710d08'),
(1236,1233,NULL,662,2,'craft\\elements\\Entry',1,0,'2025-09-11 18:48:38','2025-09-11 18:48:38',NULL,NULL,NULL,'fa93c549-eba1-48dc-b3b6-f0d7638eed41'),
(1237,NULL,NULL,NULL,1,'craft\\elements\\Entry',1,0,'2025-09-11 18:48:38','2025-09-11 18:48:38',NULL,NULL,NULL,'831198a5-a1c7-4506-9bac-ba8a760422f7'),
(1238,NULL,NULL,NULL,2,'craft\\elements\\Entry',1,0,'2025-09-11 18:48:38','2025-09-11 18:48:38',NULL,NULL,NULL,'bbd52683-b622-4e7f-a893-a0cdd535a5fa'),
(1239,NULL,NULL,NULL,2,'craft\\elements\\Entry',1,0,'2025-09-11 18:48:38','2025-09-11 18:48:38',NULL,NULL,NULL,'9c20ffff-befb-443f-90d7-7a162a6452a5'),
(1240,1237,NULL,663,1,'craft\\elements\\Entry',1,0,'2025-09-11 18:48:38','2025-09-11 18:48:38',NULL,NULL,NULL,'1c693d24-a2ba-4121-9892-11d95b30c106'),
(1241,1238,NULL,664,2,'craft\\elements\\Entry',1,0,'2025-09-11 18:48:38','2025-09-11 18:48:38',NULL,NULL,NULL,'b1d6c857-74a6-49d3-b4dd-bf7bd6514fa5'),
(1242,1239,NULL,665,2,'craft\\elements\\Entry',1,0,'2025-09-11 18:48:38','2025-09-11 18:48:38',NULL,NULL,NULL,'07a0b9a0-d137-487e-b40e-389d89424067'),
(1243,NULL,NULL,NULL,1,'craft\\elements\\Entry',1,0,'2025-09-11 18:48:38','2025-09-11 18:48:38',NULL,NULL,NULL,'c5279fef-fc70-454a-9f6b-c8eb84670bf9'),
(1244,NULL,NULL,NULL,2,'craft\\elements\\Entry',1,0,'2025-09-11 18:48:38','2025-09-11 18:48:38',NULL,NULL,NULL,'26e0a0a0-a0c2-4f9b-9a1f-509afdfd0ab6'),
(1245,NULL,NULL,NULL,2,'craft\\elements\\Entry',1,0,'2025-09-11 18:48:38','2025-09-11 18:48:38',NULL,NULL,NULL,'a977cfb5-6806-4611-b0f7-5e758613bd40'),
(1246,1243,NULL,666,1,'craft\\elements\\Entry',1,0,'2025-09-11 18:48:38','2025-09-11 18:48:38',NULL,NULL,NULL,'27795513-a0ac-4529-a8a2-148532aa4999'),
(1247,1244,NULL,667,2,'craft\\elements\\Entry',1,0,'2025-09-11 18:48:38','2025-09-11 18:48:38',NULL,NULL,NULL,'d69d680d-89a1-48b0-bb0c-a2883c2c3be2'),
(1248,1245,NULL,668,2,'craft\\elements\\Entry',1,0,'2025-09-11 18:48:38','2025-09-11 18:48:38',NULL,NULL,NULL,'6c658dea-614a-4ef3-9b57-bd4425deb5a0'),
(1249,NULL,NULL,NULL,1,'craft\\elements\\Entry',1,0,'2025-09-11 18:48:38','2025-09-11 18:48:38',NULL,NULL,NULL,'98f6c7e0-e81c-42ec-8429-6ac1e78827c9'),
(1250,NULL,NULL,NULL,2,'craft\\elements\\Entry',1,0,'2025-09-11 18:48:38','2025-09-11 18:48:38',NULL,NULL,NULL,'e2f8e639-e575-42e9-9e80-fa9c1944a2ff'),
(1251,NULL,NULL,NULL,2,'craft\\elements\\Entry',1,0,'2025-09-11 18:48:38','2025-09-11 18:48:38',NULL,NULL,NULL,'5e65210f-f52e-4202-9f70-a983ed21083f'),
(1252,1249,NULL,669,1,'craft\\elements\\Entry',1,0,'2025-09-11 18:48:38','2025-09-11 18:48:38',NULL,NULL,NULL,'1873b339-5e4d-4b06-ab0c-a83eb068f3bf'),
(1253,1250,NULL,670,2,'craft\\elements\\Entry',1,0,'2025-09-11 18:48:38','2025-09-11 18:48:38',NULL,NULL,NULL,'fcf77344-c556-4172-8f67-0867546ff865'),
(1254,1251,NULL,671,2,'craft\\elements\\Entry',1,0,'2025-09-11 18:48:38','2025-09-11 18:48:38',NULL,NULL,NULL,'093428c5-4db5-41ff-8c0f-0071ab5d4ea7'),
(1255,NULL,NULL,NULL,1,'craft\\elements\\Entry',1,0,'2025-09-11 18:48:38','2025-09-11 18:48:38',NULL,NULL,NULL,'f283d066-0b82-44eb-b879-14ec2219674a'),
(1256,NULL,NULL,NULL,2,'craft\\elements\\Entry',1,0,'2025-09-11 18:48:38','2025-09-11 18:48:38',NULL,NULL,NULL,'c8cefe31-fbf7-4df4-8335-c5249aef2344'),
(1257,NULL,NULL,NULL,2,'craft\\elements\\Entry',1,0,'2025-09-11 18:48:38','2025-09-11 18:48:38',NULL,NULL,NULL,'2f998d89-7531-481e-a73e-25548cab0b9a'),
(1258,1255,NULL,672,1,'craft\\elements\\Entry',1,0,'2025-09-11 18:48:38','2025-09-11 18:48:38',NULL,NULL,NULL,'807ce93c-0611-45cc-86f1-a1752e4144ed'),
(1259,1256,NULL,673,2,'craft\\elements\\Entry',1,0,'2025-09-11 18:48:38','2025-09-11 18:48:38',NULL,NULL,NULL,'76642036-dbbf-438e-93a7-cf306fe8714f'),
(1260,1257,NULL,674,2,'craft\\elements\\Entry',1,0,'2025-09-11 18:48:38','2025-09-11 18:48:38',NULL,NULL,NULL,'3efd6cd6-5025-419b-8254-5cdeb7538790'),
(1261,NULL,NULL,NULL,1,'craft\\elements\\Entry',1,0,'2025-09-11 18:48:38','2025-09-11 18:48:38',NULL,NULL,NULL,'15943273-e8c3-4a51-b5d9-e3fc7cd32a8f'),
(1262,NULL,NULL,NULL,2,'craft\\elements\\Entry',1,0,'2025-09-11 18:48:38','2025-09-11 18:48:38',NULL,NULL,NULL,'669b6452-688a-4133-908c-055a66cff5e1'),
(1263,NULL,NULL,NULL,2,'craft\\elements\\Entry',1,0,'2025-09-11 18:48:38','2025-09-11 18:48:38',NULL,NULL,NULL,'32684ff2-cd50-4bc2-8df8-47ac6c9695a0'),
(1264,NULL,NULL,NULL,2,'craft\\elements\\Entry',1,0,'2025-09-11 18:48:38','2025-09-11 18:48:38',NULL,NULL,NULL,'f584e501-f863-4648-8fd7-9cc2772752c8'),
(1265,1261,NULL,675,1,'craft\\elements\\Entry',1,0,'2025-09-11 18:48:38','2025-09-11 18:48:38',NULL,NULL,NULL,'0a26fa57-210a-4186-80d6-03b48f59656c'),
(1266,1262,NULL,676,2,'craft\\elements\\Entry',1,0,'2025-09-11 18:48:38','2025-09-11 18:48:38',NULL,NULL,NULL,'14de058b-d7c4-4cd1-b4b0-b3a031601409'),
(1267,1263,NULL,677,2,'craft\\elements\\Entry',1,0,'2025-09-11 18:48:38','2025-09-11 18:48:38',NULL,NULL,NULL,'d9652a04-b7d2-47d3-98f4-c924e260267b'),
(1268,1264,NULL,678,2,'craft\\elements\\Entry',1,0,'2025-09-11 18:48:38','2025-09-11 18:48:38',NULL,NULL,NULL,'bb0262df-3c23-4eaa-9d4e-3fb526dd8bf9'),
(1269,NULL,NULL,NULL,1,'craft\\elements\\Entry',1,0,'2025-09-11 18:48:38','2025-09-11 18:48:38',NULL,NULL,NULL,'d3debf21-6311-42d6-a153-c4d5a58464f6'),
(1270,NULL,NULL,NULL,2,'craft\\elements\\Entry',1,0,'2025-09-11 18:48:38','2025-09-11 18:48:38',NULL,NULL,NULL,'87beb08f-b473-4f64-9cfc-55683192267a'),
(1271,NULL,NULL,NULL,2,'craft\\elements\\Entry',1,0,'2025-09-11 18:48:38','2025-09-11 18:48:38',NULL,NULL,NULL,'42e051d9-ffbc-402e-b5dc-b3107c29cafc'),
(1272,NULL,NULL,NULL,2,'craft\\elements\\Entry',1,0,'2025-09-11 18:48:38','2025-09-11 18:48:38',NULL,NULL,NULL,'f358722c-ef6d-4fda-8feb-6b2d93e2a041'),
(1273,1269,NULL,679,1,'craft\\elements\\Entry',1,0,'2025-09-11 18:48:38','2025-09-11 18:48:38',NULL,NULL,NULL,'c0a047e6-f59b-41de-a4f1-89d32e25a0bc'),
(1274,1270,NULL,680,2,'craft\\elements\\Entry',1,0,'2025-09-11 18:48:38','2025-09-11 18:48:38',NULL,NULL,NULL,'611c4c6d-e885-442b-af38-d456a49260d4'),
(1275,1271,NULL,681,2,'craft\\elements\\Entry',1,0,'2025-09-11 18:48:38','2025-09-11 18:48:38',NULL,NULL,NULL,'ebed7c12-2fb9-483c-af57-f2ad48e43bbf'),
(1276,1272,NULL,682,2,'craft\\elements\\Entry',1,0,'2025-09-11 18:48:38','2025-09-11 18:48:38',NULL,NULL,NULL,'a9d29ed5-3300-438c-bb92-b28dd1047f02'),
(1277,NULL,NULL,NULL,1,'craft\\elements\\Entry',1,0,'2025-09-11 18:48:38','2025-09-11 18:48:38',NULL,NULL,NULL,'406cd088-3430-4963-accc-1e6e86db6052'),
(1278,NULL,NULL,NULL,2,'craft\\elements\\Entry',1,0,'2025-09-11 18:48:38','2025-09-11 18:48:38',NULL,NULL,NULL,'aa2d165b-6b89-45f2-a104-ce337866a947'),
(1279,NULL,NULL,NULL,2,'craft\\elements\\Entry',1,0,'2025-09-11 18:48:38','2025-09-11 18:48:38',NULL,NULL,NULL,'fea5f623-4050-40dd-88c2-5ad59110cf95'),
(1280,1277,NULL,683,1,'craft\\elements\\Entry',1,0,'2025-09-11 18:48:38','2025-09-11 18:48:38',NULL,NULL,NULL,'60065f1f-4961-4a9a-a900-814a03d767a5'),
(1281,1278,NULL,684,2,'craft\\elements\\Entry',1,0,'2025-09-11 18:48:38','2025-09-11 18:48:38',NULL,NULL,NULL,'a10bd7a2-0059-4ca0-9c80-faa5ceda7d98'),
(1282,1279,NULL,685,2,'craft\\elements\\Entry',1,0,'2025-09-11 18:48:38','2025-09-11 18:48:38',NULL,NULL,NULL,'94a8740d-e5bd-4f1e-b5d3-cd7d0e8d5247'),
(1283,NULL,NULL,NULL,1,'craft\\elements\\Entry',1,0,'2025-09-11 18:48:38','2025-09-11 18:48:38',NULL,NULL,NULL,'a14f333f-5d97-4f28-adf7-1eb6de8a62dd'),
(1284,NULL,NULL,NULL,2,'craft\\elements\\Entry',1,0,'2025-09-11 18:48:38','2025-09-11 18:48:38',NULL,NULL,NULL,'16f849bf-8b2b-44b3-8c12-54d94e8c6e09'),
(1285,NULL,NULL,NULL,2,'craft\\elements\\Entry',1,0,'2025-09-11 18:48:38','2025-09-11 18:48:38',NULL,NULL,NULL,'77e50c01-3b96-41da-aa5b-29bfbc4816eb'),
(1286,1283,NULL,686,1,'craft\\elements\\Entry',1,0,'2025-09-11 18:48:38','2025-09-11 18:48:38',NULL,NULL,NULL,'b83326e2-4680-4c83-9a5e-a117bad15222'),
(1287,1284,NULL,687,2,'craft\\elements\\Entry',1,0,'2025-09-11 18:48:38','2025-09-11 18:48:38',NULL,NULL,NULL,'9dcfeb26-8b38-403a-ae08-f1818117576e'),
(1288,1285,NULL,688,2,'craft\\elements\\Entry',1,0,'2025-09-11 18:48:38','2025-09-11 18:48:38',NULL,NULL,NULL,'81c3b452-fba1-4ae7-a459-8483baf683d2'),
(1289,NULL,NULL,NULL,1,'craft\\elements\\Entry',1,0,'2025-09-11 18:48:38','2025-09-11 18:48:38',NULL,NULL,NULL,'1e0bb049-da11-4a90-9e51-1549b36f3102'),
(1290,NULL,NULL,NULL,2,'craft\\elements\\Entry',1,0,'2025-09-11 18:48:38','2025-09-11 18:48:38',NULL,NULL,NULL,'b8e0ffb1-5428-4ab7-80c7-77a9fd1fd911'),
(1291,NULL,NULL,NULL,2,'craft\\elements\\Entry',1,0,'2025-09-11 18:48:38','2025-09-11 18:48:38',NULL,NULL,NULL,'064fc539-91b2-4d4e-9566-2ef3bc7143bb'),
(1292,NULL,NULL,NULL,2,'craft\\elements\\Entry',1,0,'2025-09-11 18:48:38','2025-09-11 18:48:38',NULL,NULL,NULL,'0b5324da-3ba4-4600-a30c-ede53304bf82'),
(1293,1289,NULL,689,1,'craft\\elements\\Entry',1,0,'2025-09-11 18:48:38','2025-09-11 18:48:38',NULL,NULL,NULL,'b543b24d-e8a8-4cab-be14-c9d7c7bf30fb'),
(1294,1290,NULL,690,2,'craft\\elements\\Entry',1,0,'2025-09-11 18:48:38','2025-09-11 18:48:38',NULL,NULL,NULL,'ad21d5eb-6be6-4f43-94db-43ba63afe000'),
(1295,1291,NULL,691,2,'craft\\elements\\Entry',1,0,'2025-09-11 18:48:38','2025-09-11 18:48:38',NULL,NULL,NULL,'2efc46dd-208e-46fc-8ba1-1bafefe9dff3'),
(1296,1292,NULL,692,2,'craft\\elements\\Entry',1,0,'2025-09-11 18:48:38','2025-09-11 18:48:38',NULL,NULL,NULL,'03e88e82-4b9a-4ead-86ae-e77f88bc8305'),
(1297,NULL,NULL,NULL,1,'craft\\elements\\Entry',1,0,'2025-09-11 18:48:38','2025-09-11 18:48:38',NULL,NULL,NULL,'63f83f5e-ea30-4d1a-9cd7-742ab2705cc1'),
(1298,NULL,NULL,NULL,2,'craft\\elements\\Entry',1,0,'2025-09-11 18:48:38','2025-09-11 18:48:38',NULL,NULL,NULL,'de4c8138-9138-4c6a-a9a4-8b80bd5bbb5d'),
(1299,NULL,NULL,NULL,2,'craft\\elements\\Entry',1,0,'2025-09-11 18:48:38','2025-09-11 18:48:38',NULL,NULL,NULL,'f2cfc895-91c2-4973-83e3-6409acd12711'),
(1300,1297,NULL,693,1,'craft\\elements\\Entry',1,0,'2025-09-11 18:48:38','2025-09-11 18:48:38',NULL,NULL,NULL,'2d58e33b-1434-472d-b977-53e6be4e270e'),
(1301,1298,NULL,694,2,'craft\\elements\\Entry',1,0,'2025-09-11 18:48:38','2025-09-11 18:48:38',NULL,NULL,NULL,'4cfec8e5-e0b2-4b49-8801-80c343be3782'),
(1302,1299,NULL,695,2,'craft\\elements\\Entry',1,0,'2025-09-11 18:48:38','2025-09-11 18:48:38',NULL,NULL,NULL,'a9d1eb84-e219-462b-9c9e-7834ebc53e8d'),
(1303,NULL,NULL,NULL,1,'craft\\elements\\Entry',1,0,'2025-09-11 18:48:38','2025-09-11 18:48:38',NULL,NULL,NULL,'6f09b6a2-cbf4-472a-9f08-6e209deb09a1'),
(1304,NULL,NULL,NULL,2,'craft\\elements\\Entry',1,0,'2025-09-11 18:48:38','2025-09-11 18:48:38',NULL,NULL,NULL,'20cbbf8d-dd29-4b59-8f34-253a4b57d02a'),
(1305,NULL,NULL,NULL,2,'craft\\elements\\Entry',1,0,'2025-09-11 18:48:38','2025-09-11 18:48:38',NULL,NULL,NULL,'a8d2ac4d-bf5a-45cd-aa39-847cd30098d0'),
(1306,1303,NULL,696,1,'craft\\elements\\Entry',1,0,'2025-09-11 18:48:38','2025-09-11 18:48:38',NULL,NULL,NULL,'f7550701-b282-4c05-865d-2dc9990a6b39'),
(1307,1304,NULL,697,2,'craft\\elements\\Entry',1,0,'2025-09-11 18:48:38','2025-09-11 18:48:38',NULL,NULL,NULL,'b3c00404-2c96-42af-b91c-d090625debee'),
(1308,1305,NULL,698,2,'craft\\elements\\Entry',1,0,'2025-09-11 18:48:38','2025-09-11 18:48:38',NULL,NULL,NULL,'9fbb9366-eb03-4898-976e-b0f0b025bcd5'),
(1309,NULL,NULL,NULL,1,'craft\\elements\\Entry',1,0,'2025-09-11 18:48:38','2025-09-11 18:48:38',NULL,NULL,NULL,'1e37f615-9815-4e6b-bef1-b6c2d9b7f291'),
(1310,NULL,NULL,NULL,2,'craft\\elements\\Entry',1,0,'2025-09-11 18:48:38','2025-09-11 18:48:38',NULL,NULL,NULL,'9968f953-ee7a-43ed-8ccf-d1fbb6c53297'),
(1311,NULL,NULL,NULL,2,'craft\\elements\\Entry',1,0,'2025-09-11 18:48:38','2025-09-11 18:48:38',NULL,NULL,NULL,'2a9caa7f-7ea0-424d-a570-0f087a4a2222'),
(1312,1309,NULL,699,1,'craft\\elements\\Entry',1,0,'2025-09-11 18:48:38','2025-09-11 18:48:38',NULL,NULL,NULL,'20139750-d97a-4693-aa69-39ccdd656367'),
(1313,1310,NULL,700,2,'craft\\elements\\Entry',1,0,'2025-09-11 18:48:38','2025-09-11 18:48:38',NULL,NULL,NULL,'7a6a4d0b-14b3-4689-96ff-bedad8dbee7d'),
(1314,1311,NULL,701,2,'craft\\elements\\Entry',1,0,'2025-09-11 18:48:38','2025-09-11 18:48:38',NULL,NULL,NULL,'4ed5266a-eafa-4dff-8c2f-9809e41f8048'),
(1315,NULL,NULL,NULL,1,'craft\\elements\\Entry',1,0,'2025-09-11 18:48:38','2025-09-11 18:48:38',NULL,NULL,NULL,'af1f0dc9-56db-4a3d-adad-a0710d5382fc'),
(1316,NULL,NULL,NULL,2,'craft\\elements\\Entry',1,0,'2025-09-11 18:48:38','2025-09-11 18:48:38',NULL,NULL,NULL,'8043e61a-5d17-44bb-9058-bc868dc49ce1'),
(1317,NULL,NULL,NULL,2,'craft\\elements\\Entry',1,0,'2025-09-11 18:48:38','2025-09-11 18:48:38',NULL,NULL,NULL,'89ed9071-61ce-44a1-b7f2-c0fc40b5c955'),
(1318,NULL,NULL,NULL,2,'craft\\elements\\Entry',1,0,'2025-09-11 18:48:38','2025-09-11 18:48:38',NULL,NULL,NULL,'4f1e758e-0e34-44b7-baec-2c9eced211e1'),
(1319,1315,NULL,702,1,'craft\\elements\\Entry',1,0,'2025-09-11 18:48:38','2025-09-11 18:48:38',NULL,NULL,NULL,'ecc4c9a2-339a-45bd-bca3-5a269e212c39'),
(1320,1316,NULL,703,2,'craft\\elements\\Entry',1,0,'2025-09-11 18:48:38','2025-09-11 18:48:38',NULL,NULL,NULL,'874bbcfd-90e9-482b-ab82-2681ec104cdc'),
(1321,1317,NULL,704,2,'craft\\elements\\Entry',1,0,'2025-09-11 18:48:38','2025-09-11 18:48:38',NULL,NULL,NULL,'08b39ef2-0325-4439-ac82-4f9773940ed7'),
(1322,1318,NULL,705,2,'craft\\elements\\Entry',1,0,'2025-09-11 18:48:38','2025-09-11 18:48:38',NULL,NULL,NULL,'a309dc10-48fa-4065-9fa7-9c93c32da578'),
(1323,NULL,NULL,NULL,1,'craft\\elements\\Entry',1,0,'2025-09-11 18:48:38','2025-09-11 18:48:38',NULL,NULL,NULL,'6d44985a-9c4f-4f58-b4ee-714eefdab563'),
(1324,NULL,NULL,NULL,2,'craft\\elements\\Entry',1,0,'2025-09-11 18:48:38','2025-09-11 18:48:38',NULL,NULL,NULL,'e0e43dea-0616-4e0d-bb7d-64ebacc06517'),
(1325,NULL,NULL,NULL,2,'craft\\elements\\Entry',1,0,'2025-09-11 18:48:38','2025-09-11 18:48:38',NULL,NULL,NULL,'09f42432-3df5-4c7c-974b-e8b694ee3c4b'),
(1326,1323,NULL,706,1,'craft\\elements\\Entry',1,0,'2025-09-11 18:48:38','2025-09-11 18:48:39',NULL,NULL,NULL,'87fe8d58-03b3-43d3-ad8f-c4cade82789d'),
(1327,1324,NULL,707,2,'craft\\elements\\Entry',1,0,'2025-09-11 18:48:38','2025-09-11 18:48:39',NULL,NULL,NULL,'7a6b7e2a-0a6f-4243-b309-fb66786d0d72'),
(1328,1325,NULL,708,2,'craft\\elements\\Entry',1,0,'2025-09-11 18:48:38','2025-09-11 18:48:39',NULL,NULL,NULL,'65f511dc-8f93-479a-8d3e-6021a6b9778d'),
(1329,NULL,NULL,NULL,1,'craft\\elements\\Entry',1,0,'2025-09-11 18:48:39','2025-09-11 18:48:39',NULL,NULL,NULL,'1fd9bbc0-7bf1-46c9-ac24-0176114d3823'),
(1330,NULL,NULL,NULL,2,'craft\\elements\\Entry',1,0,'2025-09-11 18:48:39','2025-09-11 18:48:39',NULL,NULL,NULL,'430de6e4-45df-469c-a0ac-15547a6ea506'),
(1331,NULL,NULL,NULL,2,'craft\\elements\\Entry',1,0,'2025-09-11 18:48:39','2025-09-11 18:48:39',NULL,NULL,NULL,'ae0bbb33-7fe7-4e2f-b36d-8360e0b47ac5'),
(1332,NULL,NULL,NULL,2,'craft\\elements\\Entry',1,0,'2025-09-11 18:48:39','2025-09-11 18:48:39',NULL,NULL,NULL,'c8b25d21-3bcc-43cb-a982-6aa042ce7c7a'),
(1333,1329,NULL,709,1,'craft\\elements\\Entry',1,0,'2025-09-11 18:48:39','2025-09-11 18:48:39',NULL,NULL,NULL,'8fbb0b37-b9f2-4614-835e-de6c647719a5'),
(1334,1330,NULL,710,2,'craft\\elements\\Entry',1,0,'2025-09-11 18:48:39','2025-09-11 18:48:39',NULL,NULL,NULL,'c26615ba-e4c9-4d9a-925b-9c90103ae00a'),
(1335,1331,NULL,711,2,'craft\\elements\\Entry',1,0,'2025-09-11 18:48:39','2025-09-11 18:48:39',NULL,NULL,NULL,'0a8eb40c-1e1d-4fd1-8e2c-4a04d13a29d9'),
(1336,1332,NULL,712,2,'craft\\elements\\Entry',1,0,'2025-09-11 18:48:39','2025-09-11 18:48:39',NULL,NULL,NULL,'f0b59803-a16a-4a3d-8963-809337502b79'),
(1337,NULL,NULL,NULL,1,'craft\\elements\\Entry',1,0,'2025-09-11 18:48:39','2025-09-11 18:48:39',NULL,NULL,NULL,'8dcaf5df-07b7-471a-8789-20e7877f2acf'),
(1338,NULL,NULL,NULL,2,'craft\\elements\\Entry',1,0,'2025-09-11 18:48:39','2025-09-11 18:48:39',NULL,NULL,NULL,'ff30ff8c-9982-4b8c-bd0c-456261a04c3b'),
(1339,NULL,NULL,NULL,2,'craft\\elements\\Entry',1,0,'2025-09-11 18:48:39','2025-09-11 18:48:39',NULL,NULL,NULL,'65c56459-3662-4e2e-bbf9-e82eb7d99d31'),
(1340,1337,NULL,713,1,'craft\\elements\\Entry',1,0,'2025-09-11 18:48:39','2025-09-11 18:48:39',NULL,NULL,NULL,'c5a0b65f-7882-4513-a5d1-8039a767d40e'),
(1341,1338,NULL,714,2,'craft\\elements\\Entry',1,0,'2025-09-11 18:48:39','2025-09-11 18:48:39',NULL,NULL,NULL,'ef3f32c1-0b07-4ad9-8029-f9d21d4ea52d'),
(1342,1339,NULL,715,2,'craft\\elements\\Entry',1,0,'2025-09-11 18:48:39','2025-09-11 18:48:39',NULL,NULL,NULL,'bc4525aa-9015-468f-a9d9-78ace2d48ec9'),
(1343,NULL,NULL,NULL,1,'craft\\elements\\Entry',1,0,'2025-09-11 18:48:39','2025-09-11 18:48:39',NULL,NULL,NULL,'dc8c0434-33bf-4a60-8f74-5e9e67c67891'),
(1344,NULL,NULL,NULL,2,'craft\\elements\\Entry',1,0,'2025-09-11 18:48:39','2025-09-11 18:48:39',NULL,NULL,NULL,'41d99e48-d5cf-408d-906d-340735136b96'),
(1345,NULL,NULL,NULL,2,'craft\\elements\\Entry',1,0,'2025-09-11 18:48:39','2025-09-11 18:48:39',NULL,NULL,NULL,'41d77cae-2b52-436a-8fa4-27d35f39561f'),
(1346,1343,NULL,716,1,'craft\\elements\\Entry',1,0,'2025-09-11 18:48:39','2025-09-11 18:48:39',NULL,NULL,NULL,'24024ef0-16b1-4688-984c-de8e2d231d43'),
(1347,1344,NULL,717,2,'craft\\elements\\Entry',1,0,'2025-09-11 18:48:39','2025-09-11 18:48:39',NULL,NULL,NULL,'b6b20adb-acb3-49da-8df0-55b3eae7da84'),
(1348,1345,NULL,718,2,'craft\\elements\\Entry',1,0,'2025-09-11 18:48:39','2025-09-11 18:48:39',NULL,NULL,NULL,'0acc5d37-de89-4bf4-8d81-4351d737de77'),
(1349,NULL,NULL,NULL,1,'craft\\elements\\Entry',1,0,'2025-09-11 18:48:39','2025-09-11 18:48:39',NULL,NULL,NULL,'1fab1df4-d265-4be0-a1fb-123a3d0f4312'),
(1350,NULL,NULL,NULL,2,'craft\\elements\\Entry',1,0,'2025-09-11 18:48:39','2025-09-11 18:48:39',NULL,NULL,NULL,'345b51c1-2dd4-48fb-9194-f56d0135f9bb'),
(1351,1349,NULL,719,1,'craft\\elements\\Entry',1,0,'2025-09-11 18:48:39','2025-09-11 18:48:39',NULL,NULL,NULL,'c07c82ac-f45a-4488-8e34-2752ddc02019'),
(1352,1350,NULL,720,2,'craft\\elements\\Entry',1,0,'2025-09-11 18:48:39','2025-09-11 18:48:39',NULL,NULL,NULL,'80005875-b4fb-4a6f-9b0a-efc12dc3323b'),
(1353,NULL,NULL,NULL,1,'craft\\elements\\Entry',1,0,'2025-09-11 18:48:39','2025-09-11 18:48:39',NULL,NULL,NULL,'f29068a1-d909-4477-8a54-4f870de19253'),
(1354,NULL,NULL,NULL,2,'craft\\elements\\Entry',1,0,'2025-09-11 18:48:39','2025-09-11 18:48:39',NULL,NULL,NULL,'253848be-d726-4334-8439-419a077a6d65'),
(1355,NULL,NULL,NULL,2,'craft\\elements\\Entry',1,0,'2025-09-11 18:48:39','2025-09-11 18:48:39',NULL,NULL,NULL,'fdcb05fd-b7df-4ba7-be10-ea749bf599a4'),
(1356,1353,NULL,721,1,'craft\\elements\\Entry',1,0,'2025-09-11 18:48:39','2025-09-11 18:48:39',NULL,NULL,NULL,'4c26fc44-ef5b-4836-a0e1-3e1d2bb714b9'),
(1357,1354,NULL,722,2,'craft\\elements\\Entry',1,0,'2025-09-11 18:48:39','2025-09-11 18:48:39',NULL,NULL,NULL,'afbae2bd-2382-48fe-80e2-43466202bb2a'),
(1358,1355,NULL,723,2,'craft\\elements\\Entry',1,0,'2025-09-11 18:48:39','2025-09-11 18:48:39',NULL,NULL,NULL,'a1a16467-6f7e-4b73-9d1b-4c4e644d69b0'),
(1359,NULL,NULL,NULL,1,'craft\\elements\\Entry',1,0,'2025-09-11 18:48:39','2025-09-11 18:48:39',NULL,NULL,NULL,'0a78517d-cd10-42a9-9b07-bd04013eaa7a'),
(1360,NULL,NULL,NULL,2,'craft\\elements\\Entry',1,0,'2025-09-11 18:48:39','2025-09-11 18:48:39',NULL,NULL,NULL,'1661cb08-fadf-4970-af2d-42b2bcbcc6a6'),
(1361,NULL,NULL,NULL,2,'craft\\elements\\Entry',1,0,'2025-09-11 18:48:39','2025-09-11 18:48:39',NULL,NULL,NULL,'a4b559ec-0ec4-42c3-89c5-1175ff52b3cd'),
(1362,1359,NULL,724,1,'craft\\elements\\Entry',1,0,'2025-09-11 18:48:39','2025-09-11 18:48:39',NULL,NULL,NULL,'7bee03aa-7706-4450-a56b-7e342d33674c'),
(1363,1360,NULL,725,2,'craft\\elements\\Entry',1,0,'2025-09-11 18:48:39','2025-09-11 18:48:39',NULL,NULL,NULL,'1efe27fb-b3ec-44f8-88c2-c76667c92eb7'),
(1364,1361,NULL,726,2,'craft\\elements\\Entry',1,0,'2025-09-11 18:48:39','2025-09-11 18:48:39',NULL,NULL,NULL,'40974069-b708-4298-ac81-ef5084e2f449'),
(1365,NULL,NULL,NULL,1,'craft\\elements\\Entry',1,0,'2025-09-11 18:48:39','2025-09-11 18:48:39',NULL,NULL,NULL,'b1b7bedc-a69c-43e5-a051-864302bb5316'),
(1366,NULL,NULL,NULL,2,'craft\\elements\\Entry',1,0,'2025-09-11 18:48:39','2025-09-11 18:48:39',NULL,NULL,NULL,'237f0de8-486f-455b-bb4e-cb875251ba3e'),
(1367,NULL,NULL,NULL,2,'craft\\elements\\Entry',1,0,'2025-09-11 18:48:39','2025-09-11 18:48:39',NULL,NULL,NULL,'54b40113-d8ad-46f9-b11d-4728753e74b9'),
(1368,1365,NULL,727,1,'craft\\elements\\Entry',1,0,'2025-09-11 18:48:39','2025-09-11 18:48:39',NULL,NULL,NULL,'c64e4f58-6d8c-4ea2-808f-11038133461e'),
(1369,1366,NULL,728,2,'craft\\elements\\Entry',1,0,'2025-09-11 18:48:39','2025-09-11 18:48:39',NULL,NULL,NULL,'8308aac5-f93e-44ef-b9cb-1c4cb05e5f6c'),
(1370,1367,NULL,729,2,'craft\\elements\\Entry',1,0,'2025-09-11 18:48:39','2025-09-11 18:48:39',NULL,NULL,NULL,'25559755-16d6-452a-97d2-0ad02800b00d'),
(1371,NULL,NULL,NULL,1,'craft\\elements\\Entry',1,0,'2025-09-11 18:48:39','2025-09-11 18:48:39',NULL,NULL,NULL,'1bc8135b-532b-434c-9bfd-75701f485a3c'),
(1372,NULL,NULL,NULL,2,'craft\\elements\\Entry',1,0,'2025-09-11 18:48:39','2025-09-11 18:48:39',NULL,NULL,NULL,'2e261345-db78-4d7b-847e-765a6af5b014'),
(1373,NULL,NULL,NULL,2,'craft\\elements\\Entry',1,0,'2025-09-11 18:48:39','2025-09-11 18:48:39',NULL,NULL,NULL,'f19dd849-9553-4f3c-8a5d-4e761016e010'),
(1374,1371,NULL,730,1,'craft\\elements\\Entry',1,0,'2025-09-11 18:48:39','2025-09-11 18:48:39',NULL,NULL,NULL,'9e667f0c-03ff-4446-b89d-0c3200e4c8dd'),
(1375,1372,NULL,731,2,'craft\\elements\\Entry',1,0,'2025-09-11 18:48:39','2025-09-11 18:48:39',NULL,NULL,NULL,'0f5359d8-ba45-4002-a348-b377c0ff9a0a'),
(1376,1373,NULL,732,2,'craft\\elements\\Entry',1,0,'2025-09-11 18:48:39','2025-09-11 18:48:39',NULL,NULL,NULL,'58fa238e-a540-4873-95f7-8bf693d3de3b'),
(1377,NULL,NULL,NULL,1,'craft\\elements\\Entry',1,0,'2025-09-11 18:48:39','2025-09-11 18:48:39',NULL,NULL,NULL,'d3466f3d-8d29-494a-b948-a4b0893f19e2'),
(1378,NULL,NULL,NULL,2,'craft\\elements\\Entry',1,0,'2025-09-11 18:48:39','2025-09-11 18:48:39',NULL,NULL,NULL,'befd8433-ea04-4e2b-8fa7-bdecc16273c1'),
(1379,NULL,NULL,NULL,2,'craft\\elements\\Entry',1,0,'2025-09-11 18:48:39','2025-09-11 18:48:39',NULL,NULL,NULL,'bc9fcfa7-4653-4a00-b5b5-fa6b3cf95c43'),
(1380,1377,NULL,733,1,'craft\\elements\\Entry',1,0,'2025-09-11 18:48:39','2025-09-11 18:48:39',NULL,NULL,NULL,'18c9209a-e7aa-4f4a-9bdb-0bf747856160'),
(1381,1378,NULL,734,2,'craft\\elements\\Entry',1,0,'2025-09-11 18:48:39','2025-09-11 18:48:39',NULL,NULL,NULL,'4a03e149-e9f8-4ebd-b1a4-076e9a096736'),
(1382,1379,NULL,735,2,'craft\\elements\\Entry',1,0,'2025-09-11 18:48:39','2025-09-11 18:48:39',NULL,NULL,NULL,'fc0ac719-9207-4ea7-8a02-530c28a50aab'),
(1383,NULL,NULL,NULL,1,'craft\\elements\\Entry',1,0,'2025-09-11 18:48:39','2025-09-11 18:48:39',NULL,NULL,NULL,'69022d4d-5d2e-4e2a-8a66-4e47358a2867'),
(1384,NULL,NULL,NULL,2,'craft\\elements\\Entry',1,0,'2025-09-11 18:48:39','2025-09-11 18:48:39',NULL,NULL,NULL,'7b685ee2-7565-4acf-8e09-00c7584a4c2e'),
(1385,NULL,NULL,NULL,2,'craft\\elements\\Entry',1,0,'2025-09-11 18:48:39','2025-09-11 18:48:39',NULL,NULL,NULL,'b6f03b11-d559-4b74-8c8e-111414003414'),
(1386,1383,NULL,736,1,'craft\\elements\\Entry',1,0,'2025-09-11 18:48:39','2025-09-11 18:48:39',NULL,NULL,NULL,'91ed79b0-819d-4400-843b-7fe2f965145c'),
(1387,1384,NULL,737,2,'craft\\elements\\Entry',1,0,'2025-09-11 18:48:39','2025-09-11 18:48:39',NULL,NULL,NULL,'c732bb86-d763-4643-a7a6-6456036e6b2c'),
(1388,1385,NULL,738,2,'craft\\elements\\Entry',1,0,'2025-09-11 18:48:39','2025-09-11 18:48:39',NULL,NULL,NULL,'fc779cc1-739e-41d0-831e-489bc6ceeb1a'),
(1389,NULL,NULL,NULL,1,'craft\\elements\\Entry',1,0,'2025-09-11 18:48:39','2025-09-11 18:48:39',NULL,NULL,NULL,'fb8a6fbe-da4c-4b0d-97b9-df4fceca0c83'),
(1390,NULL,NULL,NULL,2,'craft\\elements\\Entry',1,0,'2025-09-11 18:48:39','2025-09-11 18:48:39',NULL,NULL,NULL,'1252935e-8575-4ed3-9d1b-b8f45c05a53a'),
(1391,NULL,NULL,NULL,2,'craft\\elements\\Entry',1,0,'2025-09-11 18:48:39','2025-09-11 18:48:39',NULL,NULL,NULL,'b5c7baba-cd62-4faa-b917-7fc71bd30dbd'),
(1392,1389,NULL,739,1,'craft\\elements\\Entry',1,0,'2025-09-11 18:48:39','2025-09-11 18:48:39',NULL,NULL,NULL,'ba4a3d1c-f46b-43ba-8729-46570d722618'),
(1393,1390,NULL,740,2,'craft\\elements\\Entry',1,0,'2025-09-11 18:48:39','2025-09-11 18:48:39',NULL,NULL,NULL,'b2ddb548-3695-4822-a942-b64469682468'),
(1394,1391,NULL,741,2,'craft\\elements\\Entry',1,0,'2025-09-11 18:48:39','2025-09-11 18:48:39',NULL,NULL,NULL,'48f4970e-7a01-4de9-8ebd-cc3fb18a5e31'),
(1395,NULL,NULL,NULL,1,'craft\\elements\\Entry',1,0,'2025-09-11 18:48:39','2025-09-11 18:48:39',NULL,NULL,NULL,'ad605fca-f52b-4f94-ad29-1bf717718384'),
(1396,NULL,NULL,NULL,2,'craft\\elements\\Entry',1,0,'2025-09-11 18:48:39','2025-09-11 18:48:39',NULL,NULL,NULL,'19773b1d-8517-4181-a953-11ef69fad669'),
(1397,NULL,NULL,NULL,2,'craft\\elements\\Entry',1,0,'2025-09-11 18:48:39','2025-09-11 18:48:39',NULL,NULL,NULL,'afc0add6-72c7-49c3-8778-f1b8e7106d76'),
(1398,1395,NULL,742,1,'craft\\elements\\Entry',1,0,'2025-09-11 18:48:39','2025-09-11 18:48:39',NULL,NULL,NULL,'ac8b35f6-8ade-4fa6-8698-ee9bcaed8dc3'),
(1399,1396,NULL,743,2,'craft\\elements\\Entry',1,0,'2025-09-11 18:48:39','2025-09-11 18:48:39',NULL,NULL,NULL,'20b18ece-9636-458e-a861-34f802032de9'),
(1400,1397,NULL,744,2,'craft\\elements\\Entry',1,0,'2025-09-11 18:48:39','2025-09-11 18:48:39',NULL,NULL,NULL,'6c1c4a3a-7ef2-46b6-bc3a-0a976a4b1d11'),
(1401,NULL,NULL,NULL,1,'craft\\elements\\Entry',1,0,'2025-09-11 18:48:39','2025-09-11 18:48:39',NULL,NULL,NULL,'10136db3-f742-4345-b1a1-3f99a22062c7'),
(1402,NULL,NULL,NULL,2,'craft\\elements\\Entry',1,0,'2025-09-11 18:48:39','2025-09-11 18:48:39',NULL,NULL,NULL,'d1e067a4-53a5-4350-84c1-d64030187043'),
(1403,NULL,NULL,NULL,2,'craft\\elements\\Entry',1,0,'2025-09-11 18:48:39','2025-09-11 18:48:39',NULL,NULL,NULL,'2b80baee-96c6-4993-95ca-ccf103ee535d'),
(1404,1401,NULL,745,1,'craft\\elements\\Entry',1,0,'2025-09-11 18:48:39','2025-09-11 18:48:39',NULL,NULL,NULL,'3bbb8803-986e-450b-9796-659e2b7de2c7'),
(1405,1402,NULL,746,2,'craft\\elements\\Entry',1,0,'2025-09-11 18:48:39','2025-09-11 18:48:39',NULL,NULL,NULL,'b03033ea-1bf9-48f2-93b0-7584f9ecd395'),
(1406,1403,NULL,747,2,'craft\\elements\\Entry',1,0,'2025-09-11 18:48:39','2025-09-11 18:48:39',NULL,NULL,NULL,'b96cca2d-013e-4d54-9c2b-d6ebc1c94f64'),
(1407,NULL,NULL,NULL,1,'craft\\elements\\Entry',1,0,'2025-09-11 18:48:39','2025-09-11 18:48:39',NULL,NULL,NULL,'2ce11a9e-c93b-4ff0-89ed-0449154cae89'),
(1408,NULL,NULL,NULL,2,'craft\\elements\\Entry',1,0,'2025-09-11 18:48:39','2025-09-11 18:48:39',NULL,NULL,NULL,'ce6fef3d-772f-4a4f-8b54-f29fdf182ae1'),
(1409,NULL,NULL,NULL,2,'craft\\elements\\Entry',1,0,'2025-09-11 18:48:39','2025-09-11 18:48:39',NULL,NULL,NULL,'13e29f85-3faf-4d70-82e5-40842ee9b37b'),
(1410,1407,NULL,748,1,'craft\\elements\\Entry',1,0,'2025-09-11 18:48:39','2025-09-11 18:48:39',NULL,NULL,NULL,'ab91c63d-5d6e-48a4-9c10-7e26395b19e5'),
(1411,1408,NULL,749,2,'craft\\elements\\Entry',1,0,'2025-09-11 18:48:39','2025-09-11 18:48:39',NULL,NULL,NULL,'c534a2ab-96f0-4165-a937-a481dfad9b7b'),
(1412,1409,NULL,750,2,'craft\\elements\\Entry',1,0,'2025-09-11 18:48:39','2025-09-11 18:48:39',NULL,NULL,NULL,'e7b156b5-5e57-4c89-85a1-4e4f8901dae9'),
(1413,NULL,NULL,NULL,1,'craft\\elements\\Entry',1,0,'2025-09-11 18:48:39','2025-09-11 18:48:39',NULL,NULL,NULL,'e90d7f5f-3681-4be5-8773-1c482e673ccc'),
(1414,NULL,NULL,NULL,2,'craft\\elements\\Entry',1,0,'2025-09-11 18:48:39','2025-09-11 18:48:39',NULL,NULL,NULL,'ebd9af9d-9938-4547-b1d3-83cde3059a17'),
(1415,NULL,NULL,NULL,2,'craft\\elements\\Entry',1,0,'2025-09-11 18:48:39','2025-09-11 18:48:39',NULL,NULL,NULL,'59cc73d1-18f2-4e04-bfca-809e0c4b69ba'),
(1416,1413,NULL,751,1,'craft\\elements\\Entry',1,0,'2025-09-11 18:48:39','2025-09-11 18:48:39',NULL,NULL,NULL,'190384e1-ab95-4523-8051-9ebe0984616c'),
(1417,1414,NULL,752,2,'craft\\elements\\Entry',1,0,'2025-09-11 18:48:39','2025-09-11 18:48:39',NULL,NULL,NULL,'e9370a84-57a6-4369-9473-8a91cdd74e8e'),
(1418,1415,NULL,753,2,'craft\\elements\\Entry',1,0,'2025-09-11 18:48:39','2025-09-11 18:48:39',NULL,NULL,NULL,'2cb148f2-b545-4e25-b90e-de795d1043c5'),
(1419,NULL,NULL,NULL,1,'craft\\elements\\Entry',1,0,'2025-09-11 18:48:39','2025-09-11 18:48:39',NULL,NULL,NULL,'2f4b7332-a50d-492c-b8a1-863f352f896b'),
(1420,NULL,NULL,NULL,2,'craft\\elements\\Entry',1,0,'2025-09-11 18:48:39','2025-09-11 18:48:39',NULL,NULL,NULL,'a3105570-e185-449a-a984-464a3b30cf02'),
(1421,NULL,NULL,NULL,2,'craft\\elements\\Entry',1,0,'2025-09-11 18:48:39','2025-09-11 18:48:39',NULL,NULL,NULL,'7df53d4f-bf94-469a-984e-750a1a5cfce9'),
(1422,1419,NULL,754,1,'craft\\elements\\Entry',1,0,'2025-09-11 18:48:39','2025-09-11 18:48:39',NULL,NULL,NULL,'c4302b70-c839-4f09-9d08-61441e302a2a'),
(1423,1420,NULL,755,2,'craft\\elements\\Entry',1,0,'2025-09-11 18:48:39','2025-09-11 18:48:39',NULL,NULL,NULL,'f5015a23-32bc-45f0-bdd4-574e50eb3340'),
(1424,1421,NULL,756,2,'craft\\elements\\Entry',1,0,'2025-09-11 18:48:39','2025-09-11 18:48:39',NULL,NULL,NULL,'e93d7c83-fe99-4ed8-9873-067781188103'),
(1425,NULL,NULL,NULL,1,'craft\\elements\\Entry',1,0,'2025-09-11 18:48:39','2025-09-11 18:48:39',NULL,NULL,NULL,'137c19fb-13a6-43b3-a183-3d975cff4c0b'),
(1426,NULL,NULL,NULL,2,'craft\\elements\\Entry',1,0,'2025-09-11 18:48:39','2025-09-11 18:48:39',NULL,NULL,NULL,'e12bddeb-9d59-49e9-bfca-879d3358eedd'),
(1427,NULL,NULL,NULL,2,'craft\\elements\\Entry',1,0,'2025-09-11 18:48:39','2025-09-11 18:48:39',NULL,NULL,NULL,'9a4c32a0-41a7-4196-9681-452c9b2c0589'),
(1428,1425,NULL,757,1,'craft\\elements\\Entry',1,0,'2025-09-11 18:48:39','2025-09-11 18:48:40',NULL,NULL,NULL,'f9d41542-541f-455a-b8e4-77971605eee1'),
(1429,1426,NULL,758,2,'craft\\elements\\Entry',1,0,'2025-09-11 18:48:39','2025-09-11 18:48:40',NULL,NULL,NULL,'732f7e0a-a58e-44df-86da-ab57812d8c1d'),
(1430,1427,NULL,759,2,'craft\\elements\\Entry',1,0,'2025-09-11 18:48:39','2025-09-11 18:48:40',NULL,NULL,NULL,'6b82c2d1-81ec-47b4-9d48-093d5a1093de'),
(1431,NULL,NULL,NULL,1,'craft\\elements\\Entry',1,0,'2025-09-11 18:48:40','2025-09-11 18:48:40',NULL,NULL,NULL,'48eba560-3fda-4658-863a-2ed2ea78d8c4'),
(1432,NULL,NULL,NULL,2,'craft\\elements\\Entry',1,0,'2025-09-11 18:48:40','2025-09-11 18:48:40',NULL,NULL,NULL,'e6de6bdb-fda1-4ba4-a403-f7e505a85f25'),
(1433,NULL,NULL,NULL,2,'craft\\elements\\Entry',1,0,'2025-09-11 18:48:40','2025-09-11 18:48:40',NULL,NULL,NULL,'1d4df37b-a1f7-44aa-a752-bd27261ee3e0'),
(1434,1431,NULL,760,1,'craft\\elements\\Entry',1,0,'2025-09-11 18:48:40','2025-09-11 18:48:40',NULL,NULL,NULL,'98908d06-d1ae-4627-aba7-7930830d590f'),
(1435,1432,NULL,761,2,'craft\\elements\\Entry',1,0,'2025-09-11 18:48:40','2025-09-11 18:48:40',NULL,NULL,NULL,'d9a4fded-91e0-45ae-9c88-7d40e18fa331'),
(1436,1433,NULL,762,2,'craft\\elements\\Entry',1,0,'2025-09-11 18:48:40','2025-09-11 18:48:40',NULL,NULL,NULL,'66f3a2bf-6704-4029-9343-d7de7457180f'),
(1437,NULL,NULL,NULL,1,'craft\\elements\\Entry',1,0,'2025-09-11 18:48:40','2025-09-11 18:48:40',NULL,NULL,NULL,'cbfd4361-ffce-4592-b81d-197459a87850'),
(1438,NULL,NULL,NULL,2,'craft\\elements\\Entry',1,0,'2025-09-11 18:48:40','2025-09-11 18:48:40',NULL,NULL,NULL,'79f8bfad-f6fd-496b-bb2b-b18aeef9c1da'),
(1439,NULL,NULL,NULL,2,'craft\\elements\\Entry',1,0,'2025-09-11 18:48:40','2025-09-11 18:48:40',NULL,NULL,NULL,'df18802f-5928-4428-b780-465aeda74ac0'),
(1440,1437,NULL,763,1,'craft\\elements\\Entry',1,0,'2025-09-11 18:48:40','2025-09-11 18:48:40',NULL,NULL,NULL,'3e88023a-6fd1-4295-9fbf-f91a299dea90'),
(1441,1438,NULL,764,2,'craft\\elements\\Entry',1,0,'2025-09-11 18:48:40','2025-09-11 18:48:40',NULL,NULL,NULL,'f5d08f5a-95a5-41b1-914d-b306484b36ed'),
(1442,1439,NULL,765,2,'craft\\elements\\Entry',1,0,'2025-09-11 18:48:40','2025-09-11 18:48:40',NULL,NULL,NULL,'9a7d5c70-c5c9-40ec-8a5c-5c258ecb9ecd'),
(1443,NULL,NULL,NULL,1,'craft\\elements\\Entry',1,0,'2025-09-11 18:48:40','2025-09-11 18:48:40',NULL,NULL,NULL,'831b2af1-17e9-43bf-a866-1b800adbf68a'),
(1444,NULL,NULL,NULL,2,'craft\\elements\\Entry',1,0,'2025-09-11 18:48:40','2025-09-11 18:48:40',NULL,NULL,NULL,'e00c8df3-3971-48c8-af19-038b82eb4ba7'),
(1445,NULL,NULL,NULL,2,'craft\\elements\\Entry',1,0,'2025-09-11 18:48:40','2025-09-11 18:48:40',NULL,NULL,NULL,'3c65783f-33e7-4ffc-bb0a-04996639d730'),
(1446,1443,NULL,766,1,'craft\\elements\\Entry',1,0,'2025-09-11 18:48:40','2025-09-11 18:48:40',NULL,NULL,NULL,'f586d7cd-93d2-4b89-ac91-a054e12cb936'),
(1447,1444,NULL,767,2,'craft\\elements\\Entry',1,0,'2025-09-11 18:48:40','2025-09-11 18:48:40',NULL,NULL,NULL,'ff273a9d-eff7-4a20-bc7a-21c1201f4103'),
(1448,1445,NULL,768,2,'craft\\elements\\Entry',1,0,'2025-09-11 18:48:40','2025-09-11 18:48:40',NULL,NULL,NULL,'0322bb74-57b5-470d-964b-b30250ce5c19'),
(1449,NULL,NULL,NULL,1,'craft\\elements\\Entry',1,0,'2025-09-11 18:48:40','2025-09-11 18:48:40',NULL,NULL,NULL,'b3760ae8-a6d0-4798-b7d5-0e34e2f724eb'),
(1450,NULL,NULL,NULL,2,'craft\\elements\\Entry',1,0,'2025-09-11 18:48:40','2025-09-11 18:48:40',NULL,NULL,NULL,'a1751340-9fe1-4b40-9a9d-37e0f2c3475c'),
(1451,NULL,NULL,NULL,2,'craft\\elements\\Entry',1,0,'2025-09-11 18:48:40','2025-09-11 18:48:40',NULL,NULL,NULL,'c96dca8e-8a09-4e4c-82db-24631a5f6897'),
(1452,1449,NULL,769,1,'craft\\elements\\Entry',1,0,'2025-09-11 18:48:40','2025-09-11 18:48:40',NULL,NULL,NULL,'5795e92e-598e-4042-9fa8-12750031e6a8'),
(1453,1450,NULL,770,2,'craft\\elements\\Entry',1,0,'2025-09-11 18:48:40','2025-09-11 18:48:40',NULL,NULL,NULL,'cb5978d5-79e0-4a0f-ba7d-ff4e3da1ee70'),
(1454,1451,NULL,771,2,'craft\\elements\\Entry',1,0,'2025-09-11 18:48:40','2025-09-11 18:48:40',NULL,NULL,NULL,'916f1236-d9ae-4ccd-8615-9ec2181873d9'),
(1455,NULL,NULL,NULL,1,'craft\\elements\\Entry',1,0,'2025-09-11 18:48:40','2025-09-11 18:48:40',NULL,NULL,NULL,'8652f720-82f3-44c9-87dc-ac5f3c6151fc'),
(1456,NULL,NULL,NULL,2,'craft\\elements\\Entry',1,0,'2025-09-11 18:48:40','2025-09-11 18:48:40',NULL,NULL,NULL,'8c6cd355-9b93-4b0c-af81-587274a7a28c'),
(1457,NULL,NULL,NULL,2,'craft\\elements\\Entry',1,0,'2025-09-11 18:48:40','2025-09-11 18:48:40',NULL,NULL,NULL,'e86f45b4-3583-4604-a341-32c0b2a92b55'),
(1458,1455,NULL,772,1,'craft\\elements\\Entry',1,0,'2025-09-11 18:48:40','2025-09-11 18:48:40',NULL,NULL,NULL,'70df6f09-6608-4f8b-bee7-de4d42f3774a'),
(1459,1456,NULL,773,2,'craft\\elements\\Entry',1,0,'2025-09-11 18:48:40','2025-09-11 18:48:40',NULL,NULL,NULL,'3bafd2d4-301b-455e-abb3-a874bf8b7d0d'),
(1460,1457,NULL,774,2,'craft\\elements\\Entry',1,0,'2025-09-11 18:48:40','2025-09-11 18:48:40',NULL,NULL,NULL,'4dbbb847-1ac6-4514-a003-ca72f57a24e2'),
(1461,NULL,NULL,NULL,1,'craft\\elements\\Entry',1,0,'2025-09-11 18:48:40','2025-09-11 18:48:40',NULL,NULL,NULL,'e7791e13-ae0e-4fae-9b48-9b58ceaf42e8'),
(1462,NULL,NULL,NULL,2,'craft\\elements\\Entry',1,0,'2025-09-11 18:48:40','2025-09-11 18:48:40',NULL,NULL,NULL,'d1707441-5c0d-45a3-93b5-841925d01056'),
(1463,NULL,NULL,NULL,2,'craft\\elements\\Entry',1,0,'2025-09-11 18:48:40','2025-09-11 18:48:40',NULL,NULL,NULL,'0a29bd69-fbf6-4b46-95a2-37d02ef166f8'),
(1464,1461,NULL,775,1,'craft\\elements\\Entry',1,0,'2025-09-11 18:48:40','2025-09-11 18:48:40',NULL,NULL,NULL,'54273e6b-363c-443c-ae4b-853f51fd4622'),
(1465,1462,NULL,776,2,'craft\\elements\\Entry',1,0,'2025-09-11 18:48:40','2025-09-11 18:48:40',NULL,NULL,NULL,'5a9ff66e-d3a3-406f-8e0b-d0f21209ff4b'),
(1466,1463,NULL,777,2,'craft\\elements\\Entry',1,0,'2025-09-11 18:48:40','2025-09-11 18:48:40',NULL,NULL,NULL,'cd6adbb7-5876-4d33-ac1a-e4746ddb1cea'),
(1467,NULL,NULL,NULL,1,'craft\\elements\\Entry',1,0,'2025-09-11 18:48:40','2025-09-11 18:48:40',NULL,NULL,NULL,'2968431d-70dd-4a0d-831a-b32a94b232c0'),
(1468,NULL,NULL,NULL,2,'craft\\elements\\Entry',1,0,'2025-09-11 18:48:40','2025-09-11 18:48:40',NULL,NULL,NULL,'d84ae4c3-70cb-414b-bae9-6f1d9166db44'),
(1469,NULL,NULL,NULL,2,'craft\\elements\\Entry',1,0,'2025-09-11 18:48:40','2025-09-11 18:48:40',NULL,NULL,NULL,'c84a1aa1-887f-41de-a39c-6e72f6048bff'),
(1470,1467,NULL,778,1,'craft\\elements\\Entry',1,0,'2025-09-11 18:48:40','2025-09-11 18:48:40',NULL,NULL,NULL,'a04b3e26-89b2-4a53-a861-c62c8f14019b'),
(1471,1468,NULL,779,2,'craft\\elements\\Entry',1,0,'2025-09-11 18:48:40','2025-09-11 18:48:40',NULL,NULL,NULL,'0fa18d33-5f4f-427c-96a0-7ad438682e27'),
(1472,1469,NULL,780,2,'craft\\elements\\Entry',1,0,'2025-09-11 18:48:40','2025-09-11 18:48:40',NULL,NULL,NULL,'5af2ceb6-7782-4114-8437-d8c354c6c67e'),
(1473,NULL,NULL,NULL,1,'craft\\elements\\Entry',1,0,'2025-09-11 18:48:40','2025-09-11 18:48:40',NULL,NULL,NULL,'1b66deef-1654-4f64-80a7-f8cb4ea28cb6'),
(1474,NULL,NULL,NULL,2,'craft\\elements\\Entry',1,0,'2025-09-11 18:48:40','2025-09-11 18:48:40',NULL,NULL,NULL,'88d15859-d314-492e-af61-c806c266654e'),
(1475,1473,NULL,781,1,'craft\\elements\\Entry',1,0,'2025-09-11 18:48:40','2025-09-11 18:48:40',NULL,NULL,NULL,'7d170fad-ea7c-4c68-b0cd-6d00fd70097c'),
(1476,1474,NULL,782,2,'craft\\elements\\Entry',1,0,'2025-09-11 18:48:40','2025-09-11 18:48:40',NULL,NULL,NULL,'5f7f1c0c-d22e-42c6-b93b-8851aee587a8'),
(1477,NULL,NULL,NULL,1,'craft\\elements\\Entry',1,0,'2025-09-11 18:48:40','2025-09-11 18:48:40',NULL,NULL,NULL,'4dac3a68-c074-41c9-a527-20c0f8126c51'),
(1478,NULL,NULL,NULL,2,'craft\\elements\\Entry',1,0,'2025-09-11 18:48:40','2025-09-11 18:48:40',NULL,NULL,NULL,'7b5b31ea-9bff-410c-b9bd-cf0e6184e684'),
(1479,1477,NULL,783,1,'craft\\elements\\Entry',1,0,'2025-09-11 18:48:40','2025-09-11 18:48:40',NULL,NULL,NULL,'8722911b-d004-4988-a9b2-2b0f3f68ca6b'),
(1480,1478,NULL,784,2,'craft\\elements\\Entry',1,0,'2025-09-11 18:48:40','2025-09-11 18:48:40',NULL,NULL,NULL,'314cbf6d-05d4-4a79-892f-4a2579e6d857'),
(1481,NULL,NULL,NULL,1,'craft\\elements\\Entry',1,0,'2025-09-11 18:48:40','2025-09-11 18:48:40',NULL,NULL,NULL,'39cc6402-c4cc-48b9-bf88-74665c556ebb'),
(1482,NULL,NULL,NULL,2,'craft\\elements\\Entry',1,0,'2025-09-11 18:48:40','2025-09-11 18:48:40',NULL,NULL,NULL,'dbe046f9-6776-4d71-ac3e-249e91a16180'),
(1483,1481,NULL,785,1,'craft\\elements\\Entry',1,0,'2025-09-11 18:48:40','2025-09-11 18:48:40',NULL,NULL,NULL,'be58ee60-8046-4fd4-bb1c-db7f45a69814'),
(1484,1482,NULL,786,2,'craft\\elements\\Entry',1,0,'2025-09-11 18:48:40','2025-09-11 18:48:40',NULL,NULL,NULL,'09eabf2e-24a1-4379-a4bd-5c713d80194f'),
(1485,1165,295,NULL,1,'craft\\elements\\Entry',1,0,'2025-09-11 18:48:44','2025-09-11 18:48:44',NULL,NULL,NULL,'c8c4de98-1aa2-49be-a6cf-2fc350f35c7a');
commit;
set autocommit=0;
commit;

--
-- Dumping data for table `elements_owners`
--

set autocommit=0;
INSERT INTO `elements_owners` VALUES
(8,2,1),
(8,936,1),
(16,77,1),
(16,84,1),
(16,85,1),
(16,88,1),
(16,102,1),
(16,110,1),
(16,125,1),
(16,127,1),
(16,133,1),
(16,140,1),
(44,2,1),
(44,936,1),
(45,2,2),
(45,936,2),
(46,2,3),
(46,936,3),
(47,2,4),
(47,936,4),
(56,2,1),
(56,936,1),
(57,2,2),
(57,936,2),
(59,77,1),
(59,84,1),
(59,85,1),
(59,88,1),
(59,102,1),
(59,110,1),
(59,125,1),
(59,127,1),
(59,133,1),
(59,140,1),
(59,223,1),
(59,229,1),
(59,231,1),
(59,234,1),
(59,264,1),
(59,319,1),
(59,417,1),
(60,77,2),
(60,84,2),
(60,85,2),
(60,88,2),
(60,102,2),
(60,110,2),
(60,125,2),
(60,127,2),
(60,133,2),
(60,140,2),
(60,223,2),
(60,229,2),
(60,231,2),
(60,234,2),
(60,264,2),
(60,319,2),
(60,417,2),
(63,2,3),
(63,936,3),
(65,77,3),
(65,84,3),
(65,85,3),
(65,88,3),
(65,102,3),
(65,110,3),
(65,125,3),
(65,127,3),
(65,133,3),
(65,140,3),
(65,223,3),
(65,229,3),
(65,231,3),
(65,234,3),
(65,264,3),
(65,319,3),
(65,417,3),
(72,2,1),
(72,936,1),
(73,2,2),
(73,936,2),
(74,2,3),
(74,936,3),
(75,2,4),
(75,936,4),
(76,2,5),
(76,936,5),
(78,77,1),
(78,84,1),
(78,85,1),
(78,88,1),
(78,102,1),
(78,110,1),
(78,125,1),
(78,127,1),
(78,133,1),
(78,140,1),
(78,223,1),
(78,229,1),
(78,231,1),
(78,234,1),
(78,264,1),
(78,319,1),
(78,417,1),
(79,77,2),
(79,84,2),
(79,85,2),
(79,88,2),
(79,102,2),
(79,110,2),
(79,125,2),
(79,127,2),
(79,133,2),
(79,140,2),
(79,223,2),
(79,229,2),
(79,231,2),
(79,234,2),
(79,264,2),
(79,319,2),
(79,417,2),
(80,77,3),
(80,84,3),
(80,85,3),
(80,88,3),
(80,102,3),
(80,110,3),
(80,125,3),
(80,127,3),
(80,133,3),
(80,140,3),
(80,223,3),
(80,229,3),
(80,231,3),
(80,234,3),
(80,264,3),
(80,319,3),
(80,417,3),
(81,77,4),
(81,84,4),
(81,85,4),
(81,88,4),
(81,102,4),
(81,110,4),
(81,125,4),
(81,127,4),
(81,133,4),
(81,140,4),
(81,223,4),
(81,229,4),
(81,231,4),
(81,234,4),
(81,264,4),
(81,319,4),
(81,417,4),
(82,77,5),
(82,84,5),
(82,85,5),
(82,88,5),
(82,102,5),
(82,110,5),
(82,125,5),
(82,127,5),
(82,133,5),
(82,140,5),
(82,223,5),
(82,229,5),
(82,231,5),
(82,234,5),
(82,264,5),
(82,319,5),
(82,417,5),
(96,2,1),
(96,936,1),
(97,2,2),
(97,936,2),
(98,2,3),
(98,936,3),
(99,2,4),
(99,936,4),
(100,2,5),
(100,936,5),
(101,2,6),
(101,936,6),
(103,102,1),
(104,102,2),
(105,102,3),
(106,102,4),
(107,102,5),
(108,102,6),
(131,2,1),
(131,936,1),
(132,2,2),
(132,936,2),
(134,133,1),
(134,140,1),
(134,223,1),
(134,229,1),
(134,231,1),
(134,234,1),
(134,264,1),
(134,319,1),
(134,417,1),
(135,133,2),
(135,140,2),
(135,223,2),
(135,229,2),
(135,231,2),
(135,234,2),
(135,264,2),
(135,319,2),
(135,417,2),
(420,419,1),
(420,435,1),
(420,437,1),
(420,439,1),
(420,446,1),
(420,450,1),
(420,528,1),
(420,537,1),
(420,541,1),
(420,543,1),
(420,546,1),
(420,549,1),
(420,553,1),
(420,566,1),
(420,568,1),
(420,570,1),
(420,575,1),
(420,577,1),
(420,581,1),
(420,586,1),
(420,592,1),
(420,596,1),
(420,599,1),
(421,419,2),
(421,435,2),
(421,437,2),
(421,439,2),
(421,446,2),
(421,450,2),
(421,528,2),
(421,537,2),
(421,541,2),
(421,543,2),
(421,546,2),
(421,549,2),
(421,553,2),
(421,566,2),
(421,568,2),
(421,570,2),
(421,575,2),
(421,577,2),
(421,581,2),
(421,586,2),
(421,592,2),
(421,596,2),
(421,599,2),
(422,419,1),
(422,435,1),
(422,437,1),
(422,439,1),
(423,419,2),
(423,435,2),
(423,437,2),
(423,439,2),
(424,419,3),
(424,435,3),
(424,437,3),
(424,439,3),
(425,419,4),
(425,435,4),
(425,437,4),
(425,439,4),
(426,419,1),
(426,435,1),
(426,437,1),
(426,439,1),
(426,446,1),
(426,450,1),
(426,528,1),
(426,537,1),
(426,541,1),
(426,543,1),
(426,546,1),
(426,549,1),
(426,553,1),
(426,566,1),
(426,568,1),
(426,570,1),
(426,575,1),
(426,577,1),
(426,581,1),
(427,419,2),
(427,435,2),
(427,437,2),
(427,439,2),
(427,446,2),
(427,450,2),
(427,528,2),
(427,537,2),
(427,541,2),
(427,543,2),
(427,546,2),
(427,549,2),
(427,553,2),
(427,566,2),
(427,568,2),
(427,570,2),
(427,575,2),
(427,577,2),
(427,581,2),
(428,419,3),
(428,435,3),
(428,437,3),
(428,439,3),
(428,446,3),
(428,450,3),
(428,528,3),
(428,537,3),
(428,541,3),
(428,543,3),
(428,546,3),
(428,549,3),
(428,553,3),
(428,566,3),
(428,568,3),
(428,570,3),
(428,575,3),
(428,577,3),
(428,581,3),
(429,419,1),
(429,435,1),
(429,437,1),
(429,439,1),
(429,446,1),
(429,450,1),
(429,528,1),
(429,537,1),
(429,541,1),
(429,543,1),
(429,546,1),
(429,549,1),
(429,553,1),
(429,566,1),
(429,568,1),
(429,570,1),
(429,575,1),
(429,577,1),
(429,581,1),
(430,419,2),
(430,435,2),
(430,437,2),
(430,439,2),
(430,446,2),
(430,450,2),
(430,528,2),
(430,537,2),
(430,541,2),
(430,543,2),
(430,546,2),
(430,549,2),
(430,553,2),
(430,566,2),
(430,568,2),
(430,570,2),
(430,575,2),
(430,577,2),
(430,581,2),
(431,419,3),
(431,435,3),
(431,437,3),
(431,439,3),
(431,446,3),
(431,450,3),
(431,528,3),
(431,537,3),
(431,541,3),
(431,543,3),
(431,546,3),
(431,549,3),
(431,553,3),
(431,566,3),
(431,568,3),
(431,570,3),
(431,575,3),
(431,577,3),
(431,581,3),
(432,419,4),
(432,435,4),
(432,437,4),
(432,439,4),
(432,446,4),
(432,450,4),
(432,528,4),
(432,537,4),
(432,541,4),
(432,543,4),
(432,546,4),
(432,549,4),
(432,553,4),
(432,566,4),
(432,568,4),
(432,570,4),
(432,575,4),
(432,577,4),
(432,581,4),
(433,419,5),
(433,435,5),
(433,437,5),
(433,439,5),
(433,446,5),
(433,450,5),
(433,528,5),
(433,537,5),
(433,541,5),
(433,543,5),
(433,546,5),
(433,549,5),
(433,553,5),
(433,566,5),
(433,568,5),
(433,570,5),
(433,575,5),
(433,577,5),
(433,581,5),
(445,2,1),
(445,936,1),
(447,446,1),
(447,450,1),
(447,528,1),
(447,537,1),
(447,541,1),
(447,543,1),
(447,546,1),
(447,549,1),
(447,553,1),
(447,566,1),
(447,568,1),
(447,570,1),
(447,575,1),
(447,577,1),
(447,581,1),
(447,586,1),
(447,592,1),
(447,596,1),
(447,599,1),
(447,625,1),
(447,627,1),
(447,630,1),
(448,446,1),
(448,450,1),
(448,528,1),
(448,537,1),
(448,541,1),
(448,543,1),
(448,546,1),
(448,549,1),
(448,553,1),
(448,566,1),
(448,568,1),
(448,570,1),
(448,575,1),
(448,577,1),
(448,581,1),
(448,586,1),
(448,592,1),
(448,596,1),
(448,599,1),
(448,625,1),
(448,627,1),
(448,630,1),
(587,586,1),
(587,592,1),
(587,596,1),
(587,599,1),
(587,625,1),
(587,627,1),
(587,630,1),
(587,636,1),
(587,640,1),
(587,647,1),
(588,586,2),
(588,592,2),
(588,596,2),
(588,599,2),
(588,625,2),
(588,627,2),
(588,630,2),
(588,636,2),
(588,640,2),
(588,647,2),
(589,586,3),
(593,592,3),
(597,596,3),
(597,599,3),
(597,625,3),
(597,627,3),
(597,630,3),
(597,636,3),
(597,640,3),
(597,647,3),
(637,636,1),
(637,640,1),
(637,647,1),
(638,636,1),
(638,640,1),
(638,647,1),
(649,648,1),
(650,648,2),
(651,648,3),
(652,648,1),
(653,648,1),
(835,834,1),
(835,932,1),
(836,834,2),
(836,932,2),
(837,834,3),
(837,932,3),
(838,834,1),
(838,932,1),
(839,834,1),
(839,932,1),
(937,2,1),
(938,2,1),
(940,939,1),
(941,939,2),
(942,939,3),
(943,939,1),
(944,939,1),
(946,945,1),
(947,945,1),
(949,948,1),
(950,948,1),
(952,951,1),
(953,951,1),
(955,954,1),
(956,954,1),
(958,957,1),
(959,957,1),
(961,960,1),
(962,960,1),
(964,963,1),
(965,963,1),
(967,966,1),
(968,966,1),
(970,969,1),
(971,969,1),
(973,972,1),
(974,972,1),
(976,975,1),
(977,975,1),
(979,978,1),
(980,978,1),
(982,981,1),
(983,981,1),
(984,981,1),
(986,985,1),
(987,985,1),
(988,985,1),
(990,989,1),
(991,989,1),
(993,992,1),
(994,992,1),
(996,995,1),
(998,997,1),
(1000,999,1),
(1001,999,1),
(1003,1002,1),
(1004,1002,1),
(1006,1005,1),
(1007,1005,1),
(1009,1008,1),
(1010,1008,1),
(1012,1011,1),
(1013,1011,1),
(1015,1014,1),
(1016,1014,1),
(1018,1017,1),
(1019,1017,1),
(1021,1020,1),
(1022,1020,1),
(1024,1023,1),
(1025,1023,1),
(1026,1023,1),
(1028,1027,1),
(1029,1027,1),
(1030,1027,1),
(1032,1031,1),
(1034,1033,1),
(1036,1035,1),
(1037,1035,1),
(1039,1038,1),
(1040,1038,1),
(1042,1041,1),
(1044,1043,1),
(1046,1045,1),
(1047,1045,1),
(1049,1048,1),
(1050,1048,1),
(1052,1051,1),
(1053,1051,1),
(1054,1051,1),
(1056,1055,1),
(1057,1055,1),
(1058,1055,1),
(1060,1059,1),
(1061,1059,1),
(1062,1059,1),
(1064,1063,1),
(1065,1063,1),
(1066,1063,1),
(1068,1067,1),
(1069,1067,1),
(1071,1070,1),
(1072,1070,1),
(1074,1073,1),
(1075,1073,1),
(1077,1076,1),
(1078,1076,1),
(1080,1079,1),
(1081,1079,1),
(1083,1082,1),
(1084,1082,1),
(1086,1085,1),
(1087,1085,1),
(1089,1088,1),
(1090,1088,1),
(1092,1091,1),
(1093,1091,1),
(1095,1094,1),
(1096,1094,1),
(1098,1097,1),
(1099,1097,1),
(1101,1100,1),
(1102,1100,1),
(1104,1103,1),
(1105,1103,1),
(1107,1106,1),
(1108,1106,1),
(1110,1109,1),
(1111,1109,1),
(1112,1109,1),
(1114,1113,1),
(1115,1113,1),
(1116,1113,1),
(1118,1117,1),
(1119,1117,1),
(1121,1120,1),
(1122,1120,1),
(1124,1123,1),
(1125,1123,1),
(1127,1126,1),
(1128,1126,1),
(1130,1129,1),
(1131,1129,1),
(1133,1132,1),
(1134,1132,1),
(1136,1135,1),
(1137,1135,1),
(1139,1138,1),
(1140,1138,1),
(1144,1143,1),
(1145,1143,1),
(1147,1146,1),
(1148,1146,1),
(1150,1149,1),
(1151,1149,1),
(1153,1152,1),
(1154,1152,1),
(1156,1155,1),
(1157,1155,1),
(1159,1158,1),
(1160,1158,1),
(1162,1161,1),
(1164,1163,1),
(1166,1165,1),
(1166,1485,1),
(1167,1165,1),
(1167,1485,1),
(1169,1168,1),
(1170,1168,1),
(1172,1171,1),
(1173,1171,1),
(1175,1174,1),
(1176,1174,1),
(1178,1177,1),
(1179,1177,1),
(1181,1180,1),
(1182,1180,1),
(1183,1177,1),
(1184,1177,1),
(1186,1185,1),
(1187,1185,1),
(1189,1188,1),
(1190,1188,1),
(1192,1191,1),
(1193,1191,1),
(1195,1194,1),
(1196,1194,1),
(1198,1197,1),
(1200,1199,1),
(1202,1201,1),
(1203,1201,1),
(1204,1201,1),
(1206,1205,1),
(1207,1205,1),
(1208,1205,1),
(1210,1209,1),
(1211,1209,1),
(1213,1212,1),
(1214,1212,1),
(1216,1215,1),
(1218,1217,1),
(1220,1219,1),
(1221,1219,1),
(1223,1222,1),
(1224,1222,1),
(1226,1225,1),
(1227,1225,1),
(1229,1228,1),
(1230,1228,1),
(1232,1231,1),
(1233,1231,1),
(1235,1234,1),
(1236,1234,1),
(1238,1237,1),
(1239,1237,1),
(1241,1240,1),
(1242,1240,1),
(1244,1243,1),
(1245,1243,1),
(1247,1246,1),
(1248,1246,1),
(1250,1249,1),
(1251,1249,1),
(1253,1252,1),
(1254,1252,1),
(1256,1255,1),
(1257,1255,1),
(1259,1258,1),
(1260,1258,1),
(1262,1261,1),
(1263,1261,1),
(1264,1261,1),
(1266,1265,1),
(1267,1265,1),
(1268,1265,1),
(1270,1269,1),
(1271,1269,1),
(1272,1269,1),
(1274,1273,1),
(1275,1273,1),
(1276,1273,1),
(1278,1277,1),
(1279,1277,1),
(1281,1280,1),
(1282,1280,1),
(1284,1283,1),
(1285,1283,1),
(1287,1286,1),
(1288,1286,1),
(1290,1289,1),
(1291,1289,1),
(1292,1289,1),
(1294,1293,1),
(1295,1293,1),
(1296,1293,1),
(1298,1297,1),
(1299,1297,1),
(1301,1300,1),
(1302,1300,1),
(1304,1303,1),
(1305,1303,1),
(1307,1306,1),
(1308,1306,1),
(1310,1309,1),
(1311,1309,1),
(1313,1312,1),
(1314,1312,1),
(1316,1315,1),
(1317,1315,1),
(1318,1315,1),
(1320,1319,1),
(1321,1319,1),
(1322,1319,1),
(1324,1323,1),
(1325,1323,1),
(1327,1326,1),
(1328,1326,1),
(1330,1329,1),
(1331,1329,1),
(1332,1329,1),
(1334,1333,1),
(1335,1333,1),
(1336,1333,1),
(1338,1337,1),
(1339,1337,1),
(1341,1340,1),
(1342,1340,1),
(1344,1343,1),
(1345,1343,1),
(1347,1346,1),
(1348,1346,1),
(1350,1349,1),
(1352,1351,1),
(1354,1353,1),
(1355,1353,1),
(1357,1356,1),
(1358,1356,1),
(1360,1359,1),
(1361,1359,1),
(1363,1362,1),
(1364,1362,1),
(1366,1365,1),
(1367,1365,1),
(1369,1368,1),
(1370,1368,1),
(1372,1371,1),
(1373,1371,1),
(1375,1374,1),
(1376,1374,1),
(1378,1377,1),
(1379,1377,1),
(1381,1380,1),
(1382,1380,1),
(1384,1383,1),
(1385,1383,1),
(1387,1386,1),
(1388,1386,1),
(1390,1389,1),
(1391,1389,1),
(1393,1392,1),
(1394,1392,1),
(1396,1395,1),
(1397,1395,1),
(1399,1398,1),
(1400,1398,1),
(1402,1401,1),
(1403,1401,1),
(1405,1404,1),
(1406,1404,1),
(1408,1407,1),
(1409,1407,1),
(1411,1410,1),
(1412,1410,1),
(1414,1413,1),
(1415,1413,1),
(1417,1416,1),
(1418,1416,1),
(1420,1419,1),
(1421,1419,1),
(1423,1422,1),
(1424,1422,1),
(1426,1425,1),
(1427,1425,1),
(1429,1428,1),
(1430,1428,1),
(1432,1431,1),
(1433,1431,1),
(1435,1434,1),
(1436,1434,1),
(1438,1437,1),
(1439,1437,1),
(1441,1440,1),
(1442,1440,1),
(1444,1443,1),
(1445,1443,1),
(1447,1446,1),
(1448,1446,1),
(1450,1449,1),
(1451,1449,1),
(1453,1452,1),
(1454,1452,1),
(1456,1455,1),
(1457,1455,1),
(1459,1458,1),
(1460,1458,1),
(1462,1461,1),
(1463,1461,1),
(1465,1464,1),
(1466,1464,1),
(1468,1467,1),
(1469,1467,1),
(1471,1470,1),
(1472,1470,1),
(1474,1473,1),
(1476,1475,1),
(1478,1477,1),
(1480,1479,1),
(1482,1481,1),
(1484,1483,1);
commit;

--
