--
-- Host: localhost    Database: akg_craft
-- ------------------------------------------------------


--
-- Table structure for table `addresses`
--

CREATE TABLE `addresses` (
  `id` int(11) NOT NULL,
  `primaryOwnerId` int(11) DEFAULT NULL,
  `fieldId` int(11) DEFAULT NULL,
  `countryCode` varchar(255) NOT NULL,
  `administrativeArea` varchar(255) DEFAULT NULL,
  `locality` varchar(255) DEFAULT NULL,
  `dependentLocality` varchar(255) DEFAULT NULL,
  `postalCode` varchar(255) DEFAULT NULL,
  `sortingCode` varchar(255) DEFAULT NULL,
  `addressLine1` varchar(255) DEFAULT NULL,
  `addressLine2` varchar(255) DEFAULT NULL,
  `addressLine3` varchar(255) DEFAULT NULL,
  `organization` varchar(255) DEFAULT NULL,
  `organizationTaxId` varchar(255) DEFAULT NULL,
  `fullName` varchar(255) DEFAULT NULL,
  `firstName` varchar(255) DEFAULT NULL,
  `lastName` varchar(255) DEFAULT NULL,
  `latitude` varchar(255) DEFAULT NULL,
  `longitude` varchar(255) DEFAULT NULL,
  `dateCreated` datetime NOT NULL,
  `dateUpdated` datetime NOT NULL,
  PRIMARY KEY (`id`),
  KEY `fk_iqvloikvkpdwacapmodeegqbfwwsttzfiaqx` (`primaryOwnerId`),
  CONSTRAINT `fk_dwkislensiccokeopruhqgnyoosvtqpqvnxz` FOREIGN KEY (`id`) REFERENCES `elements` (`id`) ON DELETE CASCADE,
  CONSTRAINT `fk_iqvloikvkpdwacapmodeegqbfwwsttzfiaqx` FOREIGN KEY (`primaryOwnerId`) REFERENCES `elements` (`id`) ON DELETE CASCADE
) ENGINE=InnoDB DEFAULT CHARSET=utf8mb4 COLLATE=utf8mb4_unicode_ci;

--
-- Table structure for table `announcements`
--

CREATE TABLE `announcements` (
  `id` int(11) NOT NULL AUTO_INCREMENT,
  `userId` int(11) NOT NULL,
  `pluginId` int(11) DEFAULT NULL,
  `heading` varchar(255) NOT NULL,
  `body` text NOT NULL,
  `unread` tinyint(1) NOT NULL DEFAULT 1,
  `dateRead` datetime DEFAULT NULL,
  `dateCreated` datetime NOT NULL,
  PRIMARY KEY (`id`),
  KEY `idx_uukijiyyfbdpzlzeqyvxlovumrsxhmnoygak` (`userId`,`unread`,`dateRead`,`dateCreated`),
  KEY `idx_mgewutpavvnrbjchxdqzhgengtvihkgkczjl` (`dateRead`),
  KEY `fk_wruwonaklxcgxnetazpxvohcqbbhhjbqrkoe` (`pluginId`),
  CONSTRAINT `fk_wospxzotjkupqslxknxobuiyjbevdfwiqlck` FOREIGN KEY (`userId`) REFERENCES `users` (`id`) ON DELETE CASCADE,
  CONSTRAINT `fk_wruwonaklxcgxnetazpxvohcqbbhhjbqrkoe` FOREIGN KEY (`pluginId`) REFERENCES `plugins` (`id`) ON DELETE CASCADE
) ENGINE=InnoDB DEFAULT CHARSET=utf8mb4 COLLATE=utf8mb4_unicode_ci;

--
-- Table structure for table `assetindexingsessions`
--

CREATE TABLE `assetindexingsessions` (
  `id` int(11) NOT NULL AUTO_INCREMENT,
  `indexedVolumes` text DEFAULT NULL,
  `totalEntries` int(11) DEFAULT NULL,
  `processedEntries` int(11) NOT NULL DEFAULT 0,
  `cacheRemoteImages` tinyint(1) DEFAULT NULL,
  `listEmptyFolders` tinyint(1) DEFAULT 0,
  `isCli` tinyint(1) DEFAULT 0,
  `actionRequired` tinyint(1) DEFAULT 0,
  `processIfRootEmpty` tinyint(1) DEFAULT 0,
  `dateCreated` datetime NOT NULL,
  `dateUpdated` datetime NOT NULL,
  `uid` char(36) NOT NULL DEFAULT '0',
  PRIMARY KEY (`id`)
) ENGINE=InnoDB DEFAULT CHARSET=utf8mb4 COLLATE=utf8mb4_unicode_ci;

--
-- Table structure for table `assets`
--

CREATE TABLE `assets` (
  `id` int(11) NOT NULL,
  `volumeId` int(11) DEFAULT NULL,
  `folderId` int(11) NOT NULL,
  `uploaderId` int(11) DEFAULT NULL,
  `filename` varchar(255) NOT NULL,
  `mimeType` varchar(255) DEFAULT NULL,
  `kind` varchar(50) NOT NULL DEFAULT 'unknown',
  `alt` text DEFAULT NULL,
  `width` int(10) unsigned DEFAULT NULL,
  `height` int(10) unsigned DEFAULT NULL,
  `size` bigint(20) unsigned DEFAULT NULL,
  `focalPoint` varchar(13) DEFAULT NULL,
  `deletedWithVolume` tinyint(1) DEFAULT NULL,
  `keptFile` tinyint(1) DEFAULT NULL,
  `dateModified` datetime DEFAULT NULL,
  `dateCreated` datetime NOT NULL,
  `dateUpdated` datetime NOT NULL,
  PRIMARY KEY (`id`),
  KEY `idx_qvgtvxwwlxpafqemsbgcnfuuabsghawguivf` (`filename`,`folderId`),
  KEY `idx_abvtfcfcqgzppjrgofuzjkgdprqvrgecamec` (`folderId`),
  KEY `idx_bivetzxptnogsjjvthfyfqtxmejmcknttcde` (`volumeId`),
  KEY `fk_tekocsxyxnieyklrguywvjqnhanpwcufwobg` (`uploaderId`),
  CONSTRAINT `fk_lvihrokbpxzrgrmhkbhnnzcdbpixlpsyxbrj` FOREIGN KEY (`folderId`) REFERENCES `volumefolders` (`id`) ON DELETE CASCADE,
  CONSTRAINT `fk_modowmfkudoeglagnxbsrdobeahipbmutmmx` FOREIGN KEY (`volumeId`) REFERENCES `volumes` (`id`) ON DELETE CASCADE,
  CONSTRAINT `fk_tekocsxyxnieyklrguywvjqnhanpwcufwobg` FOREIGN KEY (`uploaderId`) REFERENCES `users` (`id`) ON DELETE SET NULL,
  CONSTRAINT `fk_tsjsorwzadpbpqdekpcuubqwgsphuvpxaufc` FOREIGN KEY (`id`) REFERENCES `elements` (`id`) ON DELETE CASCADE
) ENGINE=InnoDB DEFAULT CHARSET=utf8mb4 COLLATE=utf8mb4_unicode_ci;

--
-- Table structure for table `assets_sites`
--

CREATE TABLE `assets_sites` (
  `assetId` int(11) NOT NULL,
  `siteId` int(11) NOT NULL,
  `alt` text DEFAULT NULL,
  PRIMARY KEY (`assetId`,`siteId`),
  KEY `fk_aknalnuelkvjzfggeovumibomcxcvfyzuvba` (`siteId`),
  CONSTRAINT `fk_aknalnuelkvjzfggeovumibomcxcvfyzuvba` FOREIGN KEY (`siteId`) REFERENCES `sites` (`id`) ON DELETE CASCADE ON UPDATE CASCADE,
  CONSTRAINT `fk_glkidgkgevdmgjkbjibfhlzlaocozqmqmgqu` FOREIGN KEY (`assetId`) REFERENCES `assets` (`id`) ON DELETE CASCADE
) ENGINE=InnoDB DEFAULT CHARSET=utf8mb4 COLLATE=utf8mb4_unicode_ci;

--
-- Table structure for table `categories`
--

CREATE TABLE `categories` (
  `id` int(11) NOT NULL,
  `groupId` int(11) NOT NULL,
  `parentId` int(11) DEFAULT NULL,
  `deletedWithGroup` tinyint(1) DEFAULT NULL,
  `dateCreated` datetime NOT NULL,
  `dateUpdated` datetime NOT NULL,
  PRIMARY KEY (`id`),
  KEY `idx_jdtdhiipxibhqhdrjnrsorabilokzbcngtpy` (`groupId`),
  KEY `fk_gtqjpmdvxqkiktckauevmrakbedagbcawuxa` (`parentId`),
  CONSTRAINT `fk_ekltgmycyzqgniebmeziaiuvonfituulthmy` FOREIGN KEY (`id`) REFERENCES `elements` (`id`) ON DELETE CASCADE,
  CONSTRAINT `fk_gtqjpmdvxqkiktckauevmrakbedagbcawuxa` FOREIGN KEY (`parentId`) REFERENCES `categories` (`id`) ON DELETE SET NULL,
  CONSTRAINT `fk_vrqtvmuntnirtheyxwwnaivpmzsdrijkpkjk` FOREIGN KEY (`groupId`) REFERENCES `categorygroups` (`id`) ON DELETE CASCADE
) ENGINE=InnoDB DEFAULT CHARSET=utf8mb4 COLLATE=utf8mb4_unicode_ci;

--
-- Table structure for table `categorygroups`
--

CREATE TABLE `categorygroups` (
  `id` int(11) NOT NULL AUTO_INCREMENT,
  `structureId` int(11) NOT NULL,
  `fieldLayoutId` int(11) DEFAULT NULL,
  `name` varchar(255) NOT NULL,
  `handle` varchar(255) NOT NULL,
  `defaultPlacement` enum('beginning','end') NOT NULL DEFAULT 'end',
  `dateCreated` datetime NOT NULL,
  `dateUpdated` datetime NOT NULL,
  `dateDeleted` datetime DEFAULT NULL,
  `uid` char(36) NOT NULL DEFAULT '0',
  PRIMARY KEY (`id`),
  KEY `idx_uunanhzxghwptsxiizkbzlnjuwaxvmpbntgx` (`name`),
  KEY `idx_jwjmbrdxzdvswgrzsxdsstawqtrgjopuqzgo` (`handle`),
  KEY `idx_uvwkerycvzjcvbjxqobjxhwqxoehosngowzm` (`structureId`),
  KEY `idx_iucivdbueuhqivcstqnxhmmedcbhluyifnpy` (`fieldLayoutId`),
  KEY `idx_piswzyqdhcmfztsrkgdtwovlvnvphbovffqn` (`dateDeleted`),
  CONSTRAINT `fk_aerphudzxhtbpmredahlvapzjxoudhxkwhon` FOREIGN KEY (`structureId`) REFERENCES `structures` (`id`) ON DELETE CASCADE,
  CONSTRAINT `fk_yzkizfrsuoibmzojzqbbaosarsptufacqxgz` FOREIGN KEY (`fieldLayoutId`) REFERENCES `fieldlayouts` (`id`) ON DELETE SET NULL
) ENGINE=InnoDB DEFAULT CHARSET=utf8mb4 COLLATE=utf8mb4_unicode_ci;

--
-- Table structure for table `categorygroups_sites`
--

CREATE TABLE `categorygroups_sites` (
  `id` int(11) NOT NULL AUTO_INCREMENT,
  `groupId` int(11) NOT NULL,
  `siteId` int(11) NOT NULL,
  `hasUrls` tinyint(1) NOT NULL DEFAULT 1,
  `uriFormat` text DEFAULT NULL,
  `template` varchar(500) DEFAULT NULL,
  `dateCreated` datetime NOT NULL,
  `dateUpdated` datetime NOT NULL,
  `uid` char(36) NOT NULL DEFAULT '0',
  PRIMARY KEY (`id`),
  UNIQUE KEY `idx_idnjmmbumtlyimwpghcnmcqvdndfqhlvokyx` (`groupId`,`siteId`),
  KEY `idx_cjkndovfayjuexqykawqmchuozjoagueujba` (`siteId`),
  CONSTRAINT `fk_ggkknmnhztypspuotgseladohqtwzrmyixrx` FOREIGN KEY (`groupId`) REFERENCES `categorygroups` (`id`) ON DELETE CASCADE,
  CONSTRAINT `fk_lcmrwwreuymkayhpoussqwkblzkvhsjdbksu` FOREIGN KEY (`siteId`) REFERENCES `sites` (`id`) ON DELETE CASCADE ON UPDATE CASCADE
) ENGINE=InnoDB DEFAULT CHARSET=utf8mb4 COLLATE=utf8mb4_unicode_ci;

--
-- Table structure for table `changedattributes`
--

CREATE TABLE `changedattributes` (
  `elementId` int(11) NOT NULL,
  `siteId` int(11) NOT NULL,
  `attribute` varchar(255) NOT NULL,
  `dateUpdated` datetime NOT NULL,
  `propagated` tinyint(1) NOT NULL,
  `userId` int(11) DEFAULT NULL,
  PRIMARY KEY (`elementId`,`siteId`,`attribute`),
  KEY `idx_khvqpffjismcfsqpdqlgcruhvygcepogvadg` (`elementId`,`siteId`,`dateUpdated`),
  KEY `fk_rwywfgyogaofdouikozlmtushjaueatcoiek` (`siteId`),
  KEY `fk_xyhmlobytgekueeosolyvopkjtkrqkkfkpnm` (`userId`),
  CONSTRAINT `fk_nrkxricfghplaoujxnuyozvnhdetruyvpxhv` FOREIGN KEY (`elementId`) REFERENCES `elements` (`id`) ON DELETE CASCADE ON UPDATE CASCADE,
  CONSTRAINT `fk_rwywfgyogaofdouikozlmtushjaueatcoiek` FOREIGN KEY (`siteId`) REFERENCES `sites` (`id`) ON DELETE CASCADE ON UPDATE CASCADE,
  CONSTRAINT `fk_xyhmlobytgekueeosolyvopkjtkrqkkfkpnm` FOREIGN KEY (`userId`) REFERENCES `users` (`id`) ON DELETE SET NULL ON UPDATE CASCADE
) ENGINE=InnoDB DEFAULT CHARSET=utf8mb4 COLLATE=utf8mb4_unicode_ci;

--
-- Table structure for table `changedfields`
--

CREATE TABLE `changedfields` (
  `elementId` int(11) NOT NULL,
  `siteId` int(11) NOT NULL,
  `fieldId` int(11) NOT NULL,
  `layoutElementUid` char(36) NOT NULL DEFAULT '0',
  `dateUpdated` datetime NOT NULL,
  `propagated` tinyint(1) NOT NULL,
  `userId` int(11) DEFAULT NULL,
  PRIMARY KEY (`elementId`,`siteId`,`fieldId`,`layoutElementUid`),
  KEY `idx_yixjevqontcntogoqmbjpqlnxgctmkhhrxlz` (`elementId`,`siteId`,`dateUpdated`),
  KEY `fk_hxkitwxxoprypxilpoicfxohxearcpcokspe` (`siteId`),
  KEY `fk_lkktxosmjbksmxbgkfwwjudteinxrsdpcqnp` (`fieldId`),
  KEY `fk_tzrmrhhebfbnhvaeqtwqpyqirmjezdfehvot` (`userId`),
  CONSTRAINT `fk_hxkitwxxoprypxilpoicfxohxearcpcokspe` FOREIGN KEY (`siteId`) REFERENCES `sites` (`id`) ON DELETE CASCADE ON UPDATE CASCADE,
  CONSTRAINT `fk_lkktxosmjbksmxbgkfwwjudteinxrsdpcqnp` FOREIGN KEY (`fieldId`) REFERENCES `fields` (`id`) ON DELETE CASCADE ON UPDATE CASCADE,
  CONSTRAINT `fk_tzrmrhhebfbnhvaeqtwqpyqirmjezdfehvot` FOREIGN KEY (`userId`) REFERENCES `users` (`id`) ON DELETE SET NULL ON UPDATE CASCADE,
  CONSTRAINT `fk_vrypsfgzpzeijownmupepjjfqymlxzcjvvjy` FOREIGN KEY (`elementId`) REFERENCES `elements` (`id`) ON DELETE CASCADE ON UPDATE CASCADE
) ENGINE=InnoDB DEFAULT CHARSET=utf8mb4 COLLATE=utf8mb4_unicode_ci;

--
-- Table structure for table `contentblocks`
--

CREATE TABLE `contentblocks` (
  `id` int(11) NOT NULL,
  `primaryOwnerId` int(11) DEFAULT NULL,
  `fieldId` int(11) DEFAULT NULL,
  PRIMARY KEY (`id`),
  KEY `idx_fbatyxybqahalcbfhhjfwmwiucjohusckaea` (`primaryOwnerId`),
  KEY `idx_cpwzlbyfwmbeyuergpumcknelghukdyfzysk` (`fieldId`),
  CONSTRAINT `fk_enihsclmaiypgqhyaifvzxuxwanxakwdvzcp` FOREIGN KEY (`primaryOwnerId`) REFERENCES `elements` (`id`) ON DELETE CASCADE,
  CONSTRAINT `fk_rawdacbutrhywmbxlthvtezzhyoirgakpxxz` FOREIGN KEY (`fieldId`) REFERENCES `fields` (`id`) ON DELETE CASCADE,
  CONSTRAINT `fk_vewpqxqvrdsjnrnnonhuvfuylfcvbuzblrwb` FOREIGN KEY (`id`) REFERENCES `elements` (`id`) ON DELETE CASCADE
) ENGINE=InnoDB DEFAULT CHARSET=utf8mb4 COLLATE=utf8mb4_unicode_ci;

--
-- Table structure for table `drafts`
--

CREATE TABLE `drafts` (
  `id` int(11) NOT NULL AUTO_INCREMENT,
  `canonicalId` int(11) DEFAULT NULL,
  `creatorId` int(11) DEFAULT NULL,
  `provisional` tinyint(1) NOT NULL DEFAULT 0,
  `name` varchar(255) NOT NULL,
  `notes` text DEFAULT NULL,
  `trackChanges` tinyint(1) NOT NULL DEFAULT 0,
  `dateLastMerged` datetime DEFAULT NULL,
  `saved` tinyint(1) NOT NULL DEFAULT 1,
  PRIMARY KEY (`id`),
  KEY `idx_pbjjnhpnrprdqbvwdqhmmjirshfkswdhbgnq` (`creatorId`,`provisional`),
  KEY `idx_igyysutmncnnbstaaxnbnygayzheetcgeovq` (`saved`),
  KEY `fk_pnjziqnbyykzrupscelklaupbcksriwnrrme` (`canonicalId`),
  CONSTRAINT `fk_ipktlizajpmowigitytbcucvtuqwzstrwdzy` FOREIGN KEY (`creatorId`) REFERENCES `users` (`id`) ON DELETE SET NULL,
  CONSTRAINT `fk_pnjziqnbyykzrupscelklaupbcksriwnrrme` FOREIGN KEY (`canonicalId`) REFERENCES `elements` (`id`) ON DELETE CASCADE
) ENGINE=InnoDB AUTO_INCREMENT=295 DEFAULT CHARSET=utf8mb4 COLLATE=utf8mb4_unicode_ci;

--
-- Table structure for table `elementactivity`
--

CREATE TABLE `elementactivity` (
  `elementId` int(11) NOT NULL,
  `userId` int(11) NOT NULL,
  `siteId` int(11) NOT NULL,
  `draftId` int(11) DEFAULT NULL,
  `type` varchar(255) NOT NULL,
  `timestamp` datetime DEFAULT NULL,
  PRIMARY KEY (`elementId`,`userId`,`type`),
  KEY `idx_lfntenacxydtfclryddiugdzcrshilkochqv` (`elementId`,`timestamp`,`userId`),
  KEY `fk_gesincdiwdmutikkuyhqzlrkadkbheroqanw` (`userId`),
  KEY `fk_uxobxrfpuiweyzqxztckzqcflucstlcywyqs` (`siteId`),
  KEY `fk_mgtnxakxxzfjcoldzotieovkfwsbaabewkjg` (`draftId`),
  CONSTRAINT `fk_gesincdiwdmutikkuyhqzlrkadkbheroqanw` FOREIGN KEY (`userId`) REFERENCES `users` (`id`) ON DELETE CASCADE,
  CONSTRAINT `fk_mgtnxakxxzfjcoldzotieovkfwsbaabewkjg` FOREIGN KEY (`draftId`) REFERENCES `drafts` (`id`) ON DELETE CASCADE,
  CONSTRAINT `fk_ncpfsuiybumtansfrugtqqwvywlllycrfhwm` FOREIGN KEY (`elementId`) REFERENCES `elements` (`id`) ON DELETE CASCADE,
  CONSTRAINT `fk_uxobxrfpuiweyzqxztckzqcflucstlcywyqs` FOREIGN KEY (`siteId`) REFERENCES `sites` (`id`) ON DELETE CASCADE
) ENGINE=InnoDB DEFAULT CHARSET=utf8mb4 COLLATE=utf8mb4_unicode_ci;

--
-- Table structure for table `elements`
--

CREATE TABLE `elements` (
  `id` int(11) NOT NULL AUTO_INCREMENT,
  `canonicalId` int(11) DEFAULT NULL,
  `draftId` int(11) DEFAULT NULL,
  `revisionId` int(11) DEFAULT NULL,
  `fieldLayoutId` int(11) DEFAULT NULL,
  `type` varchar(255) NOT NULL,
  `enabled` tinyint(1) NOT NULL DEFAULT 1,
  `archived` tinyint(1) NOT NULL DEFAULT 0,
  `dateCreated` datetime NOT NULL,
  `dateUpdated` datetime NOT NULL,
  `dateLastMerged` datetime DEFAULT NULL,
  `dateDeleted` datetime DEFAULT NULL,
  `deletedWithOwner` tinyint(1) DEFAULT NULL,
  `uid` char(36) NOT NULL DEFAULT '0',
  PRIMARY KEY (`id`),
  KEY `idx_qiibialuucjqeqxthdndfhqodrhcnlzfryro` (`dateDeleted`),
  KEY `idx_ycbmfgoisupnxhxbincuvcqpnilqkyuiqhag` (`fieldLayoutId`),
  KEY `idx_xagvruibfecvrqupeapkjclkpyozwbmooveu` (`type`),
  KEY `idx_gacuplsrjqjabddulzactzayoarjxuwvhnbb` (`enabled`),
  KEY `idx_tlnsdquubyavsbbrsfdevfzbltifdsoathqr` (`canonicalId`),
  KEY `idx_ufwcipjfzmbqkyzwpuxvljjnqtmluscldgsx` (`archived`,`dateCreated`),
  KEY `idx_hfbbfrbzhfugnxytcpftxoyddpuwguflobnx` (`archived`,`dateDeleted`,`draftId`,`revisionId`,`canonicalId`),
  KEY `idx_tzjbhylhnfaupogwdllppqrniipqnkyxwpwd` (`archived`,`dateDeleted`,`draftId`,`revisionId`,`canonicalId`,`enabled`),
  KEY `fk_nurtvhxbusantavjrasarobzxbtelrsznnqc` (`draftId`),
  KEY `fk_bzohdwhanrmeucuqmzngbmuqlvlmuqirwbwr` (`revisionId`),
  CONSTRAINT `fk_bzohdwhanrmeucuqmzngbmuqlvlmuqirwbwr` FOREIGN KEY (`revisionId`) REFERENCES `revisions` (`id`) ON DELETE CASCADE,
  CONSTRAINT `fk_hdleolnjwfddskkpgcpedovmcaifkpzvupof` FOREIGN KEY (`fieldLayoutId`) REFERENCES `fieldlayouts` (`id`) ON DELETE SET NULL,
  CONSTRAINT `fk_iqjvcupoxaaihgbplrxhefoucnbqfqbstukh` FOREIGN KEY (`canonicalId`) REFERENCES `elements` (`id`) ON DELETE SET NULL,
  CONSTRAINT `fk_nurtvhxbusantavjrasarobzxbtelrsznnqc` FOREIGN KEY (`draftId`) REFERENCES `drafts` (`id`) ON DELETE CASCADE
) ENGINE=InnoDB AUTO_INCREMENT=937 DEFAULT CHARSET=utf8mb4 COLLATE=utf8mb4_unicode_ci;

--
-- Table structure for table `elements_owners`
--

CREATE TABLE `elements_owners` (
  `elementId` int(11) NOT NULL,
  `ownerId` int(11) NOT NULL,
  `sortOrder` smallint(5) unsigned NOT NULL,
  PRIMARY KEY (`elementId`,`ownerId`),
  KEY `fk_dhwumnkkblggmgardwijeathnljiwubhkuzg` (`ownerId`),
  CONSTRAINT `fk_aczdnoaszuzejaadsmwxtpgjycqznkzzwago` FOREIGN KEY (`elementId`) REFERENCES `elements` (`id`) ON DELETE CASCADE,
  CONSTRAINT `fk_dhwumnkkblggmgardwijeathnljiwubhkuzg` FOREIGN KEY (`ownerId`) REFERENCES `elements` (`id`) ON DELETE CASCADE
) ENGINE=InnoDB DEFAULT CHARSET=utf8mb4 COLLATE=utf8mb4_unicode_ci;

--
-- Table structure for table `elements_sites`
--

CREATE TABLE `elements_sites` (
  `id` int(11) NOT NULL AUTO_INCREMENT,
  `elementId` int(11) NOT NULL,
  `siteId` int(11) NOT NULL,
  `title` varchar(255) DEFAULT NULL,
  `slug` varchar(255) DEFAULT NULL,
  `uri` varchar(255) DEFAULT NULL,
  `content` longtext CHARACTER SET utf8mb4 COLLATE utf8mb4_bin DEFAULT NULL CHECK (json_valid(`content`)),
  `enabled` tinyint(1) NOT NULL DEFAULT 1,
  `dateCreated` datetime NOT NULL,
  `dateUpdated` datetime NOT NULL,
  `uid` char(36) NOT NULL DEFAULT '0',
  PRIMARY KEY (`id`),
  UNIQUE KEY `idx_vjnigzezqicqxwafasnrqoyquqdduvdvdftq` (`elementId`,`siteId`),
  KEY `idx_ixpowpedfpxftkmpsitspmtnyxoefwchhery` (`siteId`),
  KEY `idx_faibkbrfkfvxazgejlgjrfrxnjqeblawadvk` (`title`,`siteId`),
  KEY `idx_lnznnfmrnlfaqunuspaemenziszgmlygpbnz` (`slug`,`siteId`),
  KEY `idx_cdkhcjlloeortlaiftjiniuunlenmlbluawu` (`enabled`),
  KEY `idx_icfhuppkjtndtkrunqobxqfcgpiebpzzeczy` (`uri`,`siteId`),
  CONSTRAINT `fk_jpjaekscyqockvjkuqbivtndfzwdoyxwdzxw` FOREIGN KEY (`elementId`) REFERENCES `elements` (`id`) ON DELETE CASCADE,
  CONSTRAINT `fk_ocrawvafzozycdcpcvcyeuoznawsacoananj` FOREIGN KEY (`siteId`) REFERENCES `sites` (`id`) ON DELETE CASCADE ON UPDATE CASCADE
) ENGINE=InnoDB AUTO_INCREMENT=937 DEFAULT CHARSET=utf8mb4 COLLATE=utf8mb4_unicode_ci;

--
-- Table structure for table `entries`
--

CREATE TABLE `entries` (
  `id` int(11) NOT NULL,
  `sectionId` int(11) DEFAULT NULL,
  `parentId` int(11) DEFAULT NULL,
  `primaryOwnerId` int(11) DEFAULT NULL,
  `fieldId` int(11) DEFAULT NULL,
  `typeId` int(11) NOT NULL,
  `postDate` datetime DEFAULT NULL,
  `expiryDate` datetime DEFAULT NULL,
  `status` enum('live','pending','expired') NOT NULL DEFAULT 'live',
  `deletedWithEntryType` tinyint(1) DEFAULT NULL,
  `deletedWithSection` tinyint(1) DEFAULT NULL,
  `dateCreated` datetime NOT NULL,
  `dateUpdated` datetime NOT NULL,
  PRIMARY KEY (`id`),
  KEY `idx_vxuhugvxhgwekpmglgfmpvpdaswydtlpmnsd` (`postDate`),
  KEY `idx_dqmpytanywvwebfvxiuzoelkiuzmipglvlci` (`expiryDate`),
  KEY `idx_snnelwquugcgsgcsyxztzzdagzzgbzctkkxn` (`status`),
  KEY `idx_oyusrrffxwjasnvimazilomnuayamrqrkkrs` (`sectionId`),
  KEY `idx_pcjlgiaggbycgdkknxbchlptmhrrklpwphsl` (`typeId`),
  KEY `idx_pqzzoyioccqmeqqxwdhzjuhucuqbgflktocu` (`primaryOwnerId`),
  KEY `idx_izzumizhihbjambmxxmqxetcmzycideztdow` (`fieldId`),
  KEY `fk_cbcpwmlhnhvcbapyfnqjxpyvjqlrypwyoegd` (`parentId`),
  CONSTRAINT `fk_btaaxmdovcglmftbupzffceaoihqwxqquprk` FOREIGN KEY (`id`) REFERENCES `elements` (`id`) ON DELETE CASCADE,
  CONSTRAINT `fk_cbcpwmlhnhvcbapyfnqjxpyvjqlrypwyoegd` FOREIGN KEY (`parentId`) REFERENCES `entries` (`id`) ON DELETE SET NULL,
  CONSTRAINT `fk_qdyopajwvztatqgfirqpattfdtpbmmgivadv` FOREIGN KEY (`primaryOwnerId`) REFERENCES `elements` (`id`) ON DELETE CASCADE,
  CONSTRAINT `fk_tzonnsswtfphhxpunbliniqybfolxriqvsjv` FOREIGN KEY (`typeId`) REFERENCES `entrytypes` (`id`) ON DELETE CASCADE,
  CONSTRAINT `fk_wdykeepvoppudrfwgjrfizqwqutksqefapak` FOREIGN KEY (`sectionId`) REFERENCES `sections` (`id`) ON DELETE CASCADE,
  CONSTRAINT `fk_zyczynbybirhrsunpruvzossdkcuajozzxdo` FOREIGN KEY (`fieldId`) REFERENCES `fields` (`id`) ON DELETE CASCADE
) ENGINE=InnoDB DEFAULT CHARSET=utf8mb4 COLLATE=utf8mb4_unicode_ci;

--
-- Table structure for table `entries_authors`
--

CREATE TABLE `entries_authors` (
  `entryId` int(11) NOT NULL,
  `authorId` int(11) NOT NULL,
  `sortOrder` smallint(5) unsigned NOT NULL,
  PRIMARY KEY (`entryId`,`authorId`),
  KEY `idx_kkkhdomcumrntegqlbnixgdvjxgomwxstvuy` (`authorId`),
  KEY `idx_yfevyzfnrsztelswamdicptklnkglnixdqxp` (`entryId`,`sortOrder`),
  CONSTRAINT `fk_dmrvjudwrfejjxwchksnnnnilhppsfaqlymf` FOREIGN KEY (`entryId`) REFERENCES `entries` (`id`) ON DELETE CASCADE,
  CONSTRAINT `fk_vefmiipxkunjvixyiptlbmvvuczdjslwmyjj` FOREIGN KEY (`authorId`) REFERENCES `users` (`id`) ON DELETE CASCADE
) ENGINE=InnoDB DEFAULT CHARSET=utf8mb4 COLLATE=utf8mb4_unicode_ci;

--
-- Table structure for table `entrytypes`
--

CREATE TABLE `entrytypes` (
  `id` int(11) NOT NULL AUTO_INCREMENT,
  `fieldLayoutId` int(11) DEFAULT NULL,
  `name` varchar(255) NOT NULL,
  `handle` varchar(255) NOT NULL,
  `description` text DEFAULT NULL,
  `icon` varchar(255) DEFAULT NULL,
  `color` varchar(255) DEFAULT NULL,
  `hasTitleField` tinyint(1) NOT NULL DEFAULT 1,
  `titleTranslationMethod` varchar(255) NOT NULL DEFAULT 'site',
  `titleTranslationKeyFormat` text DEFAULT NULL,
  `titleFormat` varchar(255) DEFAULT NULL,
  `showSlugField` tinyint(1) DEFAULT 1,
  `slugTranslationMethod` varchar(255) NOT NULL DEFAULT 'site',
  `slugTranslationKeyFormat` text DEFAULT NULL,
  `showStatusField` tinyint(1) DEFAULT 1,
  `dateCreated` datetime NOT NULL,
  `dateUpdated` datetime NOT NULL,
  `dateDeleted` datetime DEFAULT NULL,
  `uid` char(36) NOT NULL DEFAULT '0',
  PRIMARY KEY (`id`),
  KEY `idx_vkehvdetjwprdqsulpbglbksfkusjqjgucci` (`fieldLayoutId`),
  KEY `idx_jjwomxpvnhulsribozssqisaqqlbsqjvmsyi` (`dateDeleted`),
  CONSTRAINT `fk_yafrsjzjdqztnbrxmdfobdpjjhyhaegzzlxc` FOREIGN KEY (`fieldLayoutId`) REFERENCES `fieldlayouts` (`id`) ON DELETE SET NULL
) ENGINE=InnoDB AUTO_INCREMENT=11 DEFAULT CHARSET=utf8mb4 COLLATE=utf8mb4_unicode_ci;

--
-- Table structure for table `feedme_logs`
--

CREATE TABLE `feedme_logs` (
  `id` bigint(20) NOT NULL AUTO_INCREMENT,
  `level` int(11) DEFAULT NULL,
  `category` varchar(255) DEFAULT NULL,
  `log_time` double DEFAULT NULL,
  `prefix` text DEFAULT NULL,
  `message` text DEFAULT NULL,
  PRIMARY KEY (`id`),
  KEY `idx_log_level` (`level`),
  KEY `idx_log_category` (`category`)
) ENGINE=InnoDB AUTO_INCREMENT=5324 DEFAULT CHARSET=utf8mb4 COLLATE=utf8mb4_unicode_ci;

--
-- Table structure for table `fieldlayouts`
--

CREATE TABLE `fieldlayouts` (
  `id` int(11) NOT NULL AUTO_INCREMENT,
  `type` varchar(255) NOT NULL,
  `config` longtext CHARACTER SET utf8mb4 COLLATE utf8mb4_bin DEFAULT NULL CHECK (json_valid(`config`)),
  `dateCreated` datetime NOT NULL,
  `dateUpdated` datetime NOT NULL,
  `dateDeleted` datetime DEFAULT NULL,
  `uid` char(36) NOT NULL DEFAULT '0',
  PRIMARY KEY (`id`),
  KEY `idx_qwwlwnqfvylkuewgaagypsrycjehryatpzow` (`dateDeleted`),
  KEY `idx_wchkxdaphzpbzeecvukzveawczlewmlmfyar` (`type`)
) ENGINE=InnoDB AUTO_INCREMENT=18 DEFAULT CHARSET=utf8mb4 COLLATE=utf8mb4_unicode_ci;

--
-- Table structure for table `fields`
--

CREATE TABLE `fields` (
  `id` int(11) NOT NULL AUTO_INCREMENT,
  `name` text NOT NULL,
  `handle` varchar(64) NOT NULL,
  `context` varchar(255) NOT NULL DEFAULT 'global',
  `columnSuffix` char(8) DEFAULT NULL,
  `instructions` text DEFAULT NULL,
  `searchable` tinyint(1) NOT NULL DEFAULT 1,
  `translationMethod` varchar(255) NOT NULL DEFAULT 'none',
  `translationKeyFormat` text DEFAULT NULL,
  `type` varchar(255) NOT NULL,
  `settings` text DEFAULT NULL,
  `dateCreated` datetime NOT NULL,
  `dateUpdated` datetime NOT NULL,
  `dateDeleted` datetime DEFAULT NULL,
  `uid` char(36) NOT NULL DEFAULT '0',
  PRIMARY KEY (`id`),
  KEY `idx_lsqfyxfqwsraezylphubazinzxcumkbmxziw` (`handle`,`context`),
  KEY `idx_dmvvcaxllibxdtchgbgdehiojdcqsayhgqpd` (`context`),
  KEY `idx_wysugkgwsibkwauvrgcreyaivgyqbwyyvwav` (`dateDeleted`)
) ENGINE=InnoDB AUTO_INCREMENT=60 DEFAULT CHARSET=utf8mb4 COLLATE=utf8mb4_unicode_ci;

--
-- Table structure for table `globalsets`
--

CREATE TABLE `globalsets` (
  `id` int(11) NOT NULL AUTO_INCREMENT,
  `name` varchar(255) NOT NULL,
  `handle` varchar(255) NOT NULL,
  `fieldLayoutId` int(11) DEFAULT NULL,
  `sortOrder` smallint(5) unsigned DEFAULT NULL,
  `dateCreated` datetime NOT NULL,
  `dateUpdated` datetime NOT NULL,
  `uid` char(36) NOT NULL DEFAULT '0',
  PRIMARY KEY (`id`),
  KEY `idx_xbsaazzhfhszjjvlrtwakfprfftqylfpoixl` (`name`),
  KEY `idx_oekjlhinxdcgehqfghqgsitypscdnsmtpyiy` (`handle`),
  KEY `idx_pcmckodvesbnmrquykwlfoaxnixovjpovxlj` (`fieldLayoutId`),
  KEY `idx_agwesgbdiznudgikaivifjxnsxdqljydismg` (`sortOrder`),
  CONSTRAINT `fk_abuqvrvmzewsyxtxaizvqgrmfbetlpqmzscq` FOREIGN KEY (`id`) REFERENCES `elements` (`id`) ON DELETE CASCADE,
  CONSTRAINT `fk_riekewyysqlkppelpzwfwrhantegwhpxccqn` FOREIGN KEY (`fieldLayoutId`) REFERENCES `fieldlayouts` (`id`) ON DELETE SET NULL
) ENGINE=InnoDB AUTO_INCREMENT=555 DEFAULT CHARSET=utf8mb4 COLLATE=utf8mb4_unicode_ci;

--
-- Table structure for table `googlemaps_addresses`
--

CREATE TABLE `googlemaps_addresses` (
  `id` int(11) NOT NULL AUTO_INCREMENT,
  `elementId` int(11) NOT NULL,
  `siteId` int(11) NOT NULL,
  `fieldId` int(11) NOT NULL,
  `formatted` varchar(255) DEFAULT NULL,
  `raw` text DEFAULT NULL,
  `name` varchar(255) DEFAULT NULL,
  `street1` varchar(255) DEFAULT NULL,
  `street2` varchar(255) DEFAULT NULL,
  `city` varchar(255) DEFAULT NULL,
  `state` varchar(255) DEFAULT NULL,
  `zip` varchar(255) DEFAULT NULL,
  `neighborhood` varchar(255) DEFAULT NULL,
  `county` varchar(255) DEFAULT NULL,
  `country` varchar(255) DEFAULT NULL,
  `countryCode` varchar(255) DEFAULT NULL,
  `placeId` varchar(255) DEFAULT NULL,
  `lat` decimal(12,8) DEFAULT NULL,
  `lng` decimal(12,8) DEFAULT NULL,
  `zoom` tinyint(4) DEFAULT NULL,
  `dateCreated` datetime NOT NULL,
  `dateUpdated` datetime NOT NULL,
  `uid` char(36) NOT NULL DEFAULT '0',
  PRIMARY KEY (`id`),
  UNIQUE KEY `idx_kvewpboexmmxkfkedwfaeivmkkpknwcquoim` (`elementId`,`siteId`,`fieldId`),
  KEY `idx_mgjyhmxoovosoprsajqyhvfpzwjehhuecgdz` (`elementId`),
  KEY `idx_brugxkjnouwaarvezexnxaiudgikpoleaosv` (`siteId`),
  KEY `idx_qkhwwucjjehzuzyjxcybinmhbllgiahxpojr` (`fieldId`),
  KEY `idx_imafefrmhshjeanocszdytsvejjniwqognqy` (`siteId`,`fieldId`),
  KEY `idx_ngoasmkxngxsymdpmacpljledlqbichkrzcn` (`elementId`,`siteId`),
  KEY `idx_icrdjferjjmtcnfsnfexnmwpsybhosgxbijj` (`elementId`,`fieldId`),
  CONSTRAINT `fk_bdhsrifdslnlnqvynhscqmytjtclqlvkqvgh` FOREIGN KEY (`elementId`) REFERENCES `elements` (`id`) ON DELETE CASCADE,
  CONSTRAINT `fk_nqvnkbomsoehnizexbvpzvbobwynxzlvjzau` FOREIGN KEY (`siteId`) REFERENCES `sites` (`id`) ON DELETE CASCADE,
  CONSTRAINT `fk_vivediezdmsegdgoqqvywzulessinjrfkusi` FOREIGN KEY (`fieldId`) REFERENCES `fields` (`id`) ON DELETE CASCADE
) ENGINE=InnoDB AUTO_INCREMENT=439 DEFAULT CHARSET=utf8mb4 COLLATE=utf8mb4_unicode_ci;

--
-- Table structure for table `gqlschemas`
--

CREATE TABLE `gqlschemas` (
  `id` int(11) NOT NULL AUTO_INCREMENT,
  `name` varchar(255) NOT NULL,
  `scope` longtext CHARACTER SET utf8mb4 COLLATE utf8mb4_bin DEFAULT NULL CHECK (json_valid(`scope`)),
  `isPublic` tinyint(1) NOT NULL DEFAULT 0,
  `dateCreated` datetime NOT NULL,
  `dateUpdated` datetime NOT NULL,
  `uid` char(36) NOT NULL DEFAULT '0',
  PRIMARY KEY (`id`)
) ENGINE=InnoDB AUTO_INCREMENT=2 DEFAULT CHARSET=utf8mb4 COLLATE=utf8mb4_unicode_ci;

--
-- Table structure for table `imagetransformindex`
--

CREATE TABLE `imagetransformindex` (
  `id` int(11) NOT NULL AUTO_INCREMENT,
  `assetId` int(11) NOT NULL,
  `transformer` varchar(255) DEFAULT NULL,
  `filename` varchar(255) DEFAULT NULL,
  `format` varchar(255) DEFAULT NULL,
  `transformString` varchar(255) NOT NULL,
  `fileExists` tinyint(1) NOT NULL DEFAULT 0,
  `inProgress` tinyint(1) NOT NULL DEFAULT 0,
  `error` tinyint(1) NOT NULL DEFAULT 0,
  `dateIndexed` datetime DEFAULT NULL,
  `dateCreated` datetime NOT NULL,
  `dateUpdated` datetime NOT NULL,
  `uid` char(36) NOT NULL DEFAULT '0',
  PRIMARY KEY (`id`),
  KEY `idx_fuqeeozcucihypiijzlhbyulpdsbulpbygma` (`assetId`,`transformString`)
) ENGINE=InnoDB AUTO_INCREMENT=103 DEFAULT CHARSET=utf8mb4 COLLATE=utf8mb4_unicode_ci;

--
-- Table structure for table `imagetransforms`
--

CREATE TABLE `imagetransforms` (
  `id` int(11) NOT NULL AUTO_INCREMENT,
  `name` varchar(255) NOT NULL,
  `handle` varchar(255) NOT NULL,
  `mode` enum('stretch','fit','crop','letterbox') NOT NULL DEFAULT 'crop',
  `position` enum('top-left','top-center','top-right','center-left','center-center','center-right','bottom-left','bottom-center','bottom-right') NOT NULL DEFAULT 'center-center',
  `width` int(10) unsigned DEFAULT NULL,
  `height` int(10) unsigned DEFAULT NULL,
  `format` varchar(255) DEFAULT NULL,
  `quality` int(11) DEFAULT NULL,
  `interlace` enum('none','line','plane','partition') NOT NULL DEFAULT 'none',
  `fill` varchar(11) DEFAULT NULL,
  `upscale` tinyint(1) NOT NULL DEFAULT 1,
  `parameterChangeTime` datetime DEFAULT NULL,
  `dateCreated` datetime NOT NULL,
  `dateUpdated` datetime NOT NULL,
  `uid` char(36) NOT NULL DEFAULT '0',
  PRIMARY KEY (`id`),
  KEY `idx_mltxzxqagzcumyyrnndebhvcxrrukqglcxsx` (`name`),
  KEY `idx_zhmqifimxmjppdwuaxxdkxrffslngdzxcfdl` (`handle`)
) ENGINE=InnoDB AUTO_INCREMENT=2 DEFAULT CHARSET=utf8mb4 COLLATE=utf8mb4_unicode_ci;

--
-- Table structure for table `info`
--

CREATE TABLE `info` (
  `id` int(11) NOT NULL AUTO_INCREMENT,
  `version` varchar(50) NOT NULL,
  `schemaVersion` varchar(15) NOT NULL,
  `maintenance` tinyint(1) NOT NULL DEFAULT 0,
  `configVersion` char(12) NOT NULL DEFAULT '000000000000',
  `fieldVersion` char(12) NOT NULL DEFAULT '000000000000',
  `dateCreated` datetime NOT NULL,
  `dateUpdated` datetime NOT NULL,
  `uid` char(36) NOT NULL DEFAULT '0',
  PRIMARY KEY (`id`)
) ENGINE=InnoDB AUTO_INCREMENT=2 DEFAULT CHARSET=utf8mb4 COLLATE=utf8mb4_unicode_ci;

--
-- Table structure for table `migrations`
--

CREATE TABLE `migrations` (
  `id` int(11) NOT NULL AUTO_INCREMENT,
  `track` varchar(255) NOT NULL,
  `name` varchar(255) NOT NULL,
  `applyTime` datetime NOT NULL,
  `dateCreated` datetime NOT NULL,
  `dateUpdated` datetime NOT NULL,
  `uid` char(36) NOT NULL DEFAULT '0',
  PRIMARY KEY (`id`),
  UNIQUE KEY `idx_hokepbzjninyxdvfjfnijzzopbbwebbeobxn` (`track`,`name`)
) ENGINE=InnoDB AUTO_INCREMENT=59 DEFAULT CHARSET=utf8mb4 COLLATE=utf8mb4_unicode_ci;

--
-- Table structure for table `plugins`
--

CREATE TABLE `plugins` (
  `id` int(11) NOT NULL AUTO_INCREMENT,
  `handle` varchar(255) NOT NULL,
  `version` varchar(255) NOT NULL,
  `schemaVersion` varchar(255) NOT NULL,
  `installDate` datetime NOT NULL,
  `dateCreated` datetime NOT NULL,
  `dateUpdated` datetime NOT NULL,
  `uid` char(36) NOT NULL DEFAULT '0',
  PRIMARY KEY (`id`),
  UNIQUE KEY `idx_yjxfmhlhejuqmhasefmufgetzyskntqrqzem` (`handle`)
) ENGINE=InnoDB AUTO_INCREMENT=5 DEFAULT CHARSET=utf8mb4 COLLATE=utf8mb4_unicode_ci;

--
-- Table structure for table `projectconfig`
--

CREATE TABLE `projectconfig` (
  `path` varchar(255) NOT NULL,
  `value` text NOT NULL,
  PRIMARY KEY (`path`)
) ENGINE=InnoDB DEFAULT CHARSET=utf8mb4 COLLATE=utf8mb4_unicode_ci;

--
-- Table structure for table `queue`
--

CREATE TABLE `queue` (
  `id` int(11) NOT NULL AUTO_INCREMENT,
  `channel` varchar(255) NOT NULL DEFAULT 'queue',
  `job` longblob NOT NULL,
  `description` text DEFAULT NULL,
  `timePushed` int(11) NOT NULL,
  `ttr` int(11) NOT NULL,
  `delay` int(11) NOT NULL DEFAULT 0,
  `priority` int(10) unsigned NOT NULL DEFAULT 1024,
  `dateReserved` datetime DEFAULT NULL,
  `timeUpdated` int(11) DEFAULT NULL,
  `progress` smallint(6) NOT NULL DEFAULT 0,
  `progressLabel` varchar(255) DEFAULT NULL,
  `attempt` int(11) DEFAULT NULL,
  `fail` tinyint(1) DEFAULT 0,
  `dateFailed` datetime DEFAULT NULL,
  `error` text DEFAULT NULL,
  PRIMARY KEY (`id`),
  KEY `idx_mbkdbqdnsdqkupumbwhvaipofvnvhvivegkc` (`channel`,`fail`,`timeUpdated`,`timePushed`),
  KEY `idx_rmgvdauuujsoeewlyivkfntmyljkozojtunh` (`channel`,`fail`,`timeUpdated`,`delay`)
) ENGINE=InnoDB AUTO_INCREMENT=1669 DEFAULT CHARSET=utf8mb4 COLLATE=utf8mb4_unicode_ci;

--
-- Table structure for table `relations`
--

CREATE TABLE `relations` (
  `id` int(11) NOT NULL AUTO_INCREMENT,
  `fieldId` int(11) NOT NULL,
  `sourceId` int(11) NOT NULL,
  `sourceSiteId` int(11) DEFAULT NULL,
  `targetId` int(11) NOT NULL,
  `sortOrder` smallint(5) unsigned DEFAULT NULL,
  `dateCreated` datetime NOT NULL,
  `dateUpdated` datetime NOT NULL,
  `uid` char(36) NOT NULL DEFAULT '0',
  PRIMARY KEY (`id`),
  UNIQUE KEY `idx_gtkubxldumrdhogfwakgskbciupcusvafuqe` (`fieldId`,`sourceId`,`sourceSiteId`,`targetId`),
  KEY `idx_wjqdselkasklqvojxksaspfrjjampxaiguep` (`sourceId`),
  KEY `idx_ljbakwrnceegyzzhwmologvanyctoojvyjwz` (`targetId`),
  KEY `idx_dksxuagleembzlnuapswpewfpjzdnytgmiqm` (`sourceSiteId`),
  CONSTRAINT `fk_lynlgeiiwesivccxiiqdhzsjtzqduvdqowlh` FOREIGN KEY (`sourceId`) REFERENCES `elements` (`id`) ON DELETE CASCADE,
  CONSTRAINT `fk_ogujvhfyrzouqcbwfswvpvzaggtbkfsmatzk` FOREIGN KEY (`sourceSiteId`) REFERENCES `sites` (`id`) ON DELETE CASCADE ON UPDATE CASCADE,
  CONSTRAINT `fk_ubslzsujihoamjhneyxhzvnfwfemreqgvome` FOREIGN KEY (`fieldId`) REFERENCES `fields` (`id`) ON DELETE CASCADE
) ENGINE=InnoDB AUTO_INCREMENT=1749 DEFAULT CHARSET=utf8mb4 COLLATE=utf8mb4_unicode_ci;

--
-- Table structure for table `revisions`
--

CREATE TABLE `revisions` (
  `id` int(11) NOT NULL AUTO_INCREMENT,
  `canonicalId` int(11) NOT NULL,
  `creatorId` int(11) DEFAULT NULL,
  `num` int(11) NOT NULL,
  `notes` text DEFAULT NULL,
  PRIMARY KEY (`id`),
  UNIQUE KEY `idx_vovfedpvphsnrkjgenttfyeflnvxiiktyeto` (`canonicalId`,`num`),
  KEY `fk_hhcoenppvmvdebazuoowwqofstjgxyikfbaz` (`creatorId`),
  CONSTRAINT `fk_hhcoenppvmvdebazuoowwqofstjgxyikfbaz` FOREIGN KEY (`creatorId`) REFERENCES `users` (`id`) ON DELETE SET NULL,
  CONSTRAINT `fk_wiafzflznoonbpoobdjzrqktmxhlqxjsmeml` FOREIGN KEY (`canonicalId`) REFERENCES `elements` (`id`) ON DELETE CASCADE
) ENGINE=InnoDB AUTO_INCREMENT=512 DEFAULT CHARSET=utf8mb4 COLLATE=utf8mb4_unicode_ci;

--
-- Table structure for table `searchindex`
--

CREATE TABLE `searchindex` (
  `elementId` int(11) NOT NULL,
  `attribute` varchar(25) NOT NULL,
  `fieldId` int(11) NOT NULL,
  `siteId` int(11) NOT NULL,
  `keywords` text NOT NULL,
  PRIMARY KEY (`elementId`,`attribute`,`fieldId`,`siteId`),
  FULLTEXT KEY `idx_xktlgbqafoazkhqgwffwkojajphychvralgk` (`keywords`)
) ENGINE=InnoDB DEFAULT CHARSET=utf8mb4 COLLATE=utf8mb4_unicode_ci;

--
-- Table structure for table `searchindexqueue`
--

CREATE TABLE `searchindexqueue` (
  `id` int(11) NOT NULL AUTO_INCREMENT,
  `elementId` int(11) NOT NULL,
  `siteId` int(11) NOT NULL,
  `reserved` tinyint(1) NOT NULL DEFAULT 0,
  PRIMARY KEY (`id`),
  KEY `idx_vukubcqmqptdqhnjzffekcltjlskakssoxux` (`elementId`,`siteId`,`reserved`),
  CONSTRAINT `fk_yoxlyfepzvxrllzacpkqrqvglkwxjfswxgjh` FOREIGN KEY (`elementId`) REFERENCES `elements` (`id`) ON DELETE CASCADE
) ENGINE=InnoDB AUTO_INCREMENT=688 DEFAULT CHARSET=utf8mb4 COLLATE=utf8mb4_unicode_ci;

--
-- Table structure for table `searchindexqueue_fields`
--

CREATE TABLE `searchindexqueue_fields` (
  `jobId` int(11) NOT NULL,
  `fieldHandle` varchar(255) NOT NULL,
  PRIMARY KEY (`jobId`,`fieldHandle`),
  UNIQUE KEY `idx_qdndfxhuijqbydgqelcnmyopalwmuxymxwsg` (`jobId`,`fieldHandle`),
  CONSTRAINT `fk_dcqpxgjgquvnwtwfuoqiskmkciulpaitiasy` FOREIGN KEY (`jobId`) REFERENCES `searchindexqueue` (`id`) ON DELETE CASCADE
) ENGINE=InnoDB DEFAULT CHARSET=utf8mb4 COLLATE=utf8mb4_unicode_ci;

--
-- Table structure for table `sections`
--

CREATE TABLE `sections` (
  `id` int(11) NOT NULL AUTO_INCREMENT,
  `structureId` int(11) DEFAULT NULL,
  `name` varchar(255) NOT NULL,
  `handle` varchar(255) NOT NULL,
  `type` enum('single','channel','structure') NOT NULL DEFAULT 'channel',
  `enableVersioning` tinyint(1) NOT NULL DEFAULT 0,
  `maxAuthors` smallint(5) unsigned DEFAULT NULL,
  `propagationMethod` varchar(255) NOT NULL DEFAULT 'all',
  `defaultPlacement` enum('beginning','end') NOT NULL DEFAULT 'end',
  `previewTargets` longtext CHARACTER SET utf8mb4 COLLATE utf8mb4_bin DEFAULT NULL CHECK (json_valid(`previewTargets`)),
  `dateCreated` datetime NOT NULL,
  `dateUpdated` datetime NOT NULL,
  `dateDeleted` datetime DEFAULT NULL,
  `uid` char(36) NOT NULL DEFAULT '0',
  PRIMARY KEY (`id`),
  KEY `idx_qrpmxnrfdjqpcopeltsisloriogabqdfaurp` (`handle`),
  KEY `idx_lxsrucgwoiznmcttjddzpotbrkcackcqqoje` (`name`),
  KEY `idx_utlycaldrseybljwruetlrqruihxjocmutvg` (`structureId`),
  KEY `idx_mdzvlemchdowfonenjrjihvswxdlogpeqwyg` (`dateDeleted`),
  CONSTRAINT `fk_vfyocjkdagdwihnjzqqrvugbgscisixtvczd` FOREIGN KEY (`structureId`) REFERENCES `structures` (`id`) ON DELETE SET NULL
) ENGINE=InnoDB AUTO_INCREMENT=10 DEFAULT CHARSET=utf8mb4 COLLATE=utf8mb4_unicode_ci;

--
-- Table structure for table `sections_entrytypes`
--

CREATE TABLE `sections_entrytypes` (
  `sectionId` int(11) NOT NULL,
  `typeId` int(11) NOT NULL,
  `sortOrder` smallint(5) unsigned NOT NULL,
  `name` varchar(255) DEFAULT NULL,
  `handle` varchar(255) DEFAULT NULL,
  `description` text DEFAULT NULL,
  PRIMARY KEY (`sectionId`,`typeId`),
  KEY `fk_fzigcrmravgmjettoztjeftkyrlaprkqnysd` (`typeId`),
  CONSTRAINT `fk_drwrmldkqtjkxxucxxbzrhgyyjkfyfcybgus` FOREIGN KEY (`sectionId`) REFERENCES `sections` (`id`) ON DELETE CASCADE,
  CONSTRAINT `fk_fzigcrmravgmjettoztjeftkyrlaprkqnysd` FOREIGN KEY (`typeId`) REFERENCES `entrytypes` (`id`) ON DELETE CASCADE
) ENGINE=InnoDB DEFAULT CHARSET=utf8mb4 COLLATE=utf8mb4_unicode_ci;

--
-- Table structure for table `sections_sites`
--

CREATE TABLE `sections_sites` (
  `id` int(11) NOT NULL AUTO_INCREMENT,
  `sectionId` int(11) NOT NULL,
  `siteId` int(11) NOT NULL,
  `hasUrls` tinyint(1) NOT NULL DEFAULT 1,
  `uriFormat` text DEFAULT NULL,
  `template` varchar(500) DEFAULT NULL,
  `enabledByDefault` tinyint(1) NOT NULL DEFAULT 1,
  `dateCreated` datetime NOT NULL,
  `dateUpdated` datetime NOT NULL,
  `uid` char(36) NOT NULL DEFAULT '0',
  PRIMARY KEY (`id`),
  UNIQUE KEY `idx_sjfbyghiwpeyxcuyphrglivoldlooghoofln` (`sectionId`,`siteId`),
  KEY `idx_fvdgzfzqkyjrlybsmzbmdyzwgztjeuuwhmep` (`siteId`),
  CONSTRAINT `fk_vlwdqpgzrrzybebxkteyxjjjzurerhqwaplj` FOREIGN KEY (`sectionId`) REFERENCES `sections` (`id`) ON DELETE CASCADE,
  CONSTRAINT `fk_xxqvpgliyyjqfdpqaoetmruffzwhxcdfcnrq` FOREIGN KEY (`siteId`) REFERENCES `sites` (`id`) ON DELETE CASCADE ON UPDATE CASCADE
) ENGINE=InnoDB AUTO_INCREMENT=10 DEFAULT CHARSET=utf8mb4 COLLATE=utf8mb4_unicode_ci;

--
-- Table structure for table `sequences`
--

CREATE TABLE `sequences` (
  `name` varchar(255) NOT NULL,
  `next` int(10) unsigned NOT NULL DEFAULT 1,
  PRIMARY KEY (`name`)
) ENGINE=InnoDB DEFAULT CHARSET=utf8mb4 COLLATE=utf8mb4_unicode_ci;

--
-- Table structure for table `shunnedmessages`
--

CREATE TABLE `shunnedmessages` (
  `id` int(11) NOT NULL AUTO_INCREMENT,
  `userId` int(11) NOT NULL,
  `message` varchar(255) NOT NULL,
  `expiryDate` datetime DEFAULT NULL,
  `dateCreated` datetime NOT NULL,
  `dateUpdated` datetime NOT NULL,
  `uid` char(36) NOT NULL DEFAULT '0',
  PRIMARY KEY (`id`),
  UNIQUE KEY `idx_aaoaazajyxmzihslmjgrgtbicncsriryfchn` (`userId`,`message`),
  CONSTRAINT `fk_qfodjaorjzskvwglfrxoisuvanymqqcvgwlu` FOREIGN KEY (`userId`) REFERENCES `users` (`id`) ON DELETE CASCADE
) ENGINE=InnoDB DEFAULT CHARSET=utf8mb4 COLLATE=utf8mb4_unicode_ci;

--
-- Table structure for table `sitegroups`
--

CREATE TABLE `sitegroups` (
  `id` int(11) NOT NULL AUTO_INCREMENT,
  `name` varchar(255) NOT NULL,
  `dateCreated` datetime NOT NULL,
  `dateUpdated` datetime NOT NULL,
  `dateDeleted` datetime DEFAULT NULL,
  `uid` char(36) NOT NULL DEFAULT '0',
  PRIMARY KEY (`id`),
  KEY `idx_wotsdtzykyxrnlpgkmamgfwimmypdgimmxme` (`name`)
) ENGINE=InnoDB AUTO_INCREMENT=2 DEFAULT CHARSET=utf8mb4 COLLATE=utf8mb4_unicode_ci;

--
-- Table structure for table `sites`
--

CREATE TABLE `sites` (
  `id` int(11) NOT NULL AUTO_INCREMENT,
  `groupId` int(11) NOT NULL,
  `primary` tinyint(1) NOT NULL,
  `enabled` varchar(255) NOT NULL DEFAULT 'true',
  `name` varchar(255) NOT NULL,
  `handle` varchar(255) NOT NULL,
  `language` varchar(255) NOT NULL,
  `hasUrls` tinyint(1) NOT NULL DEFAULT 0,
  `baseUrl` varchar(255) DEFAULT NULL,
  `sortOrder` smallint(5) unsigned DEFAULT NULL,
  `dateCreated` datetime NOT NULL,
  `dateUpdated` datetime NOT NULL,
  `dateDeleted` datetime DEFAULT NULL,
  `uid` char(36) NOT NULL DEFAULT '0',
  PRIMARY KEY (`id`),
  KEY `idx_gvthfinszicvegnghpypqvjyxbqzddgbrape` (`dateDeleted`),
  KEY `idx_wtrpnmcmvqellmztgodbqedlonroyqvsmwyb` (`handle`),
  KEY `idx_ksomrwvmiuodevyqoavcvapuhjdbqwmaqroq` (`sortOrder`),
  KEY `fk_sfbucdquvkgcghgtwgjgnxmxyvvlinltawtl` (`groupId`),
  CONSTRAINT `fk_sfbucdquvkgcghgtwgjgnxmxyvvlinltawtl` FOREIGN KEY (`groupId`) REFERENCES `sitegroups` (`id`) ON DELETE CASCADE
) ENGINE=InnoDB AUTO_INCREMENT=2 DEFAULT CHARSET=utf8mb4 COLLATE=utf8mb4_unicode_ci;

--
-- Table structure for table `sso_identities`
--

CREATE TABLE `sso_identities` (
  `provider` varchar(255) NOT NULL,
  `identityId` varchar(255) NOT NULL,
  `userId` int(11) NOT NULL,
  `dateCreated` datetime NOT NULL,
  `dateUpdated` datetime NOT NULL,
  PRIMARY KEY (`provider`,`identityId`,`userId`),
  KEY `fk_tzaclnpswsibbekhqqcwgglzwhxdxfhnxiue` (`userId`),
  CONSTRAINT `fk_tzaclnpswsibbekhqqcwgglzwhxdxfhnxiue` FOREIGN KEY (`userId`) REFERENCES `users` (`id`) ON DELETE CASCADE
) ENGINE=InnoDB DEFAULT CHARSET=utf8mb4 COLLATE=utf8mb4_unicode_ci;

--
-- Table structure for table `structureelements`
--

CREATE TABLE `structureelements` (
  `id` int(11) NOT NULL AUTO_INCREMENT,
  `structureId` int(11) NOT NULL,
  `elementId` int(11) DEFAULT NULL,
  `root` int(10) unsigned DEFAULT NULL,
  `lft` int(10) unsigned NOT NULL,
  `rgt` int(10) unsigned NOT NULL,
  `level` smallint(5) unsigned NOT NULL,
  `dateCreated` datetime NOT NULL,
  `dateUpdated` datetime NOT NULL,
  `uid` char(36) NOT NULL DEFAULT '0',
  PRIMARY KEY (`id`),
  UNIQUE KEY `idx_glwsesfxeuywleseaskiatelgqwhsavphfrk` (`structureId`,`elementId`),
  KEY `idx_ohtyplamqxdgdvwoewiufbgfssopjcnmobge` (`root`),
  KEY `idx_izhqjbyrvekgahskdtwwfrtdwxsxittabvdp` (`lft`),
  KEY `idx_mntqqgbsgtmmuqztopbyqqsewgvogzcwkgsj` (`rgt`),
  KEY `idx_crinuebacqhlojgjzlutlnsrduujsndwwxux` (`level`),
  KEY `idx_qksygbxkmeaxgbsnpapwjimqfaxckwnsynzh` (`elementId`),
  CONSTRAINT `fk_polmcjevuxconbxjzmwypjizowoyyalakuga` FOREIGN KEY (`structureId`) REFERENCES `structures` (`id`) ON DELETE CASCADE
) ENGINE=InnoDB AUTO_INCREMENT=119 DEFAULT CHARSET=utf8mb4 COLLATE=utf8mb4_unicode_ci;

--
-- Table structure for table `structures`
--

CREATE TABLE `structures` (
  `id` int(11) NOT NULL AUTO_INCREMENT,
  `maxLevels` smallint(5) unsigned DEFAULT NULL,
  `dateCreated` datetime NOT NULL,
  `dateUpdated` datetime NOT NULL,
  `dateDeleted` datetime DEFAULT NULL,
  `uid` char(36) NOT NULL DEFAULT '0',
  PRIMARY KEY (`id`),
  KEY `idx_vurwjlkxxmzdpcxvjeiisrjpptdstfqmxjtf` (`dateDeleted`)
) ENGINE=InnoDB AUTO_INCREMENT=8 DEFAULT CHARSET=utf8mb4 COLLATE=utf8mb4_unicode_ci;

--
-- Table structure for table `taggroups`
--

CREATE TABLE `taggroups` (
  `id` int(11) NOT NULL AUTO_INCREMENT,
  `name` varchar(255) NOT NULL,
  `handle` varchar(255) NOT NULL,
  `fieldLayoutId` int(11) DEFAULT NULL,
  `dateCreated` datetime NOT NULL,
  `dateUpdated` datetime NOT NULL,
  `dateDeleted` datetime DEFAULT NULL,
  `uid` char(36) NOT NULL DEFAULT '0',
  PRIMARY KEY (`id`),
  KEY `idx_uavrgdjpotgogvrnlzfdumjufmaqyuuxujly` (`name`),
  KEY `idx_yldnmnceyqfaubyllydpjbhiiduwasouaycf` (`handle`),
  KEY `idx_uyueliiozbqtgcnrxcyjoxovkmthrexvcsmt` (`dateDeleted`),
  KEY `fk_hwbtqbpxtsynsgcrpnyskmdebwhmmwsakzex` (`fieldLayoutId`),
  CONSTRAINT `fk_hwbtqbpxtsynsgcrpnyskmdebwhmmwsakzex` FOREIGN KEY (`fieldLayoutId`) REFERENCES `fieldlayouts` (`id`) ON DELETE SET NULL
) ENGINE=InnoDB DEFAULT CHARSET=utf8mb4 COLLATE=utf8mb4_unicode_ci;

--
-- Table structure for table `tags`
--

CREATE TABLE `tags` (
  `id` int(11) NOT NULL,
  `groupId` int(11) NOT NULL,
  `deletedWithGroup` tinyint(1) DEFAULT NULL,
  `dateCreated` datetime NOT NULL,
  `dateUpdated` datetime NOT NULL,
  PRIMARY KEY (`id`),
  KEY `idx_rgiwbykgvorxrpuyakeblpjfenuxaxsdxjpm` (`groupId`),
  CONSTRAINT `fk_jeakhckbbkxymeltjxwzwxufybyhyxifcjgo` FOREIGN KEY (`id`) REFERENCES `elements` (`id`) ON DELETE CASCADE,
  CONSTRAINT `fk_mvibepzqksdytkxjohuuwuylabzlyrdqlfre` FOREIGN KEY (`groupId`) REFERENCES `taggroups` (`id`) ON DELETE CASCADE
) ENGINE=InnoDB DEFAULT CHARSET=utf8mb4 COLLATE=utf8mb4_unicode_ci;

--
-- Table structure for table `usergroups`
--

CREATE TABLE `usergroups` (
  `id` int(11) NOT NULL AUTO_INCREMENT,
  `name` varchar(255) NOT NULL,
  `handle` varchar(255) NOT NULL,
  `description` text DEFAULT NULL,
  `dateCreated` datetime NOT NULL,
  `dateUpdated` datetime NOT NULL,
  `uid` char(36) NOT NULL DEFAULT '0',
  PRIMARY KEY (`id`),
  KEY `idx_nifgpehogtkhcvvjwvdwmfwlozfdnbsujsgs` (`handle`),
  KEY `idx_jrxgafsujnsuoqncgwjlevwprvvtpfvuheha` (`name`)
) ENGINE=InnoDB DEFAULT CHARSET=utf8mb4 COLLATE=utf8mb4_unicode_ci;

--
-- Table structure for table `usergroups_users`
--

CREATE TABLE `usergroups_users` (
  `id` int(11) NOT NULL AUTO_INCREMENT,
  `groupId` int(11) NOT NULL,
  `userId` int(11) NOT NULL,
  `dateCreated` datetime NOT NULL,
  `dateUpdated` datetime NOT NULL,
  `uid` char(36) NOT NULL DEFAULT '0',
  PRIMARY KEY (`id`),
  UNIQUE KEY `idx_wbuxnxijmlcywxwuweutdpvzwupsblalziyu` (`groupId`,`userId`),
  KEY `idx_dqsqmznpdazocfzhimavjhxfgesvrsavnphg` (`userId`),
  CONSTRAINT `fk_ljeblfdgmxbubgysbibtizlwmlknlkupehih` FOREIGN KEY (`groupId`) REFERENCES `usergroups` (`id`) ON DELETE CASCADE,
  CONSTRAINT `fk_nmguplpcqlnmygqmojtshsryqwgyoystbyce` FOREIGN KEY (`userId`) REFERENCES `users` (`id`) ON DELETE CASCADE
) ENGINE=InnoDB DEFAULT CHARSET=utf8mb4 COLLATE=utf8mb4_unicode_ci;

--
-- Table structure for table `userpermissions`
--

CREATE TABLE `userpermissions` (
  `id` int(11) NOT NULL AUTO_INCREMENT,
  `name` varchar(255) NOT NULL,
  `dateCreated` datetime NOT NULL,
  `dateUpdated` datetime NOT NULL,
  `uid` char(36) NOT NULL DEFAULT '0',
  PRIMARY KEY (`id`),
  UNIQUE KEY `idx_ddentucjxuehhjtoimzoqdtygrwphwzvaxww` (`name`)
) ENGINE=InnoDB DEFAULT CHARSET=utf8mb4 COLLATE=utf8mb4_unicode_ci;

--
-- Table structure for table `userpermissions_usergroups`
--

CREATE TABLE `userpermissions_usergroups` (
  `id` int(11) NOT NULL AUTO_INCREMENT,
  `permissionId` int(11) NOT NULL,
  `groupId` int(11) NOT NULL,
  `dateCreated` datetime NOT NULL,
  `dateUpdated` datetime NOT NULL,
  `uid` char(36) NOT NULL DEFAULT '0',
  PRIMARY KEY (`id`),
  UNIQUE KEY `idx_ucjurorivfhaorffdrnomvhgtccyazavhutz` (`permissionId`,`groupId`),
  KEY `idx_fnmnqwfixjevawiudypfcgvtigcnbipmovhe` (`groupId`),
  CONSTRAINT `fk_ahbgiomxhstwpcelpekgmyiuypuuazcculwj` FOREIGN KEY (`permissionId`) REFERENCES `userpermissions` (`id`) ON DELETE CASCADE,
  CONSTRAINT `fk_zxjibncdboywfmcxqwhpostyonqmcgmqnmds` FOREIGN KEY (`groupId`) REFERENCES `usergroups` (`id`) ON DELETE CASCADE
) ENGINE=InnoDB DEFAULT CHARSET=utf8mb4 COLLATE=utf8mb4_unicode_ci;

--
-- Table structure for table `userpermissions_users`
--

CREATE TABLE `userpermissions_users` (
  `id` int(11) NOT NULL AUTO_INCREMENT,
  `permissionId` int(11) NOT NULL,
  `userId` int(11) NOT NULL,
  `dateCreated` datetime NOT NULL,
  `dateUpdated` datetime NOT NULL,
  `uid` char(36) NOT NULL DEFAULT '0',
  PRIMARY KEY (`id`),
  UNIQUE KEY `idx_agjecihoglwrhpzfepiretvhgyrsyeydbien` (`permissionId`,`userId`),
  KEY `idx_gwgqwdcwjrmjrewzsdulljzkbnhwohhhdole` (`userId`),
  CONSTRAINT `fk_edvjmuwynfgcnocdgkpinysmqwewednubgsx` FOREIGN KEY (`permissionId`) REFERENCES `userpermissions` (`id`) ON DELETE CASCADE,
  CONSTRAINT `fk_xwygztsglwroncjawbabwftszxrhhcliojsx` FOREIGN KEY (`userId`) REFERENCES `users` (`id`) ON DELETE CASCADE
) ENGINE=InnoDB DEFAULT CHARSET=utf8mb4 COLLATE=utf8mb4_unicode_ci;

--
-- Table structure for table `userpreferences`
--

CREATE TABLE `userpreferences` (
  `userId` int(11) NOT NULL AUTO_INCREMENT,
  `preferences` longtext CHARACTER SET utf8mb4 COLLATE utf8mb4_bin DEFAULT NULL CHECK (json_valid(`preferences`)),
  PRIMARY KEY (`userId`),
  CONSTRAINT `fk_ndzcvkhzlvudkhfdijyylmzljbmswdgdhemh` FOREIGN KEY (`userId`) REFERENCES `users` (`id`) ON DELETE CASCADE
) ENGINE=InnoDB AUTO_INCREMENT=2 DEFAULT CHARSET=utf8mb4 COLLATE=utf8mb4_unicode_ci;

--
-- Table structure for table `volumefolders`
--

CREATE TABLE `volumefolders` (
  `id` int(11) NOT NULL AUTO_INCREMENT,
  `parentId` int(11) DEFAULT NULL,
  `volumeId` int(11) DEFAULT NULL,
  `name` varchar(255) NOT NULL,
  `path` varchar(255) DEFAULT NULL,
  `dateCreated` datetime NOT NULL,
  `dateUpdated` datetime NOT NULL,
  `uid` char(36) NOT NULL DEFAULT '0',
  PRIMARY KEY (`id`),
  UNIQUE KEY `idx_xymsimganfahzmnhhaxbizplgrkrozpeqovc` (`name`,`parentId`,`volumeId`),
  KEY `idx_vvdhtvkgzdckqxhuwvsmzaxijrvcrtfhcuai` (`parentId`),
  KEY `idx_lxshjhzcrxghtwsrndsufsgsfqigqpzjnrtc` (`volumeId`),
  CONSTRAINT `fk_cltqwyvsdanditwyzasjkmcotokzlpizvaaz` FOREIGN KEY (`parentId`) REFERENCES `volumefolders` (`id`) ON DELETE CASCADE,
  CONSTRAINT `fk_ktzfquwhcsxsnxyahxfiduamgksdpfvfpxql` FOREIGN KEY (`volumeId`) REFERENCES `volumes` (`id`) ON DELETE CASCADE
) ENGINE=InnoDB AUTO_INCREMENT=9 DEFAULT CHARSET=utf8mb4 COLLATE=utf8mb4_unicode_ci;

--
-- Table structure for table `volumes`
--

CREATE TABLE `volumes` (
  `id` int(11) NOT NULL AUTO_INCREMENT,
  `fieldLayoutId` int(11) DEFAULT NULL,
  `name` varchar(255) NOT NULL,
  `handle` varchar(255) NOT NULL,
  `fs` varchar(255) NOT NULL,
  `subpath` varchar(255) DEFAULT NULL,
  `transformFs` varchar(255) DEFAULT NULL,
  `transformSubpath` varchar(255) DEFAULT NULL,
  `titleTranslationMethod` varchar(255) NOT NULL DEFAULT 'site',
  `titleTranslationKeyFormat` text DEFAULT NULL,
  `altTranslationMethod` varchar(255) NOT NULL DEFAULT 'site',
  `altTranslationKeyFormat` text DEFAULT NULL,
  `sortOrder` smallint(5) unsigned DEFAULT NULL,
  `dateCreated` datetime NOT NULL,
  `dateUpdated` datetime NOT NULL,
  `dateDeleted` datetime DEFAULT NULL,
  `uid` char(36) NOT NULL DEFAULT '0',
  PRIMARY KEY (`id`),
  KEY `idx_gbigkeuoxhyqciuxrrmcfnnfvmsymtdtlkgk` (`name`),
  KEY `idx_nibgarnftzszvgolotdqcktqauupeyhpcqgo` (`handle`),
  KEY `idx_ndvgpmousdymdklznjefxqtpldprglmmbqhj` (`fieldLayoutId`),
  KEY `idx_gusuktkxxflgmckzckhzuameydxzprqrhkfj` (`dateDeleted`),
  CONSTRAINT `fk_nyzfmnsroeqpwepnfcjzoeuevldyotxpgwqo` FOREIGN KEY (`fieldLayoutId`) REFERENCES `fieldlayouts` (`id`) ON DELETE SET NULL
) ENGINE=InnoDB AUTO_INCREMENT=7 DEFAULT CHARSET=utf8mb4 COLLATE=utf8mb4_unicode_ci;

--
-- Table structure for table `widgets`
--

CREATE TABLE `widgets` (
  `id` int(11) NOT NULL AUTO_INCREMENT,
  `userId` int(11) NOT NULL,
  `type` varchar(255) NOT NULL,
  `sortOrder` smallint(5) unsigned DEFAULT NULL,
  `colspan` tinyint(4) DEFAULT NULL,
  `settings` longtext CHARACTER SET utf8mb4 COLLATE utf8mb4_bin DEFAULT NULL CHECK (json_valid(`settings`)),
  `enabled` tinyint(1) NOT NULL DEFAULT 1,
  `dateCreated` datetime NOT NULL,
  `dateUpdated` datetime NOT NULL,
  `uid` char(36) NOT NULL DEFAULT '0',
  PRIMARY KEY (`id`),
  KEY `idx_nerzmenxwpjdybozzdiijnhabosizuuofrex` (`userId`),
  CONSTRAINT `fk_otipcgdghpcpsmkctrysvrtttpiqgarfiigu` FOREIGN KEY (`userId`) REFERENCES `users` (`id`) ON DELETE CASCADE
) ENGINE=InnoDB AUTO_INCREMENT=5 DEFAULT CHARSET=utf8mb4 COLLATE=utf8mb4_unicode_ci;

--
-- Dumping routines for database 'akg_craft'
--


--
-- Host: localhost    Database: akg_craft
-- ------------------------------------------------------


--
-- Dumping data for table `addresses`
--

set autocommit=0;
INSERT INTO `addresses` VALUES
(8,2,2,'US','NJ','Toms River',NULL,'08757',NULL,'1750 NJ-37',NULL,NULL,NULL,NULL,NULL,NULL,NULL,NULL,NULL,'2025-04-18 17:32:44','2025-04-18 17:32:44');
commit;

--
-- Dumping data for table `announcements`
--

set autocommit=0;
commit;

--
-- Dumping data for table `assetindexingsessions`
--

set autocommit=0;
commit;

--
-- Dumping data for table `assets`
--

set autocommit=0;
INSERT INTO `assets` VALUES
(86,1,1,1,'arbors.svg',NULL,'image',NULL,481,65,7435,NULL,1,1,'2025-04-18 18:31:40','2025-04-18 18:31:40','2025-04-18 18:31:40'),
(136,2,2,1,'arbors-entrance.jpg',NULL,'image',NULL,1920,1440,1835577,NULL,NULL,NULL,'2025-04-18 18:44:35','2025-04-18 18:44:35','2025-04-18 18:44:35'),
(137,2,2,1,'arbors-room.jpg',NULL,'image',NULL,1500,1000,220928,NULL,NULL,NULL,'2025-04-18 18:44:36','2025-04-18 18:44:36','2025-04-18 18:44:36'),
(138,2,2,1,'arbors-table.jpg',NULL,'image',NULL,1500,1000,402800,NULL,NULL,NULL,'2025-04-18 18:44:36','2025-04-18 18:44:36','2025-04-18 18:44:36'),
(285,5,7,1,'hands_holding.jpg','image/jpeg','image',NULL,1601,801,850595,NULL,NULL,NULL,'2025-09-05 20:01:00','2025-07-30 22:47:59','2025-09-05 20:01:00'),
(545,2,2,1,'Arbors-Cover-Photo.jpg','image/jpeg','image',NULL,5002,3336,4317908,NULL,NULL,NULL,'2025-09-02 20:43:22','2025-09-02 20:43:22','2025-09-02 20:43:22'),
(548,3,3,1,'Arbors-flyer.pdf','application/pdf','pdf',NULL,NULL,NULL,1965207,NULL,NULL,NULL,'2025-09-02 21:15:28','2025-09-02 21:15:29','2025-09-02 21:15:29'),
(612,6,8,1,'GreatPlacetoWork.jpg','image/jpeg','image',NULL,500,500,91067,NULL,NULL,NULL,'2025-09-03 21:56:34','2025-09-03 21:56:34','2025-09-03 21:56:34'),
(613,6,8,1,'StrivingforTen.jpg','image/jpeg','image',NULL,500,500,55294,NULL,NULL,NULL,'2025-09-03 21:56:34','2025-09-03 21:56:34','2025-09-03 21:56:34'),
(614,6,8,1,'5Star_OQM.jpg','image/jpeg','image',NULL,500,500,99483,NULL,NULL,NULL,'2025-09-03 21:56:35','2025-09-03 21:56:35','2025-09-03 21:56:35'),
(632,4,4,1,'Arbors-Admin.jpg','image/jpeg','image',NULL,1080,1080,62300,NULL,NULL,NULL,'2025-09-03 22:27:11','2025-09-03 22:27:11','2025-09-03 22:27:11'),
(634,4,4,1,'Arbors-AD-1.jpg','image/jpeg','image',NULL,1080,1080,75707,NULL,NULL,NULL,'2025-09-03 22:27:23','2025-09-03 22:27:23','2025-09-03 22:27:23');
commit;

--
-- Dumping data for table `assets_sites`
--

set autocommit=0;
INSERT INTO `assets_sites` VALUES
(86,1,NULL),
(136,1,NULL),
(137,1,NULL),
(138,1,NULL),
(285,1,NULL),
(545,1,NULL),
(548,1,NULL),
(612,1,NULL),
(613,1,NULL),
(614,1,NULL),
(632,1,NULL),
(634,1,NULL);
commit;
set autocommit=0;
commit;
set autocommit=0;
commit;

--
-- Dumping data for table `categories`
--

set autocommit=0;
commit;

--
-- Dumping data for table `categorygroups`
--

set autocommit=0;
commit;

--
-- Dumping data for table `categorygroups_sites`
--

set autocommit=0;
commit;

--
-- Dumping data for table `changedattributes`
--

set autocommit=0;
INSERT INTO `changedattributes` VALUES
(2,1,'postDate','2025-04-18 17:16:03',0,1),
(2,1,'slug','2025-04-18 17:58:01',0,1),
(2,1,'title','2025-04-18 17:33:58',0,1),
(2,1,'uri','2025-08-20 17:56:29',0,1),
(18,1,'postDate','2025-04-18 18:06:50',0,1),
(18,1,'slug','2025-04-18 18:06:50',0,1),
(18,1,'title','2025-04-18 18:06:50',0,1),
(18,1,'uri','2025-04-18 18:06:50',0,1),
(20,1,'postDate','2025-04-18 18:06:58',0,1),
(20,1,'slug','2025-04-18 18:06:58',0,1),
(20,1,'status','2025-04-18 18:06:58',0,1),
(20,1,'title','2025-04-18 18:06:58',0,1),
(20,1,'uri','2025-04-18 18:06:58',0,1),
(22,1,'postDate','2025-04-18 18:07:06',0,1),
(22,1,'slug','2025-04-18 18:07:06',0,1),
(22,1,'status','2025-04-18 18:07:06',0,1),
(22,1,'title','2025-04-18 18:07:06',0,1),
(22,1,'uri','2025-04-18 18:07:06',0,1),
(24,1,'postDate','2025-04-18 18:07:32',0,1),
(24,1,'slug','2025-04-18 18:07:32',0,1),
(24,1,'status','2025-04-18 18:07:32',0,1),
(24,1,'title','2025-04-18 18:07:32',0,1),
(24,1,'uri','2025-04-18 18:07:32',0,1),
(26,1,'postDate','2025-04-18 18:07:37',0,1),
(26,1,'slug','2025-04-18 18:07:37',0,1),
(26,1,'status','2025-04-18 18:07:37',0,1),
(26,1,'title','2025-04-18 18:07:37',0,1),
(26,1,'uri','2025-04-18 18:07:37',0,1),
(28,1,'postDate','2025-04-18 18:07:43',0,1),
(28,1,'slug','2025-04-18 18:07:43',0,1),
(28,1,'status','2025-04-18 18:07:43',0,1),
(28,1,'title','2025-04-18 18:07:43',0,1),
(28,1,'uri','2025-04-18 18:07:43',0,1),
(30,1,'postDate','2025-04-18 18:07:48',0,1),
(30,1,'slug','2025-04-18 18:07:48',0,1),
(30,1,'status','2025-04-18 18:07:48',0,1),
(30,1,'title','2025-04-18 18:07:48',0,1),
(30,1,'uri','2025-04-18 18:07:48',0,1),
(32,1,'postDate','2025-04-18 18:07:53',0,1),
(32,1,'slug','2025-04-18 18:07:53',0,1),
(32,1,'status','2025-04-18 18:07:53',0,1),
(32,1,'title','2025-04-18 18:07:53',0,1),
(32,1,'uri','2025-04-18 18:07:53',0,1),
(34,1,'postDate','2025-04-18 18:08:00',0,1),
(34,1,'slug','2025-04-18 18:08:00',0,1),
(34,1,'status','2025-04-18 18:08:00',0,1),
(34,1,'title','2025-04-18 18:08:00',0,1),
(34,1,'uri','2025-04-18 18:08:00',0,1),
(36,1,'postDate','2025-04-18 18:08:04',0,1),
(36,1,'slug','2025-04-18 18:08:04',0,1),
(36,1,'status','2025-04-18 18:08:04',0,1),
(36,1,'title','2025-08-20 21:57:06',0,1),
(36,1,'uri','2025-04-18 18:08:04',0,1),
(44,1,'primaryOwnerId','2025-09-03 22:27:30',0,1),
(49,1,'primaryOwnerId','2025-09-11 18:17:22',0,1),
(56,1,'primaryOwnerId','2025-09-03 21:05:58',0,1),
(56,1,'title','2025-09-03 21:05:58',0,1),
(57,1,'primaryOwnerId','2025-09-03 21:05:58',0,1),
(57,1,'title','2025-09-03 21:05:58',0,1),
(59,1,'primaryOwnerId','2025-09-11 18:17:22',0,1),
(60,1,'primaryOwnerId','2025-09-11 18:17:22',0,1),
(63,1,'primaryOwnerId','2025-09-03 21:08:08',0,1),
(63,1,'title','2025-09-03 21:05:58',0,1),
(111,1,'postDate','2025-04-18 18:38:40',0,1),
(111,1,'slug','2025-04-18 18:38:40',0,1),
(111,1,'title','2025-04-18 18:38:37',0,1),
(113,1,'postDate','2025-04-18 18:38:46',0,1),
(113,1,'slug','2025-04-18 18:38:46',0,1),
(113,1,'title','2025-04-18 18:38:45',0,1),
(115,1,'postDate','2025-04-18 18:38:51',0,1),
(115,1,'slug','2025-04-18 18:38:51',0,1),
(115,1,'title','2025-04-18 18:38:50',0,1),
(117,1,'postDate','2025-04-18 18:38:56',0,1),
(117,1,'slug','2025-04-18 18:38:56',0,1),
(117,1,'title','2025-04-18 18:38:55',0,1),
(119,1,'postDate','2025-04-18 18:39:00',0,1),
(119,1,'slug','2025-04-18 18:39:00',0,1),
(119,1,'title','2025-04-18 18:39:00',0,1),
(121,1,'postDate','2025-04-18 18:39:04',0,1),
(121,1,'slug','2025-04-18 18:39:04',0,1),
(121,1,'title','2025-04-18 18:39:04',0,1),
(283,1,'postDate','2025-07-30 21:07:33',0,1),
(283,1,'slug','2025-07-30 21:07:37',0,1),
(283,1,'status','2025-07-30 21:07:33',0,1),
(283,1,'title','2025-07-30 23:10:37',0,1),
(283,1,'uri','2025-07-30 21:07:37',0,1),
(288,1,'title','2025-07-30 23:10:31',0,1),
(290,1,'title','2025-07-30 23:11:03',0,1),
(292,1,'title','2025-07-30 23:10:55',0,1),
(294,1,'postDate','2025-07-30 23:11:29',0,1),
(296,1,'postDate','2025-07-30 23:11:31',0,1),
(296,1,'title','2025-07-30 23:10:45',0,1),
(323,1,'postDate','2025-08-01 17:59:31',0,1),
(323,1,'slug','2025-08-01 17:59:31',0,1),
(323,1,'title','2025-08-01 17:59:31',0,1),
(325,1,'fieldLayoutId','2025-08-01 17:59:53',0,1),
(325,1,'postDate','2025-08-01 17:59:41',0,1),
(325,1,'slug','2025-08-01 17:59:41',0,1),
(325,1,'title','2025-08-01 17:59:41',0,1),
(325,1,'typeId','2025-08-01 17:59:53',0,1),
(329,1,'postDate','2025-08-01 18:04:57',0,1),
(329,1,'slug','2025-08-01 18:04:54',0,1),
(329,1,'title','2025-08-01 18:04:54',0,1),
(331,1,'postDate','2025-08-01 18:05:01',0,1),
(331,1,'slug','2025-08-01 18:05:00',0,1),
(331,1,'status','2025-08-01 18:05:01',0,1),
(331,1,'title','2025-08-01 18:05:00',0,1),
(333,1,'postDate','2025-08-01 18:05:04',0,1),
(333,1,'slug','2025-08-01 18:05:04',0,1),
(333,1,'status','2025-08-01 18:05:04',0,1),
(333,1,'title','2025-08-01 18:05:04',0,1),
(335,1,'postDate','2025-08-01 18:05:08',0,1),
(335,1,'slug','2025-08-01 18:05:07',0,1),
(335,1,'status','2025-08-01 18:05:08',0,1),
(335,1,'title','2025-08-01 18:05:07',0,1),
(337,1,'postDate','2025-08-01 18:05:10',0,1),
(337,1,'slug','2025-08-01 18:05:10',0,1),
(337,1,'status','2025-08-01 18:05:10',0,1),
(337,1,'title','2025-08-01 18:05:10',0,1),
(339,1,'postDate','2025-08-01 18:05:15',0,1),
(339,1,'slug','2025-08-01 18:05:14',0,1),
(339,1,'status','2025-08-01 18:05:15',0,1),
(339,1,'title','2025-08-01 18:05:14',0,1),
(341,1,'postDate','2025-08-01 18:05:18',0,1),
(341,1,'slug','2025-08-01 18:05:18',0,1),
(341,1,'status','2025-08-01 18:05:18',0,1),
(341,1,'title','2025-08-01 18:05:18',0,1),
(343,1,'postDate','2025-08-01 18:05:21',0,1),
(343,1,'slug','2025-08-01 18:05:21',0,1),
(343,1,'status','2025-08-01 18:05:21',0,1),
(343,1,'title','2025-08-01 18:05:21',0,1),
(348,1,'postDate','2025-08-01 18:06:22',0,1),
(348,1,'slug','2025-08-01 18:06:15',0,1),
(348,1,'status','2025-08-01 18:06:22',0,1),
(348,1,'title','2025-08-01 18:06:15',0,1),
(350,1,'postDate','2025-08-01 18:06:40',0,1),
(350,1,'slug','2025-08-01 18:06:27',0,1),
(350,1,'status','2025-08-01 18:06:40',0,1),
(350,1,'title','2025-08-01 18:06:27',0,1),
(352,1,'postDate','2025-08-01 18:07:25',0,1),
(352,1,'slug','2025-08-01 18:07:16',0,1),
(352,1,'title','2025-08-01 18:07:16',0,1),
(354,1,'postDate','2025-08-01 18:07:35',0,1),
(354,1,'slug','2025-08-01 18:07:27',0,1),
(354,1,'status','2025-08-01 18:07:35',0,1),
(354,1,'title','2025-08-01 18:07:27',0,1),
(356,1,'postDate','2025-08-01 18:07:48',0,1),
(356,1,'slug','2025-08-01 18:07:40',0,1),
(356,1,'status','2025-08-01 18:07:48',0,1),
(356,1,'title','2025-08-01 18:07:40',0,1),
(358,1,'postDate','2025-08-01 18:07:58',0,1),
(358,1,'slug','2025-08-01 18:07:52',0,1),
(358,1,'title','2025-08-01 18:07:52',0,1),
(360,1,'postDate','2025-08-01 18:08:08',0,1),
(360,1,'slug','2025-08-01 18:08:02',0,1),
(360,1,'title','2025-08-01 18:08:02',0,1),
(362,1,'postDate','2025-08-01 18:08:17',0,1),
(362,1,'slug','2025-08-01 18:08:11',0,1),
(362,1,'title','2025-08-01 18:08:11',0,1),
(364,1,'postDate','2025-08-01 18:08:31',0,1),
(364,1,'slug','2025-08-01 18:08:22',0,1),
(364,1,'title','2025-08-01 18:08:22',0,1),
(366,1,'postDate','2025-08-01 18:09:02',0,1),
(366,1,'slug','2025-08-01 18:08:52',0,1),
(366,1,'title','2025-08-01 18:08:52',0,1),
(368,1,'postDate','2025-08-01 18:09:12',0,1),
(368,1,'slug','2025-08-01 18:09:04',0,1),
(368,1,'status','2025-08-01 18:09:12',0,1),
(368,1,'title','2025-08-01 18:09:04',0,1),
(370,1,'postDate','2025-08-01 18:09:33',0,1),
(370,1,'slug','2025-08-01 18:09:16',0,1),
(370,1,'status','2025-08-01 18:09:33',0,1),
(370,1,'title','2025-08-01 18:09:16',0,1),
(372,1,'postDate','2025-08-01 18:09:44',0,1),
(372,1,'slug','2025-08-01 18:09:38',0,1),
(372,1,'status','2025-08-01 18:09:44',0,1),
(372,1,'title','2025-08-01 18:09:38',0,1),
(374,1,'postDate','2025-08-01 18:10:00',0,1),
(374,1,'slug','2025-08-01 18:09:48',0,1),
(374,1,'status','2025-08-01 18:10:00',0,1),
(374,1,'title','2025-08-01 18:09:48',0,1),
(376,1,'postDate','2025-08-01 18:10:07',0,1),
(376,1,'slug','2025-08-01 18:10:02',0,1),
(376,1,'status','2025-08-01 18:10:07',0,1),
(376,1,'title','2025-08-01 18:10:02',0,1),
(378,1,'postDate','2025-08-01 18:10:18',0,1),
(378,1,'slug','2025-08-01 18:10:11',0,1),
(378,1,'status','2025-08-01 18:10:18',0,1),
(378,1,'title','2025-08-01 18:10:11',0,1),
(380,1,'postDate','2025-08-01 18:10:31',0,1),
(380,1,'slug','2025-08-01 18:10:22',0,1),
(380,1,'status','2025-08-01 18:10:31',0,1),
(380,1,'title','2025-08-01 18:10:22',0,1),
(382,1,'postDate','2025-08-01 18:10:53',0,1),
(382,1,'slug','2025-08-01 18:10:47',0,1),
(382,1,'title','2025-08-01 18:10:47',0,1),
(384,1,'postDate','2025-08-01 18:11:04',0,1),
(384,1,'slug','2025-08-01 18:10:58',0,1),
(384,1,'title','2025-08-01 18:10:58',0,1),
(386,1,'postDate','2025-08-01 18:11:17',0,1),
(386,1,'slug','2025-08-01 18:11:11',0,1),
(386,1,'title','2025-08-01 18:11:11',0,1),
(388,1,'postDate','2025-08-01 18:11:31',0,1),
(388,1,'slug','2025-08-01 18:11:21',0,1),
(388,1,'title','2025-08-01 18:11:21',0,1),
(390,1,'postDate','2025-08-01 18:11:48',0,1),
(390,1,'slug','2025-08-01 18:11:41',0,1),
(390,1,'title','2025-08-01 18:11:41',0,1),
(392,1,'postDate','2025-08-01 18:12:02',0,1),
(392,1,'slug','2025-08-01 18:11:52',0,1),
(392,1,'status','2025-08-01 18:12:02',0,1),
(392,1,'title','2025-08-01 18:11:52',0,1),
(394,1,'postDate','2025-08-01 18:12:14',0,1),
(394,1,'slug','2025-08-01 18:12:07',0,1),
(394,1,'status','2025-08-01 18:12:14',0,1),
(394,1,'title','2025-08-01 18:12:07',0,1),
(396,1,'postDate','2025-08-01 18:12:26',0,1),
(396,1,'slug','2025-08-01 18:12:18',0,1),
(396,1,'status','2025-08-01 18:12:26',0,1),
(396,1,'title','2025-08-01 18:12:18',0,1),
(398,1,'postDate','2025-08-01 18:12:34',0,1),
(398,1,'slug','2025-08-01 18:12:27',0,1),
(398,1,'status','2025-08-01 18:12:34',0,1),
(398,1,'title','2025-08-01 18:12:27',0,1),
(400,1,'postDate','2025-08-01 18:12:57',0,1),
(400,1,'slug','2025-08-01 18:12:49',0,1),
(400,1,'title','2025-08-01 18:12:49',0,1),
(402,1,'postDate','2025-08-01 18:13:07',0,1),
(402,1,'slug','2025-08-01 18:13:00',0,1),
(402,1,'status','2025-08-01 18:13:07',0,1),
(402,1,'title','2025-08-01 18:13:00',0,1),
(404,1,'postDate','2025-08-01 18:13:20',0,1),
(404,1,'slug','2025-08-01 18:13:10',0,1),
(404,1,'status','2025-08-01 18:13:20',0,1),
(404,1,'title','2025-08-01 18:13:10',0,1),
(406,1,'postDate','2025-08-01 18:13:33',0,1),
(406,1,'slug','2025-08-01 18:13:23',0,1),
(406,1,'status','2025-08-01 18:13:33',0,1),
(406,1,'title','2025-08-01 18:13:23',0,1),
(408,1,'postDate','2025-08-01 18:13:42',0,1),
(408,1,'slug','2025-08-01 18:13:35',0,1),
(408,1,'status','2025-08-01 18:13:42',0,1),
(408,1,'title','2025-08-01 18:13:35',0,1),
(410,1,'postDate','2025-08-01 18:13:53',0,1),
(410,1,'slug','2025-08-01 18:13:47',0,1),
(410,1,'status','2025-08-01 18:13:53',0,1),
(410,1,'title','2025-08-01 18:13:47',0,1),
(412,1,'postDate','2025-08-01 18:14:03',0,1),
(412,1,'slug','2025-08-01 18:13:56',0,1),
(412,1,'status','2025-08-01 18:14:03',0,1),
(412,1,'title','2025-08-01 18:13:56',0,1),
(414,1,'postDate','2025-08-01 18:14:13',0,1),
(414,1,'slug','2025-08-01 18:14:08',0,1),
(414,1,'status','2025-08-01 18:14:13',0,1),
(414,1,'title','2025-08-01 18:14:08',0,1),
(445,1,'primaryOwnerId','2025-09-03 22:27:30',0,1),
(453,1,'postDate','2025-08-20 21:57:20',0,1),
(453,1,'slug','2025-08-20 21:57:14',0,1),
(453,1,'title','2025-08-20 21:57:14',0,1),
(455,1,'postDate','2025-08-20 21:57:32',0,1),
(455,1,'slug','2025-08-20 21:57:26',0,1),
(455,1,'title','2025-08-20 21:57:26',0,1),
(457,1,'postDate','2025-08-20 21:58:42',0,1),
(457,1,'slug','2025-08-20 21:58:36',0,1),
(457,1,'title','2025-08-20 21:58:36',0,1),
(459,1,'postDate','2025-08-20 21:58:54',0,1),
(459,1,'slug','2025-08-20 21:58:48',0,1),
(459,1,'title','2025-08-20 21:58:48',0,1),
(461,1,'postDate','2025-08-20 21:59:06',0,1),
(461,1,'slug','2025-08-20 21:59:02',0,1),
(461,1,'title','2025-08-20 21:59:02',0,1),
(463,1,'postDate','2025-08-20 21:59:15',0,1),
(463,1,'slug','2025-08-20 21:59:11',0,1),
(463,1,'title','2025-08-20 21:59:11',0,1),
(465,1,'postDate','2025-08-20 21:59:33',0,1),
(465,1,'slug','2025-08-20 21:59:31',0,1),
(465,1,'title','2025-08-20 21:59:31',0,1),
(467,1,'postDate','2025-08-20 21:59:45',0,1),
(467,1,'slug','2025-08-20 21:59:43',0,1),
(467,1,'title','2025-08-20 21:59:43',0,1),
(469,1,'postDate','2025-08-20 22:00:03',0,1),
(469,1,'slug','2025-08-20 21:59:57',0,1),
(469,1,'title','2025-08-20 21:59:57',0,1),
(471,1,'postDate','2025-08-20 22:00:11',0,1),
(471,1,'slug','2025-08-20 22:00:07',0,1),
(471,1,'status','2025-08-20 22:00:11',0,1),
(471,1,'title','2025-08-20 22:00:07',0,1),
(473,1,'postDate','2025-08-20 22:00:22',0,1),
(473,1,'slug','2025-08-20 22:00:20',0,1),
(473,1,'status','2025-08-20 22:00:22',0,1),
(473,1,'title','2025-08-20 22:00:20',0,1),
(475,1,'postDate','2025-08-20 22:00:38',0,1),
(475,1,'slug','2025-08-20 22:00:32',0,1),
(475,1,'title','2025-08-20 22:00:32',0,1),
(477,1,'postDate','2025-08-20 22:00:46',0,1),
(477,1,'slug','2025-08-20 22:00:45',0,1),
(477,1,'title','2025-08-20 22:00:45',0,1),
(479,1,'postDate','2025-08-20 22:00:59',0,1),
(479,1,'slug','2025-08-20 22:00:55',0,1),
(479,1,'title','2025-08-20 22:00:55',0,1),
(481,1,'postDate','2025-08-20 22:01:08',0,1),
(481,1,'slug','2025-08-20 22:01:03',0,1),
(481,1,'title','2025-08-20 22:01:03',0,1),
(483,1,'postDate','2025-08-20 22:01:17',0,1),
(483,1,'slug','2025-08-20 22:01:13',0,1),
(483,1,'title','2025-08-20 22:01:13',0,1),
(485,1,'postDate','2025-08-20 22:01:30',0,1),
(485,1,'slug','2025-08-20 22:01:23',0,1),
(485,1,'title','2025-08-20 22:01:23',0,1),
(487,1,'postDate','2025-08-20 22:02:03',0,1),
(487,1,'slug','2025-08-20 22:02:00',0,1),
(487,1,'title','2025-08-20 22:02:00',0,1),
(489,1,'postDate','2025-08-20 22:02:13',0,1),
(489,1,'slug','2025-08-20 22:02:09',0,1),
(489,1,'title','2025-08-20 22:02:09',0,1),
(491,1,'postDate','2025-08-20 22:02:19',0,1),
(491,1,'slug','2025-08-20 22:02:19',0,1),
(491,1,'status','2025-08-20 22:02:19',0,1),
(491,1,'title','2025-08-20 22:02:19',0,1),
(493,1,'postDate','2025-08-20 22:02:28',0,1),
(493,1,'slug','2025-08-20 22:02:28',0,1),
(493,1,'title','2025-08-20 22:02:28',0,1),
(495,1,'postDate','2025-08-20 22:02:34',0,1),
(495,1,'slug','2025-08-20 22:02:33',0,1),
(495,1,'status','2025-08-20 22:02:34',0,1),
(495,1,'title','2025-08-20 22:02:33',0,1),
(497,1,'postDate','2025-08-20 22:02:59',0,1),
(497,1,'slug','2025-08-20 22:02:53',0,1),
(497,1,'title','2025-08-20 22:02:53',0,1),
(499,1,'postDate','2025-08-20 22:12:23',0,1),
(499,1,'slug','2025-08-20 22:12:22',0,1),
(499,1,'title','2025-08-20 22:12:22',0,1),
(501,1,'postDate','2025-08-20 22:12:28',0,1),
(501,1,'slug','2025-08-20 22:12:28',0,1),
(501,1,'status','2025-08-20 22:12:28',0,1),
(501,1,'title','2025-08-20 22:12:28',0,1),
(503,1,'postDate','2025-08-20 22:12:34',0,1),
(503,1,'slug','2025-08-20 22:12:33',0,1),
(503,1,'title','2025-08-20 22:12:33',0,1),
(506,1,'postDate','2025-08-20 22:12:50',0,1),
(506,1,'slug','2025-08-20 22:12:50',0,1),
(506,1,'title','2025-08-20 22:12:50',0,1),
(508,1,'postDate','2025-08-20 22:12:54',0,1),
(508,1,'slug','2025-08-20 22:12:54',0,1),
(508,1,'status','2025-08-20 22:12:54',0,1),
(508,1,'title','2025-08-20 22:12:54',0,1),
(510,1,'postDate','2025-08-20 22:12:57',0,1),
(510,1,'slug','2025-08-20 22:12:57',0,1),
(510,1,'status','2025-08-20 22:12:57',0,1),
(510,1,'title','2025-08-20 22:12:57',0,1),
(512,1,'postDate','2025-08-20 22:13:01',0,1),
(512,1,'slug','2025-08-20 22:13:00',0,1),
(512,1,'status','2025-08-20 22:13:01',0,1),
(512,1,'title','2025-08-20 22:13:00',0,1),
(514,1,'postDate','2025-08-20 22:13:04',0,1),
(514,1,'slug','2025-08-20 22:13:04',0,1),
(514,1,'status','2025-08-20 22:13:04',0,1),
(514,1,'title','2025-08-20 22:13:04',0,1),
(516,1,'postDate','2025-08-20 22:13:07',0,1),
(516,1,'slug','2025-08-20 22:13:07',0,1),
(516,1,'status','2025-08-20 22:13:07',0,1),
(516,1,'title','2025-08-20 22:13:07',0,1),
(518,1,'postDate','2025-08-20 22:13:10',0,1),
(518,1,'slug','2025-08-20 22:13:10',0,1),
(518,1,'status','2025-08-20 22:13:10',0,1),
(518,1,'title','2025-08-20 22:13:10',0,1),
(520,1,'postDate','2025-08-20 22:13:13',0,1),
(520,1,'slug','2025-08-20 22:13:12',0,1),
(520,1,'status','2025-08-20 22:13:13',0,1),
(520,1,'title','2025-08-20 22:13:12',0,1),
(522,1,'postDate','2025-08-20 22:13:15',0,1),
(522,1,'slug','2025-08-20 22:13:15',0,1),
(522,1,'status','2025-08-20 22:13:15',0,1),
(522,1,'title','2025-08-20 22:13:15',0,1),
(524,1,'postDate','2025-08-20 22:13:18',0,1),
(524,1,'slug','2025-08-20 22:13:18',0,1),
(524,1,'status','2025-08-20 22:13:18',0,1),
(524,1,'title','2025-08-20 22:13:18',0,1),
(530,1,'postDate','2025-08-20 22:17:46',0,1),
(530,1,'slug','2025-08-20 22:17:46',0,1),
(530,1,'title','2025-08-20 22:17:46',0,1),
(532,1,'postDate','2025-08-20 22:18:02',0,1),
(532,1,'slug','2025-08-20 22:18:02',0,1),
(532,1,'title','2025-08-20 22:18:02',0,1),
(534,1,'postDate','2025-08-20 22:18:21',0,1),
(534,1,'slug','2025-08-20 22:18:21',0,1),
(534,1,'title','2025-08-20 22:18:29',0,1),
(555,1,'postDate','2025-09-02 22:24:46',0,1),
(555,1,'slug','2025-09-02 22:24:46',0,1),
(555,1,'title','2025-09-02 22:24:41',0,1),
(557,1,'postDate','2025-09-02 22:24:52',0,1),
(557,1,'slug','2025-09-02 22:24:52',0,1),
(557,1,'status','2025-09-02 22:24:52',0,1),
(557,1,'title','2025-09-02 22:24:51',0,1),
(559,1,'postDate','2025-09-02 22:24:59',0,1),
(559,1,'slug','2025-09-02 22:24:59',0,1),
(559,1,'status','2025-09-02 22:24:59',0,1),
(559,1,'title','2025-09-02 22:24:59',0,1),
(561,1,'postDate','2025-09-02 22:25:02',0,1),
(561,1,'slug','2025-09-02 22:25:02',0,1),
(561,1,'status','2025-09-02 22:25:02',0,1),
(561,1,'title','2025-09-02 22:25:02',0,1),
(563,1,'postDate','2025-09-02 22:25:06',0,1),
(563,1,'slug','2025-09-02 22:25:06',0,1),
(563,1,'status','2025-09-02 22:25:06',0,1),
(563,1,'title','2025-09-02 22:25:06',0,1),
(601,1,'postDate','2025-09-03 21:48:33',0,1),
(601,1,'slug','2025-09-03 21:48:33',0,1),
(601,1,'title','2025-09-03 21:49:20',0,1),
(603,1,'postDate','2025-09-03 21:48:45',0,1),
(603,1,'slug','2025-09-03 21:48:45',0,1),
(603,1,'status','2025-09-03 21:48:45',0,1),
(603,1,'title','2025-09-03 21:48:44',0,1),
(605,1,'postDate','2025-09-03 21:48:52',0,1),
(605,1,'slug','2025-09-03 21:48:52',0,1),
(605,1,'title','2025-09-03 21:58:30',0,1),
(617,1,'postDate','2025-09-03 21:56:47',0,1),
(617,1,'slug','2025-09-03 21:56:47',0,1),
(617,1,'status','2025-09-03 21:56:47',0,1),
(617,1,'title','2025-09-03 21:57:10',0,1);
commit;

--
-- Dumping data for table `changedfields`
--

set autocommit=0;
INSERT INTO `changedfields` VALUES
(2,1,1,'075f1904-e0fc-49c8-9cfb-6990ae779dec','2025-09-11 18:16:35',0,1),
(2,1,2,'762be5f6-1f41-4b1a-a99f-0b59fb0cdddb','2025-09-11 18:17:21',0,1),
(2,1,3,'0d6389a7-9cd0-496d-96dd-72ebf02f7bbb','2025-09-11 18:16:35',0,1),
(2,1,4,'3b262689-7127-4814-bab5-a1972e0869d4','2025-09-11 18:16:35',0,1),
(2,1,5,'b2903903-6010-4012-bc8c-c8c21f059638','2025-04-18 18:32:48',0,1),
(2,1,6,'85dc9325-7c30-405d-9715-22e9294f7735','2025-04-18 17:33:58',0,1),
(2,1,7,'482ad396-5443-4761-a410-c644d0217e5a','2025-09-11 18:16:35',0,1),
(2,1,8,'20f5fa3c-80d5-481b-862d-599d54f0fd29','2025-04-18 17:33:58',0,1),
(2,1,9,'ab57cfd4-5e19-423b-b570-4e770a56e436','2025-09-11 18:16:35',0,1),
(2,1,10,'7ed7a1dc-2e02-42e1-9349-7e518fe2a973','2025-09-11 18:16:35',0,1),
(2,1,11,'d26c0574-65df-44ac-815a-723f6a2599ad','2025-04-18 18:17:53',0,1),
(2,1,12,'688e0d64-8999-47be-a427-f9e9c6e1789e','2025-09-11 18:16:35',0,1),
(2,1,13,'92b514e7-6c85-40f3-9885-4ed4138887ea','2025-09-11 18:16:35',0,1),
(2,1,14,'702dab28-10e4-44a1-9271-72e0eda7fa6e','2025-04-18 17:33:58',0,1),
(2,1,15,'559340ef-728e-4935-84cc-443bd407f901','2025-09-11 18:16:35',0,1),
(2,1,16,'10d5be16-947c-4646-b2d0-3619f2760ace','2025-09-11 18:16:35',0,1),
(2,1,16,'7270a303-7119-43a8-b9bb-8360964189de','2025-04-18 18:45:07',0,1),
(2,1,17,'2bdc1e0d-4fd6-448b-b82c-71a75241bd23','2025-04-18 18:28:56',0,1),
(2,1,19,'0783e761-d312-48eb-a4f3-02333736ad99','2025-04-18 18:29:57',0,1),
(2,1,31,'31a45631-ecd4-4327-aca7-18b9d213bb16','2025-09-11 18:17:21',0,1),
(2,1,32,'0be5b641-0a34-4d93-8816-9a4b1ad24ffd','2025-09-11 18:16:35',0,1),
(2,1,33,'cced3c80-6988-403a-9b5a-14455350e923','2025-09-11 18:16:35',0,1),
(2,1,41,'7a0d2797-bfc8-4d68-b107-61c1dd081ea0','2025-09-11 18:16:35',0,1),
(2,1,42,'19b0086c-bc10-46cc-9f45-ffc5746e8681','2025-09-11 18:16:35',0,1),
(2,1,44,'2c726802-f189-49e5-935d-af3557619590','2025-09-11 18:16:35',0,1),
(2,1,46,'f352e58c-d152-4a45-9615-d0526b009523','2025-09-11 18:16:35',0,1),
(2,1,47,'a8f7b1eb-08e8-44fa-9777-c9a0daa85c5f','2025-09-11 18:16:35',0,1),
(2,1,48,'403d1895-f32e-4164-8084-b11fdea310cb','2025-09-11 18:16:35',0,1),
(2,1,49,'5e40a449-23c9-418a-a0d6-36ff8f57583d','2025-09-11 18:17:21',0,1),
(2,1,50,'8e701860-42c4-437f-a61c-a48f2ecf1b99','2025-09-11 18:16:35',0,1),
(2,1,55,'5b9eeabd-1ace-4610-b19d-ef257949824b','2025-09-11 18:16:35',0,1),
(2,1,56,'1183c802-1c51-4571-b5c9-c327cf3a5eab','2025-09-11 18:16:35',0,1),
(2,1,57,'9a83aaf9-b86b-4272-88b0-1a3cd8eec119','2025-09-11 18:16:35',0,1),
(2,1,59,'0d799588-2604-4e16-86f6-6ee8c522fe72','2025-09-11 18:16:35',0,1),
(18,1,29,'a7b99092-005a-4069-87ab-f34eea7da598','2025-04-18 18:06:46',0,1),
(20,1,29,'a7b99092-005a-4069-87ab-f34eea7da598','2025-04-18 18:06:58',0,1),
(22,1,29,'a7b99092-005a-4069-87ab-f34eea7da598','2025-04-18 18:07:05',0,1),
(24,1,29,'a7b99092-005a-4069-87ab-f34eea7da598','2025-04-18 18:07:29',0,1),
(26,1,29,'a7b99092-005a-4069-87ab-f34eea7da598','2025-04-18 18:07:37',0,1),
(28,1,29,'a7b99092-005a-4069-87ab-f34eea7da598','2025-04-18 18:07:43',0,1),
(30,1,29,'a7b99092-005a-4069-87ab-f34eea7da598','2025-04-18 18:07:48',0,1),
(32,1,29,'a7b99092-005a-4069-87ab-f34eea7da598','2025-04-18 18:07:53',0,1),
(34,1,29,'a7b99092-005a-4069-87ab-f34eea7da598','2025-04-18 18:08:00',0,1),
(36,1,29,'a7b99092-005a-4069-87ab-f34eea7da598','2025-04-18 18:08:04',0,1),
(36,1,45,'a2de05eb-1437-41e9-bc0a-6f2defdc0d4e','2025-08-20 21:57:06',0,1),
(44,1,21,'579071f5-918a-4d7a-8c5b-98905ecbe548','2025-08-20 21:24:25',0,1),
(44,1,22,'50d484f9-ea00-4870-8b7a-a1c7400f42ab','2025-09-03 22:27:30',0,1),
(44,1,43,'6859b0cf-ccd8-409d-84f9-b76fcac3eda0','2025-08-20 21:24:25',0,1),
(56,1,23,'ffdd5871-4e4c-4e46-88b5-06b52502357e','2025-09-03 21:05:58',0,1),
(56,1,24,'1e69e1f4-c7b2-4468-8668-aa722b6f7163','2025-09-03 21:05:58',0,1),
(57,1,23,'ffdd5871-4e4c-4e46-88b5-06b52502357e','2025-09-03 21:05:58',0,1),
(57,1,24,'1e69e1f4-c7b2-4468-8668-aa722b6f7163','2025-09-03 21:05:58',0,1),
(63,1,23,'ffdd5871-4e4c-4e46-88b5-06b52502357e','2025-09-03 21:08:08',0,1),
(63,1,24,'1e69e1f4-c7b2-4468-8668-aa722b6f7163','2025-09-03 21:05:58',0,1),
(111,1,30,'af4c29fe-7284-4a39-93a8-6ee23005762f','2025-04-18 18:38:37',0,1),
(113,1,30,'af4c29fe-7284-4a39-93a8-6ee23005762f','2025-04-18 18:38:45',0,1),
(115,1,30,'af4c29fe-7284-4a39-93a8-6ee23005762f','2025-04-18 18:38:50',0,1),
(117,1,30,'af4c29fe-7284-4a39-93a8-6ee23005762f','2025-04-18 18:38:55',0,1),
(119,1,30,'af4c29fe-7284-4a39-93a8-6ee23005762f','2025-04-18 18:39:00',0,1),
(121,1,30,'af4c29fe-7284-4a39-93a8-6ee23005762f','2025-04-18 18:39:04',0,1),
(283,1,34,'bd5a1d46-6844-4735-ad59-9d17e566aa16','2025-07-30 21:07:17',0,1),
(283,1,35,'6507c83d-4852-4bbd-9fee-2e10673e660b','2025-07-30 21:07:24',0,1),
(283,1,36,'909d57b4-6b9f-42fb-8e21-bd64fb6371e6','2025-07-30 21:07:13',0,1),
(283,1,37,'aceb4af7-e092-4894-a59a-eafca28db8e2','2025-07-30 22:48:02',0,1),
(283,1,38,'3bd7f129-28a9-4a77-8dac-a592f11fdf61','2025-07-30 21:07:13',0,1),
(288,1,34,'bd5a1d46-6844-4735-ad59-9d17e566aa16','2025-07-30 22:58:03',0,1),
(290,1,34,'bd5a1d46-6844-4735-ad59-9d17e566aa16','2025-07-30 22:58:06',0,1),
(292,1,34,'bd5a1d46-6844-4735-ad59-9d17e566aa16','2025-07-30 22:58:10',0,1),
(294,1,38,'3bd7f129-28a9-4a77-8dac-a592f11fdf61','2025-09-05 20:01:55',0,1),
(325,1,39,'77b43f80-b3db-4c4a-a697-e7337b02c937','2025-08-01 18:06:11',0,1),
(325,1,40,'ba4b9e07-f61a-405f-8896-aa42437b9c53','2025-08-01 18:06:11',0,1),
(348,1,39,'77b43f80-b3db-4c4a-a697-e7337b02c937','2025-08-01 18:06:20',0,1),
(348,1,40,'ba4b9e07-f61a-405f-8896-aa42437b9c53','2025-08-01 18:06:20',0,1),
(350,1,39,'77b43f80-b3db-4c4a-a697-e7337b02c937','2025-08-01 18:06:39',0,1),
(350,1,40,'ba4b9e07-f61a-405f-8896-aa42437b9c53','2025-08-01 18:06:40',0,1),
(352,1,39,'77b43f80-b3db-4c4a-a697-e7337b02c937','2025-08-01 18:07:24',0,1),
(352,1,40,'ba4b9e07-f61a-405f-8896-aa42437b9c53','2025-08-01 18:07:20',0,1),
(354,1,39,'77b43f80-b3db-4c4a-a697-e7337b02c937','2025-08-01 18:07:34',0,1),
(354,1,40,'ba4b9e07-f61a-405f-8896-aa42437b9c53','2025-08-01 18:07:30',0,1),
(356,1,39,'77b43f80-b3db-4c4a-a697-e7337b02c937','2025-08-01 18:07:46',0,1),
(356,1,40,'ba4b9e07-f61a-405f-8896-aa42437b9c53','2025-08-01 18:07:43',0,1),
(358,1,39,'77b43f80-b3db-4c4a-a697-e7337b02c937','2025-08-01 18:07:57',0,1),
(358,1,40,'ba4b9e07-f61a-405f-8896-aa42437b9c53','2025-08-01 18:07:54',0,1),
(360,1,39,'77b43f80-b3db-4c4a-a697-e7337b02c937','2025-08-01 18:08:07',0,1),
(360,1,40,'ba4b9e07-f61a-405f-8896-aa42437b9c53','2025-08-01 18:08:05',0,1),
(362,1,39,'77b43f80-b3db-4c4a-a697-e7337b02c937','2025-08-01 18:08:17',0,1),
(362,1,40,'ba4b9e07-f61a-405f-8896-aa42437b9c53','2025-08-01 18:08:15',0,1),
(364,1,39,'77b43f80-b3db-4c4a-a697-e7337b02c937','2025-08-01 18:08:28',0,1),
(364,1,40,'ba4b9e07-f61a-405f-8896-aa42437b9c53','2025-08-01 18:08:27',0,1),
(366,1,39,'77b43f80-b3db-4c4a-a697-e7337b02c937','2025-08-01 18:09:00',0,1),
(366,1,40,'ba4b9e07-f61a-405f-8896-aa42437b9c53','2025-08-01 18:08:55',0,1),
(368,1,39,'77b43f80-b3db-4c4a-a697-e7337b02c937','2025-08-01 18:09:11',0,1),
(368,1,40,'ba4b9e07-f61a-405f-8896-aa42437b9c53','2025-08-01 18:09:07',0,1),
(370,1,39,'77b43f80-b3db-4c4a-a697-e7337b02c937','2025-08-01 18:09:32',0,1),
(370,1,40,'ba4b9e07-f61a-405f-8896-aa42437b9c53','2025-08-01 18:09:20',0,1),
(372,1,39,'77b43f80-b3db-4c4a-a697-e7337b02c937','2025-08-01 18:09:44',0,1),
(372,1,40,'ba4b9e07-f61a-405f-8896-aa42437b9c53','2025-08-01 18:09:41',0,1),
(374,1,39,'77b43f80-b3db-4c4a-a697-e7337b02c937','2025-08-01 18:09:56',0,1),
(374,1,40,'ba4b9e07-f61a-405f-8896-aa42437b9c53','2025-08-01 18:09:52',0,1),
(376,1,39,'77b43f80-b3db-4c4a-a697-e7337b02c937','2025-08-01 18:10:07',0,1),
(376,1,40,'ba4b9e07-f61a-405f-8896-aa42437b9c53','2025-08-01 18:10:05',0,1),
(378,1,39,'77b43f80-b3db-4c4a-a697-e7337b02c937','2025-08-01 18:10:17',0,1),
(378,1,40,'ba4b9e07-f61a-405f-8896-aa42437b9c53','2025-08-01 18:10:15',0,1),
(380,1,39,'77b43f80-b3db-4c4a-a697-e7337b02c937','2025-08-01 18:10:23',0,1),
(380,1,40,'ba4b9e07-f61a-405f-8896-aa42437b9c53','2025-08-01 18:10:27',0,1),
(382,1,39,'77b43f80-b3db-4c4a-a697-e7337b02c937','2025-08-01 18:10:52',0,1),
(382,1,40,'ba4b9e07-f61a-405f-8896-aa42437b9c53','2025-08-01 18:10:50',0,1),
(384,1,39,'77b43f80-b3db-4c4a-a697-e7337b02c937','2025-08-01 18:11:03',0,1),
(384,1,40,'ba4b9e07-f61a-405f-8896-aa42437b9c53','2025-08-01 18:11:01',0,1),
(386,1,39,'77b43f80-b3db-4c4a-a697-e7337b02c937','2025-08-01 18:11:16',0,1),
(386,1,40,'ba4b9e07-f61a-405f-8896-aa42437b9c53','2025-08-01 18:11:08',0,1),
(388,1,39,'77b43f80-b3db-4c4a-a697-e7337b02c937','2025-08-01 18:11:27',0,1),
(388,1,40,'ba4b9e07-f61a-405f-8896-aa42437b9c53','2025-08-01 18:11:26',0,1),
(390,1,39,'77b43f80-b3db-4c4a-a697-e7337b02c937','2025-08-01 18:11:47',0,1),
(390,1,40,'ba4b9e07-f61a-405f-8896-aa42437b9c53','2025-08-01 18:11:43',0,1),
(392,1,39,'77b43f80-b3db-4c4a-a697-e7337b02c937','2025-08-01 18:12:01',0,1),
(392,1,40,'ba4b9e07-f61a-405f-8896-aa42437b9c53','2025-08-01 18:11:55',0,1),
(394,1,39,'77b43f80-b3db-4c4a-a697-e7337b02c937','2025-08-01 18:12:13',0,1),
(394,1,40,'ba4b9e07-f61a-405f-8896-aa42437b9c53','2025-08-01 18:12:10',0,1),
(396,1,39,'77b43f80-b3db-4c4a-a697-e7337b02c937','2025-08-01 18:12:23',0,1),
(396,1,40,'ba4b9e07-f61a-405f-8896-aa42437b9c53','2025-08-01 18:12:21',0,1),
(398,1,39,'77b43f80-b3db-4c4a-a697-e7337b02c937','2025-08-01 18:12:31',0,1),
(398,1,40,'ba4b9e07-f61a-405f-8896-aa42437b9c53','2025-08-01 18:12:33',0,1),
(400,1,39,'77b43f80-b3db-4c4a-a697-e7337b02c937','2025-08-01 18:12:56',0,1),
(400,1,40,'ba4b9e07-f61a-405f-8896-aa42437b9c53','2025-08-01 18:12:53',0,1),
(402,1,39,'77b43f80-b3db-4c4a-a697-e7337b02c937','2025-08-01 18:13:06',0,1),
(402,1,40,'ba4b9e07-f61a-405f-8896-aa42437b9c53','2025-08-01 18:13:03',0,1),
(404,1,39,'77b43f80-b3db-4c4a-a697-e7337b02c937','2025-08-01 18:13:19',0,1),
(404,1,40,'ba4b9e07-f61a-405f-8896-aa42437b9c53','2025-08-01 18:13:13',0,1),
(406,1,39,'77b43f80-b3db-4c4a-a697-e7337b02c937','2025-08-01 18:13:30',0,1),
(406,1,40,'ba4b9e07-f61a-405f-8896-aa42437b9c53','2025-08-01 18:13:26',0,1),
(408,1,39,'77b43f80-b3db-4c4a-a697-e7337b02c937','2025-08-01 18:13:42',0,1),
(408,1,40,'ba4b9e07-f61a-405f-8896-aa42437b9c53','2025-08-01 18:13:37',0,1),
(410,1,39,'77b43f80-b3db-4c4a-a697-e7337b02c937','2025-08-01 18:13:52',0,1),
(410,1,40,'ba4b9e07-f61a-405f-8896-aa42437b9c53','2025-08-01 18:13:49',0,1),
(412,1,39,'77b43f80-b3db-4c4a-a697-e7337b02c937','2025-08-01 18:14:03',0,1),
(412,1,40,'ba4b9e07-f61a-405f-8896-aa42437b9c53','2025-08-01 18:13:59',0,1),
(414,1,39,'77b43f80-b3db-4c4a-a697-e7337b02c937','2025-08-01 18:14:11',0,1),
(414,1,40,'ba4b9e07-f61a-405f-8896-aa42437b9c53','2025-08-01 18:14:09',0,1),
(445,1,22,'50d484f9-ea00-4870-8b7a-a1c7400f42ab','2025-09-03 22:27:30',0,1),
(453,1,45,'a2de05eb-1437-41e9-bc0a-6f2defdc0d4e','2025-08-20 21:57:20',0,1),
(455,1,45,'a2de05eb-1437-41e9-bc0a-6f2defdc0d4e','2025-08-20 21:57:31',0,1),
(457,1,45,'a2de05eb-1437-41e9-bc0a-6f2defdc0d4e','2025-08-20 21:58:41',0,1),
(459,1,45,'a2de05eb-1437-41e9-bc0a-6f2defdc0d4e','2025-08-20 21:58:54',0,1),
(461,1,45,'a2de05eb-1437-41e9-bc0a-6f2defdc0d4e','2025-08-20 21:59:06',0,1),
(463,1,45,'a2de05eb-1437-41e9-bc0a-6f2defdc0d4e','2025-08-20 21:59:14',0,1),
(465,1,45,'a2de05eb-1437-41e9-bc0a-6f2defdc0d4e','2025-08-20 21:59:33',0,1),
(467,1,45,'a2de05eb-1437-41e9-bc0a-6f2defdc0d4e','2025-08-20 21:59:43',0,1),
(469,1,45,'a2de05eb-1437-41e9-bc0a-6f2defdc0d4e','2025-08-20 22:00:03',0,1),
(471,1,45,'a2de05eb-1437-41e9-bc0a-6f2defdc0d4e','2025-08-20 22:00:11',0,1),
(473,1,45,'a2de05eb-1437-41e9-bc0a-6f2defdc0d4e','2025-08-20 22:00:22',0,1),
(475,1,45,'a2de05eb-1437-41e9-bc0a-6f2defdc0d4e','2025-08-20 22:00:38',0,1),
(477,1,45,'a2de05eb-1437-41e9-bc0a-6f2defdc0d4e','2025-08-20 22:00:46',0,1),
(479,1,45,'a2de05eb-1437-41e9-bc0a-6f2defdc0d4e','2025-08-20 22:00:59',0,1),
(481,1,45,'a2de05eb-1437-41e9-bc0a-6f2defdc0d4e','2025-08-20 22:01:06',0,1),
(483,1,45,'a2de05eb-1437-41e9-bc0a-6f2defdc0d4e','2025-08-20 22:01:17',0,1),
(485,1,45,'a2de05eb-1437-41e9-bc0a-6f2defdc0d4e','2025-08-20 22:01:28',0,1),
(487,1,45,'a2de05eb-1437-41e9-bc0a-6f2defdc0d4e','2025-08-20 22:02:03',0,1),
(489,1,45,'a2de05eb-1437-41e9-bc0a-6f2defdc0d4e','2025-08-20 22:02:13',0,1),
(491,1,45,'a2de05eb-1437-41e9-bc0a-6f2defdc0d4e','2025-08-20 22:02:19',0,1),
(493,1,45,'a2de05eb-1437-41e9-bc0a-6f2defdc0d4e','2025-08-20 22:02:28',0,1),
(495,1,45,'a2de05eb-1437-41e9-bc0a-6f2defdc0d4e','2025-08-20 22:02:33',0,1),
(497,1,45,'a2de05eb-1437-41e9-bc0a-6f2defdc0d4e','2025-08-20 22:02:59',0,1),
(555,1,30,'af4c29fe-7284-4a39-93a8-6ee23005762f','2025-09-02 22:24:44',0,1),
(557,1,30,'af4c29fe-7284-4a39-93a8-6ee23005762f','2025-09-02 22:24:51',0,1),
(559,1,30,'af4c29fe-7284-4a39-93a8-6ee23005762f','2025-09-02 22:24:59',0,1),
(561,1,30,'af4c29fe-7284-4a39-93a8-6ee23005762f','2025-09-02 22:25:02',0,1),
(563,1,30,'af4c29fe-7284-4a39-93a8-6ee23005762f','2025-09-02 22:25:06',0,1),
(601,1,27,'71d07053-43eb-40fe-8f9e-ad7480cc3193','2025-09-03 21:49:20',0,1),
(601,1,58,'5e076972-0a7c-4184-8570-4b3688ebe3d8','2025-09-03 21:56:43',0,1),
(603,1,27,'71d07053-43eb-40fe-8f9e-ad7480cc3193','2025-09-03 21:48:44',0,1),
(605,1,27,'71d07053-43eb-40fe-8f9e-ad7480cc3193','2025-09-03 21:58:30',0,1),
(605,1,58,'5e076972-0a7c-4184-8570-4b3688ebe3d8','2025-09-03 21:58:30',0,1),
(617,1,27,'71d07053-43eb-40fe-8f9e-ad7480cc3193','2025-09-03 21:57:10',0,1),
(617,1,58,'5e076972-0a7c-4184-8570-4b3688ebe3d8','2025-09-03 21:56:46',0,1),
(936,1,2,'762be5f6-1f41-4b1a-a99f-0b59fb0cdddb','2025-09-11 18:43:48',0,1);
commit;

--
-- Dumping data for table `contentblocks`
--

set autocommit=0;
commit;
set autocommit=0;
commit;
set autocommit=0;
commit;

--
-- Dumping data for table `drafts`
--

set autocommit=0;
INSERT INTO `drafts` VALUES
(7,NULL,1,0,'First draft',NULL,0,NULL,0),
(52,NULL,1,0,'First draft',NULL,0,NULL,0),
(96,NULL,1,0,'First draft',NULL,0,NULL,0),
(137,NULL,1,0,'First draft',NULL,0,NULL,0),
(224,NULL,1,0,'First draft',NULL,0,NULL,0),
(280,NULL,1,0,'First draft',NULL,0,NULL,0),
(294,2,1,1,'Draft 1','',1,NULL,1);
commit;

--
-- Dumping data for table `elementactivity`
--

set autocommit=0;
INSERT INTO `elementactivity` VALUES
(2,1,1,NULL,'edit','2025-09-11 18:43:48'),
(2,1,1,NULL,'save','2025-09-11 18:17:21'),
(18,1,1,NULL,'save','2025-04-18 18:06:50'),
(20,1,1,NULL,'save','2025-04-18 18:06:58'),
(22,1,1,NULL,'save','2025-04-18 18:07:06'),
(24,1,1,NULL,'save','2025-04-18 18:07:32'),
(26,1,1,NULL,'save','2025-04-18 18:07:37'),
(28,1,1,NULL,'save','2025-04-18 18:07:43'),
(30,1,1,NULL,'save','2025-04-18 18:07:48'),
(32,1,1,NULL,'save','2025-04-18 18:07:53'),
(34,1,1,NULL,'save','2025-04-18 18:08:00'),
(36,1,1,NULL,'edit','2025-08-20 21:57:06'),
(36,1,1,NULL,'save','2025-08-20 21:57:06'),
(44,1,1,NULL,'edit','2025-09-03 22:27:13'),
(56,1,1,NULL,'edit','2025-09-03 21:05:06'),
(57,1,1,NULL,'edit','2025-09-03 21:05:21'),
(63,1,1,NULL,'edit','2025-09-03 21:08:03'),
(63,1,1,NULL,'save','2025-09-03 21:05:57'),
(111,1,1,NULL,'save','2025-04-18 18:38:40'),
(113,1,1,NULL,'save','2025-04-18 18:38:46'),
(115,1,1,NULL,'save','2025-04-18 18:38:51'),
(117,1,1,NULL,'save','2025-04-18 18:38:56'),
(119,1,1,NULL,'save','2025-04-18 18:39:00'),
(121,1,1,NULL,'save','2025-04-18 18:39:04'),
(283,1,1,NULL,'edit','2025-07-30 22:48:01'),
(283,1,1,NULL,'save','2025-07-30 23:10:37'),
(288,1,1,NULL,'edit','2025-07-30 23:10:31'),
(288,1,1,NULL,'save','2025-07-30 23:10:31'),
(290,1,1,NULL,'edit','2025-07-30 22:58:05'),
(290,1,1,NULL,'save','2025-07-30 23:11:03'),
(292,1,1,NULL,'edit','2025-07-30 23:10:54'),
(292,1,1,NULL,'save','2025-07-30 23:10:55'),
(294,1,1,NULL,'edit','2025-09-05 20:01:25'),
(294,1,1,NULL,'save','2025-09-05 20:01:55'),
(296,1,1,NULL,'edit','2025-07-30 23:11:18'),
(296,1,1,NULL,'save','2025-07-30 23:11:31'),
(323,1,1,NULL,'save','2025-08-01 17:59:31'),
(325,1,1,NULL,'edit','2025-08-01 18:06:11'),
(325,1,1,NULL,'save','2025-08-01 18:06:11'),
(329,1,1,NULL,'save','2025-08-01 18:04:57'),
(331,1,1,NULL,'save','2025-08-01 18:05:01'),
(333,1,1,NULL,'save','2025-08-01 18:05:04'),
(335,1,1,NULL,'save','2025-08-01 18:05:08'),
(337,1,1,NULL,'save','2025-08-01 18:05:10'),
(339,1,1,NULL,'save','2025-08-01 18:05:15'),
(341,1,1,NULL,'save','2025-08-01 18:05:18'),
(343,1,1,NULL,'save','2025-08-01 18:05:21'),
(348,1,1,NULL,'save','2025-08-01 18:06:22'),
(350,1,1,NULL,'save','2025-08-01 18:06:40'),
(352,1,1,NULL,'save','2025-08-01 18:07:25'),
(354,1,1,NULL,'save','2025-08-01 18:07:35'),
(356,1,1,NULL,'save','2025-08-01 18:07:48'),
(358,1,1,NULL,'save','2025-08-01 18:07:58'),
(360,1,1,NULL,'save','2025-08-01 18:08:08'),
(362,1,1,NULL,'save','2025-08-01 18:08:17'),
(364,1,1,NULL,'save','2025-08-01 18:08:31'),
(366,1,1,NULL,'save','2025-08-01 18:09:02'),
(368,1,1,NULL,'save','2025-08-01 18:09:12'),
(370,1,1,NULL,'save','2025-08-01 18:09:33'),
(372,1,1,NULL,'save','2025-08-01 18:09:44'),
(374,1,1,NULL,'save','2025-08-01 18:10:00'),
(376,1,1,NULL,'save','2025-08-01 18:10:07'),
(378,1,1,NULL,'save','2025-08-01 18:10:18'),
(380,1,1,NULL,'save','2025-08-01 18:10:31'),
(382,1,1,NULL,'save','2025-08-01 18:10:53'),
(384,1,1,NULL,'save','2025-08-01 18:11:04'),
(386,1,1,NULL,'save','2025-08-01 18:11:17'),
(388,1,1,NULL,'save','2025-08-01 18:11:31'),
(390,1,1,NULL,'save','2025-08-01 18:11:48'),
(392,1,1,NULL,'save','2025-08-01 18:12:02'),
(394,1,1,NULL,'save','2025-08-01 18:12:14'),
(396,1,1,NULL,'save','2025-08-01 18:12:26'),
(398,1,1,NULL,'save','2025-08-01 18:12:34'),
(400,1,1,NULL,'save','2025-08-01 18:12:57'),
(402,1,1,NULL,'save','2025-08-01 18:13:07'),
(404,1,1,NULL,'save','2025-08-01 18:13:20'),
(406,1,1,NULL,'save','2025-08-01 18:13:33'),
(408,1,1,NULL,'save','2025-08-01 18:13:42'),
(410,1,1,NULL,'save','2025-08-01 18:13:53'),
(412,1,1,NULL,'save','2025-08-01 18:14:03'),
(414,1,1,NULL,'save','2025-08-01 18:14:13'),
(445,1,1,NULL,'edit','2025-09-03 22:27:27'),
(453,1,1,NULL,'save','2025-08-20 21:57:20'),
(455,1,1,NULL,'save','2025-08-20 21:57:32'),
(457,1,1,NULL,'save','2025-08-20 21:58:42'),
(459,1,1,NULL,'save','2025-08-20 21:58:54'),
(461,1,1,NULL,'save','2025-08-20 21:59:06'),
(463,1,1,NULL,'save','2025-08-20 21:59:15'),
(465,1,1,NULL,'save','2025-08-20 21:59:33'),
(467,1,1,NULL,'save','2025-08-20 21:59:45'),
(469,1,1,NULL,'save','2025-08-20 22:00:03'),
(471,1,1,NULL,'save','2025-08-20 22:00:11'),
(473,1,1,NULL,'save','2025-08-20 22:00:22'),
(475,1,1,NULL,'save','2025-08-20 22:00:38'),
(477,1,1,NULL,'save','2025-08-20 22:00:46'),
(479,1,1,NULL,'save','2025-08-20 22:00:59'),
(481,1,1,NULL,'save','2025-08-20 22:01:08'),
(483,1,1,NULL,'save','2025-08-20 22:01:17'),
(485,1,1,NULL,'save','2025-08-20 22:01:30'),
(487,1,1,NULL,'save','2025-08-20 22:02:03'),
(489,1,1,NULL,'save','2025-08-20 22:02:13'),
(491,1,1,NULL,'save','2025-08-20 22:02:19'),
(493,1,1,NULL,'save','2025-08-20 22:02:28'),
(495,1,1,NULL,'save','2025-08-20 22:02:34'),
(497,1,1,NULL,'save','2025-08-20 22:02:59'),
(499,1,1,NULL,'save','2025-08-20 22:12:23'),
(501,1,1,NULL,'save','2025-08-20 22:12:28'),
(503,1,1,NULL,'save','2025-08-20 22:12:34'),
(506,1,1,NULL,'save','2025-08-20 22:12:50'),
(508,1,1,NULL,'save','2025-08-20 22:12:54'),
(510,1,1,NULL,'save','2025-08-20 22:12:57'),
(512,1,1,NULL,'save','2025-08-20 22:13:01'),
(514,1,1,NULL,'save','2025-08-20 22:13:04'),
(516,1,1,NULL,'save','2025-08-20 22:13:07'),
(518,1,1,NULL,'save','2025-08-20 22:13:10'),
(520,1,1,NULL,'save','2025-08-20 22:13:13'),
(522,1,1,NULL,'save','2025-08-20 22:13:15'),
(524,1,1,NULL,'save','2025-08-20 22:13:18'),
(530,1,1,NULL,'save','2025-08-20 22:17:46'),
(532,1,1,NULL,'save','2025-08-20 22:18:02'),
(534,1,1,NULL,'save','2025-08-20 22:18:29'),
(555,1,1,NULL,'save','2025-09-02 22:24:46'),
(557,1,1,NULL,'save','2025-09-02 22:24:52'),
(559,1,1,NULL,'save','2025-09-02 22:24:59'),
(561,1,1,NULL,'save','2025-09-02 22:25:02'),
(563,1,1,NULL,'save','2025-09-02 22:25:06'),
(601,1,1,NULL,'edit','2025-09-03 21:56:40'),
(601,1,1,NULL,'save','2025-09-03 22:13:41'),
(603,1,1,NULL,'save','2025-09-03 21:48:45'),
(605,1,1,NULL,'edit','2025-09-03 21:58:30'),
(605,1,1,NULL,'save','2025-09-03 21:58:30'),
(617,1,1,NULL,'edit','2025-09-03 21:57:10'),
(617,1,1,NULL,'save','2025-09-03 21:57:10');
commit;

--
-- Dumping data for table `elements`
--

set autocommit=0;
INSERT INTO `elements` VALUES
(1,NULL,NULL,NULL,NULL,'craft\\elements\\User',1,0,'2025-04-18 16:59:46','2025-04-18 16:59:46',NULL,NULL,NULL,'e3682bee-bd77-4012-b16c-20d4c1d6741e'),
(2,NULL,NULL,NULL,1,'craft\\elements\\Entry',1,0,'2025-04-18 17:15:09','2025-09-11 18:17:21',NULL,NULL,NULL,'fb43295f-50d1-4199-9547-b616822746d7'),
(8,NULL,NULL,NULL,NULL,'craft\\elements\\Address',1,0,'2025-04-18 17:32:44','2025-04-18 17:37:13',NULL,NULL,NULL,'70e10205-927a-4a3d-8e91-9e3ffe573ce3'),
(10,8,NULL,4,NULL,'craft\\elements\\Address',1,0,'2025-04-18 17:32:44','2025-04-18 17:32:44',NULL,NULL,NULL,'d9e8d544-dbad-4f54-a2fa-87088e720db9'),
(14,NULL,7,NULL,2,'craft\\elements\\Entry',1,0,'2025-04-18 17:57:42','2025-04-18 17:57:42',NULL,NULL,NULL,'c1f79f68-e8c6-4804-933b-f8e101ccfec0'),
(16,8,NULL,7,NULL,'craft\\elements\\Address',1,0,'2025-04-18 17:37:13','2025-04-18 17:57:57',NULL,NULL,NULL,'6815ef49-b7c0-4172-83d5-784b766e1d24'),
(18,NULL,NULL,NULL,6,'craft\\elements\\Entry',1,0,'2025-04-18 18:06:39','2025-08-20 21:57:12',NULL,'2025-08-20 21:57:12',NULL,'52fd2ad7-fbff-4f46-965c-e9b93f5475e1'),
(19,18,NULL,9,6,'craft\\elements\\Entry',1,0,'2025-04-18 18:06:50','2025-04-18 18:06:50',NULL,'2025-08-20 21:57:12',NULL,'ff937fe5-a347-42af-a84d-364ede501006'),
(20,NULL,NULL,NULL,6,'craft\\elements\\Entry',1,0,'2025-04-18 18:06:50','2025-08-20 21:57:12',NULL,'2025-08-20 21:57:12',NULL,'ab2ec6e7-b567-4a20-867e-593a3ae40ff6'),
(21,20,NULL,10,6,'craft\\elements\\Entry',1,0,'2025-04-18 18:06:58','2025-04-18 18:06:58',NULL,'2025-08-20 21:57:12',NULL,'d45473b0-cdfa-4d60-b51c-0ba2eb2f25fc'),
(22,NULL,NULL,NULL,6,'craft\\elements\\Entry',1,0,'2025-04-18 18:06:58','2025-08-20 21:57:12',NULL,'2025-08-20 21:57:12',NULL,'9219e8e3-d389-40e4-93d5-049cea4484d7'),
(23,22,NULL,11,6,'craft\\elements\\Entry',1,0,'2025-04-18 18:07:06','2025-04-18 18:07:06',NULL,'2025-08-20 21:57:12',NULL,'94e66f9c-36d3-4154-9631-d82ffdbeb1af'),
(24,NULL,NULL,NULL,6,'craft\\elements\\Entry',1,0,'2025-04-18 18:07:06','2025-08-20 21:57:12',NULL,'2025-08-20 21:57:12',NULL,'3a825176-0a84-4f2a-996b-3f4bd4770f3f'),
(25,24,NULL,12,6,'craft\\elements\\Entry',1,0,'2025-04-18 18:07:32','2025-04-18 18:07:32',NULL,'2025-08-20 21:57:12',NULL,'2c134b83-5c7e-4a8e-83ab-aa66a981e508'),
(26,NULL,NULL,NULL,6,'craft\\elements\\Entry',1,0,'2025-04-18 18:07:32','2025-08-20 21:57:12',NULL,'2025-08-20 21:57:12',NULL,'40928895-f36c-4108-a1e4-564ae2424ee4'),
(27,26,NULL,13,6,'craft\\elements\\Entry',1,0,'2025-04-18 18:07:37','2025-04-18 18:07:37',NULL,'2025-08-20 21:57:12',NULL,'ed08da6e-f8d3-4f00-8bc2-bf0f777875f2'),
(28,NULL,NULL,NULL,6,'craft\\elements\\Entry',1,0,'2025-04-18 18:07:37','2025-08-20 21:57:12',NULL,'2025-08-20 21:57:12',NULL,'56921bc4-017a-46d3-ac85-05b47f57bd77'),
(29,28,NULL,14,6,'craft\\elements\\Entry',1,0,'2025-04-18 18:07:43','2025-04-18 18:07:43',NULL,'2025-08-20 21:57:12',NULL,'afe819d0-90cf-4853-bb8d-2c816199c653'),
(30,NULL,NULL,NULL,6,'craft\\elements\\Entry',1,0,'2025-04-18 18:07:43','2025-08-20 21:57:12',NULL,'2025-08-20 21:57:12',NULL,'d580a613-5ab1-4051-b261-fb71b222fdad'),
(31,30,NULL,15,6,'craft\\elements\\Entry',1,0,'2025-04-18 18:07:48','2025-04-18 18:07:48',NULL,'2025-08-20 21:57:12',NULL,'f6ceba8a-38e9-4a30-bbcf-3f53e7f3a3f0'),
(32,NULL,NULL,NULL,6,'craft\\elements\\Entry',1,0,'2025-04-18 18:07:48','2025-08-20 21:57:12',NULL,'2025-08-20 21:57:12',NULL,'5818599c-3b59-4b75-8027-f3af86d4e2b7'),
(33,32,NULL,16,6,'craft\\elements\\Entry',1,0,'2025-04-18 18:07:53','2025-04-18 18:07:53',NULL,'2025-08-20 21:57:12',NULL,'7ac990ce-be72-4bf1-a4f8-85d18bed1def'),
(34,NULL,NULL,NULL,6,'craft\\elements\\Entry',1,0,'2025-04-18 18:07:53','2025-08-20 21:57:12',NULL,'2025-08-20 21:57:12',NULL,'3ccd345c-16a2-4a6e-b6a8-f959829490ca'),
(35,34,NULL,17,6,'craft\\elements\\Entry',1,0,'2025-04-18 18:08:00','2025-04-18 18:08:00',NULL,'2025-08-20 21:57:12',NULL,'6698e76d-c879-44a8-832a-3a08edb99c6a'),
(36,NULL,NULL,NULL,6,'craft\\elements\\Entry',1,0,'2025-04-18 18:08:00','2025-08-20 21:57:12',NULL,'2025-08-20 21:57:12',NULL,'30202a0c-1dab-4496-b0d9-a2e4db046073'),
(37,36,NULL,18,6,'craft\\elements\\Entry',1,0,'2025-04-18 18:08:04','2025-04-18 18:08:04',NULL,'2025-08-20 21:57:12',NULL,'af4aec2f-2c51-443d-afd2-f243f2c6db79'),
(44,NULL,NULL,NULL,2,'craft\\elements\\Entry',1,0,'2025-04-18 18:10:41','2025-09-11 18:18:55',NULL,NULL,NULL,'66670719-86b2-4c25-a2d7-3268eb0b40e9'),
(45,NULL,NULL,NULL,2,'craft\\elements\\Entry',1,0,'2025-04-18 18:10:41','2025-08-20 21:24:25',NULL,'2025-08-20 21:24:25',NULL,'d2f1243f-5911-46b3-ad4c-1fd18163d3cf'),
(46,NULL,NULL,NULL,2,'craft\\elements\\Entry',1,0,'2025-04-18 18:10:41','2025-08-20 21:24:25',NULL,'2025-08-20 21:24:25',NULL,'e89fa079-a0ca-4f25-b733-547e3e9b74f4'),
(47,NULL,NULL,NULL,2,'craft\\elements\\Entry',1,0,'2025-04-18 18:10:41','2025-08-20 21:24:25',NULL,'2025-08-20 21:24:25',NULL,'136b64d8-a9bb-44f3-ad1b-5b3d0e59aeb7'),
(49,44,NULL,20,2,'craft\\elements\\Entry',1,0,'2025-04-18 18:10:41','2025-09-11 18:17:22',NULL,NULL,NULL,'eefabbf0-93f7-42ac-ad07-4eab0bfc6be6'),
(56,NULL,NULL,NULL,3,'craft\\elements\\Entry',1,0,'2025-04-18 18:14:39','2025-09-11 18:18:55',NULL,NULL,NULL,'cced9ffb-b1a4-432b-82dd-39ae892c0350'),
(57,NULL,NULL,NULL,3,'craft\\elements\\Entry',1,0,'2025-04-18 18:14:39','2025-09-11 18:18:55',NULL,NULL,NULL,'5c75acb1-1c32-464d-a385-7d8e4367e7ad'),
(59,56,NULL,25,3,'craft\\elements\\Entry',1,0,'2025-04-18 18:14:39','2025-09-11 18:17:22',NULL,NULL,NULL,'464aabc6-5657-4fa1-b620-a65aba496853'),
(60,57,NULL,26,3,'craft\\elements\\Entry',1,0,'2025-04-18 18:14:39','2025-09-11 18:17:22',NULL,NULL,NULL,'f62622d1-d34e-4b34-9346-77c7757eba63'),
(63,NULL,NULL,NULL,3,'craft\\elements\\Entry',1,0,'2025-04-18 18:15:36','2025-09-11 18:18:55',NULL,NULL,NULL,'6b94fb19-0b48-4dbd-a994-fcc7c42212ac'),
(64,2,NULL,27,1,'craft\\elements\\Entry',1,0,'2025-04-18 18:15:36','2025-04-18 18:15:36',NULL,NULL,NULL,'30c1669a-c1d4-4e1e-9f9d-67e6163e7e67'),
(65,63,NULL,28,3,'craft\\elements\\Entry',1,0,'2025-04-18 18:15:36','2025-08-20 17:52:26',NULL,NULL,NULL,'9bb271b1-7ea3-45aa-9f92-0b1a581e819b'),
(72,NULL,NULL,NULL,4,'craft\\elements\\Entry',1,0,'2025-04-18 18:17:53','2025-08-20 17:52:26',NULL,NULL,NULL,'65faed90-739e-412a-ae6b-1141af4adff8'),
(73,NULL,NULL,NULL,4,'craft\\elements\\Entry',1,0,'2025-04-18 18:17:53','2025-08-20 17:52:26',NULL,NULL,NULL,'15f1b50a-a6bf-404b-92d3-441e13132ed1'),
(74,NULL,NULL,NULL,4,'craft\\elements\\Entry',1,0,'2025-04-18 18:17:53','2025-08-20 17:52:26',NULL,NULL,NULL,'02403c1b-68a0-4814-9d28-465a0dd3fd27'),
(75,NULL,NULL,NULL,4,'craft\\elements\\Entry',1,0,'2025-04-18 18:17:53','2025-08-20 17:52:26',NULL,NULL,NULL,'d9c3d7d0-5243-443e-b0f7-d9e5c8e77f66'),
(76,NULL,NULL,NULL,4,'craft\\elements\\Entry',1,0,'2025-04-18 18:17:53','2025-08-20 17:52:26',NULL,NULL,NULL,'3ddce6d7-14e4-4ed9-9384-71082ffc55a9'),
(77,2,NULL,29,1,'craft\\elements\\Entry',1,0,'2025-04-18 18:17:53','2025-04-18 18:17:53',NULL,NULL,NULL,'bbe799da-bd7b-4412-9535-b639340966ac'),
(78,72,NULL,30,4,'craft\\elements\\Entry',1,0,'2025-04-18 18:17:53','2025-08-20 17:52:26',NULL,NULL,NULL,'d17c8ead-0ba1-4be3-bb3f-50f7b6bb1631'),
(79,73,NULL,31,4,'craft\\elements\\Entry',1,0,'2025-04-18 18:17:53','2025-08-20 17:52:26',NULL,NULL,NULL,'885375ba-05c1-41a6-89db-4b73021f8132'),
(80,74,NULL,32,4,'craft\\elements\\Entry',1,0,'2025-04-18 18:17:53','2025-08-20 17:52:26',NULL,NULL,NULL,'b8cf5928-cf35-40a0-8dd5-7b268a6cb35a'),
(81,75,NULL,33,4,'craft\\elements\\Entry',1,0,'2025-04-18 18:17:53','2025-08-20 17:52:26',NULL,NULL,NULL,'420bcba9-27b9-4219-ab82-5e907810c874'),
(82,76,NULL,34,4,'craft\\elements\\Entry',1,0,'2025-04-18 18:17:53','2025-08-20 17:52:26',NULL,NULL,NULL,'c62a29bd-d219-4eb7-8448-3770a5e0234e'),
(84,2,NULL,35,1,'craft\\elements\\Entry',1,0,'2025-04-18 18:28:56','2025-04-18 18:28:56',NULL,NULL,NULL,'5711b4ca-d839-4f9e-9a54-7f7a23aff3bb'),
(85,2,NULL,36,1,'craft\\elements\\Entry',1,0,'2025-04-18 18:29:57','2025-04-18 18:29:57',NULL,NULL,NULL,'0a981fa6-b0bf-4111-a03d-dc7bb8259c62'),
(86,NULL,NULL,NULL,7,'craft\\elements\\Asset',1,0,'2025-04-18 18:31:40','2025-09-04 22:50:00',NULL,'2025-09-04 22:50:00',NULL,'0fc1718b-a60f-47e7-8e1a-4c67a6e22462'),
(88,2,NULL,37,1,'craft\\elements\\Entry',1,0,'2025-04-18 18:32:48','2025-04-18 18:32:48',NULL,NULL,NULL,'b1972a97-1c9e-4718-a1af-65971f33ce7e'),
(96,NULL,NULL,NULL,11,'craft\\elements\\Entry',1,0,'2025-04-18 18:36:37','2025-04-18 18:38:26',NULL,'2025-04-18 18:38:26',NULL,'76dad8f7-c48c-4ed9-9f87-edbba7ce9dcf'),
(97,NULL,NULL,NULL,11,'craft\\elements\\Entry',1,0,'2025-04-18 18:36:37','2025-04-18 18:38:26',NULL,'2025-04-18 18:38:26',NULL,'733b8349-6d24-4796-901f-e6cccb78f65d'),
(98,NULL,NULL,NULL,11,'craft\\elements\\Entry',1,0,'2025-04-18 18:36:37','2025-04-18 18:38:26',NULL,'2025-04-18 18:38:26',NULL,'1d77e91d-0d5a-4c40-a992-b87dcb0b8786'),
(99,NULL,NULL,NULL,11,'craft\\elements\\Entry',1,0,'2025-04-18 18:36:37','2025-04-18 18:38:26',NULL,'2025-04-18 18:38:26',NULL,'044388df-8aaa-4929-83df-33e2cceb95c1'),
(100,NULL,NULL,NULL,11,'craft\\elements\\Entry',1,0,'2025-04-18 18:36:37','2025-04-18 18:38:26',NULL,'2025-04-18 18:38:26',NULL,'894d2df8-3989-44d9-ae0e-e7860708bc75'),
(101,NULL,NULL,NULL,11,'craft\\elements\\Entry',1,0,'2025-04-18 18:36:37','2025-04-18 18:38:26',NULL,'2025-04-18 18:38:26',NULL,'17ebe246-d2b0-4c36-b223-80704f9d9182'),
(102,2,NULL,38,1,'craft\\elements\\Entry',1,0,'2025-04-18 18:36:37','2025-04-18 18:36:37',NULL,NULL,NULL,'d08382f2-4f19-4753-8f00-20cb4906ade5'),
(103,96,NULL,39,11,'craft\\elements\\Entry',1,0,'2025-04-18 18:36:37','2025-04-18 18:36:37',NULL,'2025-04-18 18:38:26',NULL,'e430eb07-6216-43e2-95c5-b2cc0935a963'),
(104,97,NULL,40,11,'craft\\elements\\Entry',1,0,'2025-04-18 18:36:37','2025-04-18 18:36:37',NULL,'2025-04-18 18:38:26',NULL,'14b1e5db-e0b3-4881-b609-d0f63e82af5d'),
(105,98,NULL,41,11,'craft\\elements\\Entry',1,0,'2025-04-18 18:36:37','2025-04-18 18:36:37',NULL,'2025-04-18 18:38:26',NULL,'bab88878-fb5d-498c-8b48-2eb77c8be0e6'),
(106,99,NULL,42,11,'craft\\elements\\Entry',1,0,'2025-04-18 18:36:37','2025-04-18 18:36:37',NULL,'2025-04-18 18:38:26',NULL,'9b39a9a1-7d1d-4ac8-a0e3-5e92f89ee08f'),
(107,100,NULL,43,11,'craft\\elements\\Entry',1,0,'2025-04-18 18:36:37','2025-04-18 18:36:37',NULL,'2025-04-18 18:38:26',NULL,'840fe20c-b9d9-467e-9525-3f383a31b004'),
(108,101,NULL,44,11,'craft\\elements\\Entry',1,0,'2025-04-18 18:36:37','2025-04-18 18:36:37',NULL,'2025-04-18 18:38:26',NULL,'10a5e0c4-06b0-43fc-9f28-6ded2ef94793'),
(110,2,NULL,45,1,'craft\\elements\\Entry',1,0,'2025-04-18 18:38:26','2025-04-18 18:38:26',NULL,NULL,NULL,'599548f0-9a75-4c53-afb5-d4a029af5c00'),
(111,NULL,NULL,NULL,11,'craft\\elements\\Entry',1,0,'2025-04-18 18:38:34','2025-04-18 18:38:40',NULL,NULL,NULL,'1c014517-f0ca-4b34-a4ec-8c06c66e936c'),
(112,111,NULL,46,11,'craft\\elements\\Entry',1,0,'2025-04-18 18:38:40','2025-04-18 18:38:40',NULL,NULL,NULL,'b69fbe05-7e0a-444c-87cb-538dab008405'),
(113,NULL,NULL,NULL,11,'craft\\elements\\Entry',1,0,'2025-04-18 18:38:44','2025-04-18 18:38:46',NULL,NULL,NULL,'e8577614-718f-4f49-9a2c-762b53180e15'),
(114,113,NULL,47,11,'craft\\elements\\Entry',1,0,'2025-04-18 18:38:46','2025-04-18 18:38:46',NULL,NULL,NULL,'62564fb6-d7ee-42e1-a94c-0d101b1862ad'),
(115,NULL,NULL,NULL,11,'craft\\elements\\Entry',1,0,'2025-04-18 18:38:49','2025-04-18 18:38:51',NULL,NULL,NULL,'c1291b59-240b-4c7d-a481-b43ceffa5843'),
(116,115,NULL,48,11,'craft\\elements\\Entry',1,0,'2025-04-18 18:38:51','2025-04-18 18:38:51',NULL,NULL,NULL,'0de6d844-6a84-45b9-a5a4-219bf907924c'),
(117,NULL,NULL,NULL,11,'craft\\elements\\Entry',1,0,'2025-04-18 18:38:54','2025-04-18 18:38:56',NULL,NULL,NULL,'c983b9b7-0678-4980-a3a6-bf04df690818'),
(118,117,NULL,49,11,'craft\\elements\\Entry',1,0,'2025-04-18 18:38:56','2025-04-18 18:38:56',NULL,NULL,NULL,'6532d990-a37a-4e60-98a6-d2f6ad40d415'),
(119,NULL,NULL,NULL,11,'craft\\elements\\Entry',1,0,'2025-04-18 18:38:58','2025-04-18 18:39:00',NULL,NULL,NULL,'07f26095-e9ed-4a30-9fcc-ee9e7b1c89a5'),
(120,119,NULL,50,11,'craft\\elements\\Entry',1,0,'2025-04-18 18:39:00','2025-04-18 18:39:00',NULL,NULL,NULL,'9ef9e4fb-c780-42aa-b260-c57f1c904855'),
(121,NULL,NULL,NULL,11,'craft\\elements\\Entry',1,0,'2025-04-18 18:39:03','2025-04-18 18:39:04',NULL,NULL,NULL,'f48f3d64-37db-4387-ad42-86a0d4022e8f'),
(122,121,NULL,51,11,'craft\\elements\\Entry',1,0,'2025-04-18 18:39:04','2025-04-18 18:39:04',NULL,NULL,NULL,'5c8697a2-2860-47df-90df-d73d461ed250'),
(124,NULL,52,NULL,11,'craft\\elements\\Entry',1,0,'2025-04-18 18:40:11','2025-04-18 18:40:11',NULL,NULL,NULL,'5166d027-121a-4f77-9b1e-d976affec3c3'),
(125,2,NULL,52,1,'craft\\elements\\Entry',1,0,'2025-04-18 18:40:42','2025-04-18 18:40:42',NULL,NULL,NULL,'02b8e180-9c2c-4314-b8e1-77884131ecad'),
(127,2,NULL,53,1,'craft\\elements\\Entry',1,0,'2025-04-18 18:40:57','2025-04-18 18:40:57',NULL,NULL,NULL,'0da84b1a-58e5-400e-99d1-1bda14796b8c'),
(131,NULL,NULL,NULL,5,'craft\\elements\\Entry',1,0,'2025-04-18 18:42:36','2025-08-20 17:52:26',NULL,NULL,NULL,'10a402bd-e708-4f1b-8f19-9d6f2dd41e56'),
(132,NULL,NULL,NULL,5,'craft\\elements\\Entry',1,0,'2025-04-18 18:42:36','2025-08-20 17:52:26',NULL,NULL,NULL,'61411460-73b4-43ef-93b9-77c20db6e79f'),
(133,2,NULL,54,1,'craft\\elements\\Entry',1,0,'2025-04-18 18:42:36','2025-04-18 18:42:36',NULL,NULL,NULL,'c023d510-97b5-43f5-88b9-d81798aa5fd6'),
(134,131,NULL,55,5,'craft\\elements\\Entry',1,0,'2025-04-18 18:42:36','2025-08-20 17:52:26',NULL,NULL,NULL,'f22c54ba-b032-4465-9c01-dc3499eaf990'),
(135,132,NULL,56,5,'craft\\elements\\Entry',1,0,'2025-04-18 18:42:36','2025-08-20 17:52:26',NULL,NULL,NULL,'951dcef9-231c-4dde-b1c2-ae7b0fdeaba9'),
(136,NULL,NULL,NULL,8,'craft\\elements\\Asset',1,0,'2025-04-18 18:44:35','2025-04-18 18:44:35',NULL,NULL,NULL,'73525736-57a1-472f-b811-bd05b62fb341'),
(137,NULL,NULL,NULL,8,'craft\\elements\\Asset',1,0,'2025-04-18 18:44:36','2025-04-18 18:44:36',NULL,NULL,NULL,'abf930ea-95bc-4a2c-9696-8a563fc70185'),
(138,NULL,NULL,NULL,8,'craft\\elements\\Asset',1,0,'2025-04-18 18:44:36','2025-04-18 18:44:36',NULL,NULL,NULL,'10a14980-1c09-497a-af73-3d142632703b'),
(140,2,NULL,57,1,'craft\\elements\\Entry',1,0,'2025-04-18 18:45:07','2025-04-18 18:45:07',NULL,NULL,NULL,'561d8940-607d-4bc2-9d30-54e5b10c8ac4'),
(220,NULL,96,NULL,2,'craft\\elements\\Entry',1,0,'2025-04-25 18:32:58','2025-04-25 18:32:58',NULL,NULL,NULL,'c5f32f5e-4201-48e7-b118-a723db8874fd'),
(223,2,NULL,99,1,'craft\\elements\\Entry',1,0,'2025-07-28 21:11:58','2025-07-28 21:11:58',NULL,NULL,NULL,'542ea73b-78d8-4a9c-bee4-8ff62ee90b9e'),
(229,2,NULL,103,1,'craft\\elements\\Entry',1,0,'2025-07-28 21:22:01','2025-07-28 21:22:01',NULL,NULL,NULL,'51cdf2a7-15a3-4bfc-9153-71067ef247c5'),
(231,2,NULL,104,1,'craft\\elements\\Entry',1,0,'2025-07-28 21:31:35','2025-07-28 21:31:35',NULL,NULL,NULL,'d38b477a-3331-48d7-b91c-125c8c7145fd'),
(234,2,NULL,106,1,'craft\\elements\\Entry',1,0,'2025-07-28 23:11:28','2025-07-28 23:11:28',NULL,NULL,NULL,'468c9810-0c16-4617-abcd-d66cb4a1b8db'),
(264,2,NULL,123,1,'craft\\elements\\Entry',1,0,'2025-07-29 20:36:08','2025-07-29 20:36:08',NULL,NULL,NULL,'014f0542-cf28-4c06-bf25-a38db80650f6'),
(283,NULL,NULL,NULL,12,'craft\\elements\\Entry',1,0,'2025-07-30 21:03:21','2025-07-30 23:10:37',NULL,NULL,NULL,'4ec784d1-6952-4acb-85c3-56b744ba0e4f'),
(284,283,NULL,133,12,'craft\\elements\\Entry',1,0,'2025-07-30 21:07:37','2025-07-30 21:07:37',NULL,NULL,NULL,'d91825b2-b7b9-4fd2-9aec-343ce2cd1923'),
(285,NULL,NULL,NULL,13,'craft\\elements\\Asset',1,0,'2025-07-30 22:47:59','2025-09-05 20:01:00',NULL,NULL,NULL,'805f8534-dd6f-4152-b919-0c5d87163b8b'),
(287,283,NULL,134,12,'craft\\elements\\Entry',1,0,'2025-07-30 22:48:02','2025-07-30 22:48:02',NULL,NULL,NULL,'5a62d56e-00f3-4b23-9e5c-8d4e1333ea76'),
(288,NULL,NULL,NULL,12,'craft\\elements\\Entry',1,0,'2025-07-30 22:56:29','2025-07-30 23:11:09',NULL,'2025-07-30 23:11:09',NULL,'f63f9936-131d-4c53-a08c-8479797747f2'),
(289,288,NULL,135,12,'craft\\elements\\Entry',1,0,'2025-07-30 22:56:29','2025-07-30 22:56:29',NULL,'2025-07-30 23:11:09',NULL,'543128e6-7c91-492f-9438-6b07c988b05a'),
(290,NULL,NULL,NULL,12,'craft\\elements\\Entry',1,0,'2025-07-30 22:56:32','2025-07-30 23:11:02',NULL,NULL,NULL,'2a15ad68-0e5b-4d2b-8e9b-d02cf1d4457f'),
(291,290,NULL,136,12,'craft\\elements\\Entry',1,0,'2025-07-30 22:56:32','2025-07-30 22:56:32',NULL,NULL,NULL,'13ecbf19-a864-4bdc-be24-bf94ea582ebe'),
(292,NULL,NULL,NULL,12,'craft\\elements\\Entry',1,0,'2025-07-30 22:56:33','2025-07-30 23:10:55',NULL,NULL,NULL,'fabdb4bb-67e5-4bd7-b818-c4e6e4094b75'),
(293,292,NULL,137,12,'craft\\elements\\Entry',1,0,'2025-07-30 22:56:33','2025-07-30 22:56:33',NULL,NULL,NULL,'dcb8c580-bb1b-40fe-97ba-ad716c474ba1'),
(294,NULL,NULL,NULL,12,'craft\\elements\\Entry',1,0,'2025-07-30 22:56:34','2025-09-05 20:01:55',NULL,NULL,NULL,'6b7a16eb-660d-4393-95fe-4f8c34f97d49'),
(295,294,NULL,138,12,'craft\\elements\\Entry',1,0,'2025-07-30 22:56:34','2025-07-30 22:56:34',NULL,NULL,NULL,'22d6754d-4135-482b-891b-bb366b3e7d90'),
(296,NULL,NULL,NULL,12,'craft\\elements\\Entry',1,0,'2025-07-30 22:56:35','2025-07-30 23:11:31',NULL,NULL,NULL,'8755e2a1-5452-40d8-bb12-b26a15d3c5ad'),
(297,296,NULL,139,12,'craft\\elements\\Entry',1,0,'2025-07-30 22:56:35','2025-07-30 22:56:35',NULL,NULL,NULL,'0d1d0b08-140e-4c49-8bfa-70d3b8406bbe'),
(299,288,NULL,140,12,'craft\\elements\\Entry',1,0,'2025-07-30 22:58:03','2025-07-30 22:58:03',NULL,'2025-07-30 23:11:09',NULL,'68b59346-df11-46ae-a35a-99ad3efd0769'),
(301,290,NULL,141,12,'craft\\elements\\Entry',1,0,'2025-07-30 22:58:06','2025-07-30 22:58:06',NULL,NULL,NULL,'ecb6636c-b8a8-4058-b118-829e13f652a3'),
(303,292,NULL,142,12,'craft\\elements\\Entry',1,0,'2025-07-30 22:58:10','2025-07-30 22:58:10',NULL,NULL,NULL,'c0d976a8-5eea-446d-84d0-550445c219a0'),
(305,288,NULL,143,12,'craft\\elements\\Entry',1,0,'2025-07-30 23:10:31','2025-07-30 23:10:31',NULL,'2025-07-30 23:11:09',NULL,'f286d6c6-85f4-4ea0-83d1-77d0f50d96a8'),
(306,283,NULL,144,12,'craft\\elements\\Entry',1,0,'2025-07-30 23:10:37','2025-07-30 23:10:37',NULL,NULL,NULL,'d783f074-7582-4c2e-b04a-afee352e2417'),
(308,296,NULL,145,12,'craft\\elements\\Entry',1,0,'2025-07-30 23:10:45','2025-07-30 23:10:45',NULL,NULL,NULL,'8c24349f-c77d-4763-956c-b9d29db3da7d'),
(310,292,NULL,146,12,'craft\\elements\\Entry',1,0,'2025-07-30 23:10:55','2025-07-30 23:10:55',NULL,NULL,NULL,'bba6679f-f1f7-48bb-bbc1-928afdadf0a2'),
(311,290,NULL,147,12,'craft\\elements\\Entry',1,0,'2025-07-30 23:11:02','2025-07-30 23:11:02',NULL,NULL,NULL,'2513036e-aebf-45d2-a083-ba0cc0d0623a'),
(314,294,NULL,148,12,'craft\\elements\\Entry',1,0,'2025-07-30 23:11:29','2025-07-30 23:11:29',NULL,NULL,NULL,'721a1151-d124-44df-8f94-1b90139041f8'),
(315,296,NULL,149,12,'craft\\elements\\Entry',1,0,'2025-07-30 23:11:31','2025-07-30 23:11:31',NULL,NULL,NULL,'f695af88-e16a-46f4-a0d4-156e20b34fb2'),
(318,NULL,137,NULL,3,'craft\\elements\\Entry',1,0,'2025-07-31 17:41:05','2025-07-31 17:41:05',NULL,NULL,NULL,'41f2a05b-7f0e-41c8-972f-8796e135476d'),
(319,2,NULL,150,1,'craft\\elements\\Entry',1,0,'2025-07-31 18:21:59','2025-07-31 18:21:59',NULL,NULL,NULL,'673b6b44-d59d-456a-b14b-e7fb33b91ec0'),
(323,NULL,NULL,NULL,15,'craft\\elements\\Entry',1,0,'2025-08-01 17:59:15','2025-08-01 18:04:08',NULL,'2025-08-01 18:04:08',NULL,'6b3e54cf-b357-46c1-8251-4cd6c1f951b1'),
(324,323,NULL,152,15,'craft\\elements\\Entry',1,0,'2025-08-01 17:59:31','2025-08-01 17:59:31',NULL,'2025-08-01 18:04:08',NULL,'168018b4-8cee-43fd-bf87-7af9c47cced8'),
(325,NULL,NULL,NULL,14,'craft\\elements\\Entry',1,0,'2025-08-01 17:59:34','2025-08-01 18:06:11',NULL,NULL,NULL,'583d4518-7524-42db-a63d-0d921f008d36'),
(326,325,NULL,153,15,'craft\\elements\\Entry',1,0,'2025-08-01 17:59:41','2025-08-01 17:59:41',NULL,NULL,NULL,'52a01e8d-717e-470b-bbc1-3dd874556d25'),
(328,325,NULL,154,14,'craft\\elements\\Entry',1,0,'2025-08-01 17:59:53','2025-08-01 17:59:53',NULL,NULL,NULL,'c817c185-395d-435a-84c6-42430c2239a4'),
(329,NULL,NULL,NULL,15,'craft\\elements\\Entry',1,0,'2025-08-01 18:04:51','2025-08-01 18:04:57',NULL,NULL,NULL,'328e73a9-9198-46ee-8ce1-292e019d2ac6'),
(330,329,NULL,155,15,'craft\\elements\\Entry',1,0,'2025-08-01 18:04:57','2025-08-01 18:04:57',NULL,NULL,NULL,'82c64f78-283c-4a64-9681-11a3be4d4d40'),
(331,NULL,NULL,NULL,15,'craft\\elements\\Entry',1,0,'2025-08-01 18:04:57','2025-08-01 18:05:01',NULL,NULL,NULL,'de1dbf90-2df4-4a57-8ef0-88e981636992'),
(332,331,NULL,156,15,'craft\\elements\\Entry',1,0,'2025-08-01 18:05:01','2025-08-01 18:05:01',NULL,NULL,NULL,'ae5cc034-9679-48f5-9594-0c61fafe6990'),
(333,NULL,NULL,NULL,15,'craft\\elements\\Entry',1,0,'2025-08-01 18:05:01','2025-08-01 18:05:04',NULL,NULL,NULL,'27c35b6d-8b9d-4bcc-abaf-a2338d548dfa'),
(334,333,NULL,157,15,'craft\\elements\\Entry',1,0,'2025-08-01 18:05:04','2025-08-01 18:05:04',NULL,NULL,NULL,'70055f31-2d03-42d3-a985-121a1e2b2572'),
(335,NULL,NULL,NULL,15,'craft\\elements\\Entry',1,0,'2025-08-01 18:05:04','2025-08-01 18:05:08',NULL,NULL,NULL,'5d7aa22c-6b88-4187-afb5-24fffb7c6539'),
(336,335,NULL,158,15,'craft\\elements\\Entry',1,0,'2025-08-01 18:05:08','2025-08-01 18:05:08',NULL,NULL,NULL,'52c8f108-5ec7-4eb7-83e1-4c214d2d933b'),
(337,NULL,NULL,NULL,15,'craft\\elements\\Entry',1,0,'2025-08-01 18:05:08','2025-08-01 18:05:10',NULL,NULL,NULL,'fdc36882-7b46-43fa-8ff9-4245e8dd9bd0'),
(338,337,NULL,159,15,'craft\\elements\\Entry',1,0,'2025-08-01 18:05:10','2025-08-01 18:05:10',NULL,NULL,NULL,'1070a399-73d2-43b8-ad87-2e72974ec72a'),
(339,NULL,NULL,NULL,15,'craft\\elements\\Entry',1,0,'2025-08-01 18:05:10','2025-08-01 18:05:15',NULL,NULL,NULL,'2558370f-56ae-47a6-8deb-2d7cb1e6ffe8'),
(340,339,NULL,160,15,'craft\\elements\\Entry',1,0,'2025-08-01 18:05:15','2025-08-01 18:05:15',NULL,NULL,NULL,'a717b773-e41d-4eb4-a975-1f516ac78eeb'),
(341,NULL,NULL,NULL,15,'craft\\elements\\Entry',1,0,'2025-08-01 18:05:15','2025-08-01 18:05:18',NULL,NULL,NULL,'c8f9f0cd-8e20-41d4-984b-30b14d2471af'),
(342,341,NULL,161,15,'craft\\elements\\Entry',1,0,'2025-08-01 18:05:18','2025-08-01 18:05:18',NULL,NULL,NULL,'9b932f54-8d57-46cd-8c94-e9932a283f31'),
(343,NULL,NULL,NULL,15,'craft\\elements\\Entry',1,0,'2025-08-01 18:05:18','2025-08-01 18:05:21',NULL,NULL,NULL,'edff3928-0002-4ca4-8b65-c9328c6c7162'),
(344,343,NULL,162,15,'craft\\elements\\Entry',1,0,'2025-08-01 18:05:21','2025-08-01 18:05:21',NULL,NULL,NULL,'6bfe948f-11ac-4494-8387-13a1d64719a8'),
(347,325,NULL,163,14,'craft\\elements\\Entry',1,0,'2025-08-01 18:06:11','2025-08-01 18:06:11',NULL,NULL,NULL,'3b36b76d-7a5f-42fc-ba6e-2474c3e4f604'),
(348,NULL,NULL,NULL,14,'craft\\elements\\Entry',1,0,'2025-08-01 18:06:11','2025-08-01 18:06:22',NULL,NULL,NULL,'af2219ff-28ec-46eb-b7f5-294fc48c9592'),
(349,348,NULL,164,14,'craft\\elements\\Entry',1,0,'2025-08-01 18:06:22','2025-08-01 18:06:22',NULL,NULL,NULL,'49e28ec6-9273-48fd-bc9f-9624a56e7e96'),
(350,NULL,NULL,NULL,14,'craft\\elements\\Entry',1,0,'2025-08-01 18:06:22','2025-08-01 18:06:40',NULL,NULL,NULL,'62a9aee5-450d-4d74-ac3c-22a50eb327d9'),
(351,350,NULL,165,14,'craft\\elements\\Entry',1,0,'2025-08-01 18:06:40','2025-08-01 18:06:40',NULL,NULL,NULL,'f2c0689f-e1b0-4149-ba01-d0981abdda1e'),
(352,NULL,NULL,NULL,14,'craft\\elements\\Entry',1,0,'2025-08-01 18:07:13','2025-08-01 18:07:25',NULL,NULL,NULL,'81854a0e-389f-4f30-8603-f133fa881688'),
(353,352,NULL,166,14,'craft\\elements\\Entry',1,0,'2025-08-01 18:07:25','2025-08-01 18:07:25',NULL,NULL,NULL,'d5c48d8f-ac42-479e-8798-a50fc596d6d1'),
(354,NULL,NULL,NULL,14,'craft\\elements\\Entry',1,0,'2025-08-01 18:07:25','2025-08-01 18:07:35',NULL,NULL,NULL,'7d9e199d-e444-4270-95c2-e0d6c18d7eda'),
(355,354,NULL,167,14,'craft\\elements\\Entry',1,0,'2025-08-01 18:07:35','2025-08-01 18:07:35',NULL,NULL,NULL,'7a8fc6bc-eaf0-44e7-b00c-faab057bca0a'),
(356,NULL,NULL,NULL,14,'craft\\elements\\Entry',1,0,'2025-08-01 18:07:35','2025-08-01 18:07:48',NULL,NULL,NULL,'1a91cd2e-f777-4327-82bf-9d4952df04dd'),
(357,356,NULL,168,14,'craft\\elements\\Entry',1,0,'2025-08-01 18:07:48','2025-08-01 18:07:48',NULL,NULL,NULL,'da159131-b262-48b8-b0c9-8ca4af83f540'),
(358,NULL,NULL,NULL,14,'craft\\elements\\Entry',1,0,'2025-08-01 18:07:51','2025-08-01 18:07:58',NULL,NULL,NULL,'83178051-07e6-40c6-ac65-1803e199667a'),
(359,358,NULL,169,14,'craft\\elements\\Entry',1,0,'2025-08-01 18:07:58','2025-08-01 18:07:58',NULL,NULL,NULL,'d712ccab-478b-4d57-a770-e516c4c08e67'),
(360,NULL,NULL,NULL,14,'craft\\elements\\Entry',1,0,'2025-08-01 18:08:01','2025-08-01 18:08:08',NULL,NULL,NULL,'47d21938-0536-4427-8f5f-cc02e140ab9d'),
(361,360,NULL,170,14,'craft\\elements\\Entry',1,0,'2025-08-01 18:08:08','2025-08-01 18:08:08',NULL,NULL,NULL,'fae28537-8e36-4e69-a83a-8d0ddf218299'),
(362,NULL,NULL,NULL,14,'craft\\elements\\Entry',1,0,'2025-08-01 18:08:10','2025-08-01 18:08:17',NULL,NULL,NULL,'d0e07c9d-1540-47f6-9214-6072a6894154'),
(363,362,NULL,171,14,'craft\\elements\\Entry',1,0,'2025-08-01 18:08:17','2025-08-01 18:08:17',NULL,NULL,NULL,'695949a8-88ed-4210-8f64-4aa21bec75ad'),
(364,NULL,NULL,NULL,14,'craft\\elements\\Entry',1,0,'2025-08-01 18:08:21','2025-08-01 18:08:31',NULL,NULL,NULL,'d55b94a3-92b7-4e30-85db-817cc33f7281'),
(365,364,NULL,172,14,'craft\\elements\\Entry',1,0,'2025-08-01 18:08:31','2025-08-01 18:08:31',NULL,NULL,NULL,'9b0f4c33-4420-4c1a-a158-285c77d7ac98'),
(366,NULL,NULL,NULL,14,'craft\\elements\\Entry',1,0,'2025-08-01 18:08:41','2025-08-01 18:09:02',NULL,NULL,NULL,'1c397521-de13-43d2-8460-dbda17e5b9dc'),
(367,366,NULL,173,14,'craft\\elements\\Entry',1,0,'2025-08-01 18:09:02','2025-08-01 18:09:02',NULL,NULL,NULL,'3e8a2f04-8045-4812-af81-174a31a95925'),
(368,NULL,NULL,NULL,14,'craft\\elements\\Entry',1,0,'2025-08-01 18:09:02','2025-08-01 18:09:12',NULL,NULL,NULL,'8ee85d47-9148-40ec-bd5b-c84d73572f95'),
(369,368,NULL,174,14,'craft\\elements\\Entry',1,0,'2025-08-01 18:09:12','2025-08-01 18:09:12',NULL,NULL,NULL,'d99724a6-54f1-4049-b361-55adf27661e2'),
(370,NULL,NULL,NULL,14,'craft\\elements\\Entry',1,0,'2025-08-01 18:09:12','2025-08-01 18:09:33',NULL,NULL,NULL,'2ce7941c-d93f-403c-bfd6-49b638f4035a'),
(371,370,NULL,175,14,'craft\\elements\\Entry',1,0,'2025-08-01 18:09:33','2025-08-01 18:09:33',NULL,NULL,NULL,'c7581c6a-d0d7-4e1c-a436-ed6c88693ffd'),
(372,NULL,NULL,NULL,14,'craft\\elements\\Entry',1,0,'2025-08-01 18:09:33','2025-08-01 18:09:44',NULL,NULL,NULL,'18f99c19-28c4-4251-8b65-2eb57599534e'),
(373,372,NULL,176,14,'craft\\elements\\Entry',1,0,'2025-08-01 18:09:44','2025-08-01 18:09:44',NULL,NULL,NULL,'510e667e-1473-46b5-978c-c3d2101510f6'),
(374,NULL,NULL,NULL,14,'craft\\elements\\Entry',1,0,'2025-08-01 18:09:44','2025-08-01 18:10:00',NULL,NULL,NULL,'f9783239-388c-401a-8006-ab0e5f64e90c'),
(375,374,NULL,177,14,'craft\\elements\\Entry',1,0,'2025-08-01 18:10:00','2025-08-01 18:10:00',NULL,NULL,NULL,'cae79123-f9c7-4bf7-86e4-deb1ead10b4c'),
(376,NULL,NULL,NULL,14,'craft\\elements\\Entry',1,0,'2025-08-01 18:10:00','2025-08-01 18:10:07',NULL,NULL,NULL,'82798d00-f457-47dd-a197-136a8979cb07'),
(377,376,NULL,178,14,'craft\\elements\\Entry',1,0,'2025-08-01 18:10:07','2025-08-01 18:10:07',NULL,NULL,NULL,'539ea850-c01d-4267-a3ee-4238f88ce5cc'),
(378,NULL,NULL,NULL,14,'craft\\elements\\Entry',1,0,'2025-08-01 18:10:07','2025-08-01 18:10:18',NULL,NULL,NULL,'8e689347-9d85-4f7e-98a0-fedc85d7efd8'),
(379,378,NULL,179,14,'craft\\elements\\Entry',1,0,'2025-08-01 18:10:18','2025-08-01 18:10:18',NULL,NULL,NULL,'c04693d2-c401-4525-a351-aada42c7ef60'),
(380,NULL,NULL,NULL,14,'craft\\elements\\Entry',1,0,'2025-08-01 18:10:18','2025-08-01 18:10:31',NULL,NULL,NULL,'5f7daf9d-7dfe-4651-aabb-f38c89bbee1a'),
(381,380,NULL,180,14,'craft\\elements\\Entry',1,0,'2025-08-01 18:10:31','2025-08-01 18:10:31',NULL,NULL,NULL,'86babb64-34dc-45a1-863a-3200a52b8b2b'),
(382,NULL,NULL,NULL,14,'craft\\elements\\Entry',1,0,'2025-08-01 18:10:45','2025-08-01 18:10:53',NULL,NULL,NULL,'59cac7d1-17fd-4d38-bb0d-aeabbdf85711'),
(383,382,NULL,181,14,'craft\\elements\\Entry',1,0,'2025-08-01 18:10:53','2025-08-01 18:10:53',NULL,NULL,NULL,'99f0f1cb-7140-453a-97a3-2347159ad061'),
(384,NULL,NULL,NULL,14,'craft\\elements\\Entry',1,0,'2025-08-01 18:10:57','2025-08-01 18:11:04',NULL,NULL,NULL,'f25f3853-7910-43ae-8a40-77d2c8cb955a'),
(385,384,NULL,182,14,'craft\\elements\\Entry',1,0,'2025-08-01 18:11:04','2025-08-01 18:11:04',NULL,NULL,NULL,'2e6ec653-4724-40f0-9825-e0f16f6bfa46'),
(386,NULL,NULL,NULL,14,'craft\\elements\\Entry',1,0,'2025-08-01 18:11:07','2025-08-01 18:11:17',NULL,NULL,NULL,'368912c4-ff2f-4791-b5f7-c7ab02e9366d'),
(387,386,NULL,183,14,'craft\\elements\\Entry',1,0,'2025-08-01 18:11:17','2025-08-01 18:11:17',NULL,NULL,NULL,'c73507a9-d3c1-44e8-a1e5-6d417be2f20d'),
(388,NULL,NULL,NULL,14,'craft\\elements\\Entry',1,0,'2025-08-01 18:11:20','2025-08-01 18:11:31',NULL,NULL,NULL,'95c17a71-7dbc-4bb1-bd1b-f68eef362ae3'),
(389,388,NULL,184,14,'craft\\elements\\Entry',1,0,'2025-08-01 18:11:31','2025-08-01 18:11:31',NULL,NULL,NULL,'64da7682-e0dd-47fb-b824-18f245cc4a96'),
(390,NULL,NULL,NULL,14,'craft\\elements\\Entry',1,0,'2025-08-01 18:11:35','2025-08-01 18:11:48',NULL,NULL,NULL,'86133147-b29a-42ed-adea-703e49287bba'),
(391,390,NULL,185,14,'craft\\elements\\Entry',1,0,'2025-08-01 18:11:48','2025-08-01 18:11:48',NULL,NULL,NULL,'46f0d01f-8e54-45ad-82ce-574f2ca3b97b'),
(392,NULL,NULL,NULL,14,'craft\\elements\\Entry',1,0,'2025-08-01 18:11:48','2025-08-01 18:12:02',NULL,NULL,NULL,'a250b11d-668e-42db-a3ef-4c92bd5c2c11'),
(393,392,NULL,186,14,'craft\\elements\\Entry',1,0,'2025-08-01 18:12:02','2025-08-01 18:12:02',NULL,NULL,NULL,'c44b8aa0-829f-41d8-a2aa-564b5dca44b4'),
(394,NULL,NULL,NULL,14,'craft\\elements\\Entry',1,0,'2025-08-01 18:12:03','2025-08-01 18:12:14',NULL,NULL,NULL,'673dd0fa-da64-4850-b460-39601e040741'),
(395,394,NULL,187,14,'craft\\elements\\Entry',1,0,'2025-08-01 18:12:14','2025-08-01 18:12:14',NULL,NULL,NULL,'0a5a42ce-c4c8-4c85-bc6d-895c165cae4d'),
(396,NULL,NULL,NULL,14,'craft\\elements\\Entry',1,0,'2025-08-01 18:12:14','2025-08-01 18:12:26',NULL,NULL,NULL,'bdb1359d-c180-4611-8a95-2eb8b1f816e1'),
(397,396,NULL,188,14,'craft\\elements\\Entry',1,0,'2025-08-01 18:12:26','2025-08-01 18:12:26',NULL,NULL,NULL,'71b23c28-a5f2-4207-af9d-f5d212218964'),
(398,NULL,NULL,NULL,14,'craft\\elements\\Entry',1,0,'2025-08-01 18:12:26','2025-08-01 18:12:34',NULL,NULL,NULL,'0cb6c888-0464-4bbb-a350-e279e9d68b35'),
(399,398,NULL,189,14,'craft\\elements\\Entry',1,0,'2025-08-01 18:12:34','2025-08-01 18:12:34',NULL,NULL,NULL,'790a58f9-967e-4233-ba06-bf22f9465677'),
(400,NULL,NULL,NULL,14,'craft\\elements\\Entry',1,0,'2025-08-01 18:12:46','2025-08-01 18:12:57',NULL,NULL,NULL,'c6ca4057-3b10-40f6-a7b5-bbf90d2b25aa'),
(401,400,NULL,190,14,'craft\\elements\\Entry',1,0,'2025-08-01 18:12:57','2025-08-01 18:12:57',NULL,NULL,NULL,'473fe0de-7e10-487c-942b-04510711521b'),
(402,NULL,NULL,NULL,14,'craft\\elements\\Entry',1,0,'2025-08-01 18:12:57','2025-08-01 18:13:07',NULL,NULL,NULL,'331b5ad6-85d6-4a40-a7e1-cb2cff2685eb'),
(403,402,NULL,191,14,'craft\\elements\\Entry',1,0,'2025-08-01 18:13:07','2025-08-01 18:13:07',NULL,NULL,NULL,'7bfb3e73-2ffe-4080-843e-56ab6da363c4'),
(404,NULL,NULL,NULL,14,'craft\\elements\\Entry',1,0,'2025-08-01 18:13:07','2025-08-01 18:13:20',NULL,NULL,NULL,'3a19f3c2-7434-48ca-bb52-5ed62fb004e3'),
(405,404,NULL,192,14,'craft\\elements\\Entry',1,0,'2025-08-01 18:13:20','2025-08-01 18:13:20',NULL,NULL,NULL,'41e84075-2d04-47a9-bd20-a6c5f2d7f1a0'),
(406,NULL,NULL,NULL,14,'craft\\elements\\Entry',1,0,'2025-08-01 18:13:20','2025-08-01 18:13:33',NULL,NULL,NULL,'4af36b42-1b01-4cd8-a0aa-90e28d3caa06'),
(407,406,NULL,193,14,'craft\\elements\\Entry',1,0,'2025-08-01 18:13:33','2025-08-01 18:13:33',NULL,NULL,NULL,'82385c94-48ae-43fa-8fd6-629e2851bf81'),
(408,NULL,NULL,NULL,14,'craft\\elements\\Entry',1,0,'2025-08-01 18:13:33','2025-08-01 18:13:42',NULL,NULL,NULL,'6df397ab-c7a8-4ca9-afb2-998ca8e61820'),
(409,408,NULL,194,14,'craft\\elements\\Entry',1,0,'2025-08-01 18:13:42','2025-08-01 18:13:42',NULL,NULL,NULL,'62d62837-bd43-4e98-a743-3ac0d3dfccb3'),
(410,NULL,NULL,NULL,14,'craft\\elements\\Entry',1,0,'2025-08-01 18:13:42','2025-08-01 18:13:53',NULL,NULL,NULL,'adb995c3-6ef3-49fd-b8f8-de40b96021d3'),
(411,410,NULL,195,14,'craft\\elements\\Entry',1,0,'2025-08-01 18:13:53','2025-08-01 18:13:53',NULL,NULL,NULL,'16dbb9a1-3887-4648-97a1-e0ddda8ddec8'),
(412,NULL,NULL,NULL,14,'craft\\elements\\Entry',1,0,'2025-08-01 18:13:53','2025-08-01 18:14:03',NULL,NULL,NULL,'278fe834-90b2-40c5-9857-c4d166881f23'),
(413,412,NULL,196,14,'craft\\elements\\Entry',1,0,'2025-08-01 18:14:03','2025-08-01 18:14:03',NULL,NULL,NULL,'69ae175c-0c03-4018-83db-eff2a046c29f'),
(414,NULL,NULL,NULL,14,'craft\\elements\\Entry',1,0,'2025-08-01 18:14:03','2025-08-01 18:14:13',NULL,NULL,NULL,'780c5721-1030-4d98-969b-9deff3557653'),
(415,414,NULL,197,14,'craft\\elements\\Entry',1,0,'2025-08-01 18:14:13','2025-08-01 18:14:13',NULL,NULL,NULL,'7bc31cdf-c3c5-4335-b7bf-cc36f78001bf'),
(417,2,NULL,199,1,'craft\\elements\\Entry',1,0,'2025-08-20 17:40:11','2025-08-20 17:40:11',NULL,NULL,NULL,'4abf052e-0a92-4858-82eb-ed3ea47af22b'),
(419,2,NULL,200,1,'craft\\elements\\Entry',1,0,'2025-08-20 17:56:29','2025-08-20 17:56:29',NULL,NULL,NULL,'ef3e8337-3ad9-41a6-b491-0be65962e77b'),
(420,131,NULL,201,5,'craft\\elements\\Entry',1,0,'2025-08-20 17:52:26','2025-08-20 17:56:29',NULL,NULL,NULL,'16280068-4786-4702-b34c-09c22cfd6196'),
(421,132,NULL,202,5,'craft\\elements\\Entry',1,0,'2025-08-20 17:52:26','2025-08-20 17:56:29',NULL,NULL,NULL,'a06d4a0e-10ed-4645-92aa-853fc34d33bf'),
(422,44,NULL,203,2,'craft\\elements\\Entry',1,0,'2025-08-20 17:52:26','2025-08-20 17:56:29',NULL,NULL,NULL,'b4c7087a-daf3-47dc-97bb-5bd9bb9d5956'),
(423,45,NULL,204,2,'craft\\elements\\Entry',1,0,'2025-08-20 17:52:26','2025-08-20 17:56:29',NULL,'2025-08-20 21:24:25',NULL,'271d28b5-ffe8-4d57-ab4c-e2c0443e7fcf'),
(424,46,NULL,205,2,'craft\\elements\\Entry',1,0,'2025-08-20 17:52:26','2025-08-20 17:56:29',NULL,'2025-08-20 21:24:25',NULL,'c4268b7f-9f2a-4d57-bcf6-d5a943ad3fe7'),
(425,47,NULL,206,2,'craft\\elements\\Entry',1,0,'2025-08-20 17:52:26','2025-08-20 17:56:29',NULL,'2025-08-20 21:24:25',NULL,'58a765dc-447a-4b1d-af05-ea6cbc4dd537'),
(426,56,NULL,207,3,'craft\\elements\\Entry',1,0,'2025-08-20 17:52:26','2025-08-20 17:56:29',NULL,NULL,NULL,'705e6945-919e-4d42-8f84-1f06ae7dcf2b'),
(427,57,NULL,208,3,'craft\\elements\\Entry',1,0,'2025-08-20 17:52:26','2025-08-20 17:56:29',NULL,NULL,NULL,'5981aa88-a731-49d8-b05b-699a4b3bb570'),
(428,63,NULL,209,3,'craft\\elements\\Entry',1,0,'2025-08-20 17:52:26','2025-08-20 17:56:29',NULL,NULL,NULL,'ce588e48-eda2-47ae-99f8-aaad483027ee'),
(429,72,NULL,210,4,'craft\\elements\\Entry',1,0,'2025-08-20 17:52:26','2025-08-20 17:56:29',NULL,NULL,NULL,'6a3f966a-aa85-4161-a0b0-0433f1954e98'),
(430,73,NULL,211,4,'craft\\elements\\Entry',1,0,'2025-08-20 17:52:26','2025-08-20 17:56:29',NULL,NULL,NULL,'63487207-f775-4ab2-bb13-b1b3dfd36313'),
(431,74,NULL,212,4,'craft\\elements\\Entry',1,0,'2025-08-20 17:52:26','2025-08-20 17:56:29',NULL,NULL,NULL,'431fffd1-ee06-4838-a2bc-d7099d9afb7d'),
(432,75,NULL,213,4,'craft\\elements\\Entry',1,0,'2025-08-20 17:52:26','2025-08-20 17:56:29',NULL,NULL,NULL,'df0c6fd0-93a8-4dfe-b4ac-06f4ace2525c'),
(433,76,NULL,214,4,'craft\\elements\\Entry',1,0,'2025-08-20 17:52:26','2025-08-20 17:56:29',NULL,NULL,NULL,'4c13186c-43fc-4e46-b500-cce37bc371d5'),
(435,2,NULL,215,1,'craft\\elements\\Entry',1,0,'2025-08-20 18:04:55','2025-08-20 18:04:55',NULL,NULL,NULL,'beb859c5-4564-431b-a05c-919f12f7376b'),
(437,2,NULL,216,1,'craft\\elements\\Entry',1,0,'2025-08-20 18:05:00','2025-08-20 18:05:00',NULL,NULL,NULL,'8168ec6e-d8db-4251-94a2-7308b9c38ba6'),
(439,2,NULL,217,1,'craft\\elements\\Entry',1,0,'2025-08-20 18:13:04','2025-08-20 18:13:04',NULL,NULL,NULL,'7cc3478c-538f-42d2-885b-c1232d84d1a2'),
(445,NULL,NULL,NULL,2,'craft\\elements\\Entry',1,0,'2025-08-20 21:24:25','2025-09-11 18:18:55',NULL,NULL,NULL,'ae63e78a-7eeb-49e8-92cd-4ee9706e3f41'),
(446,2,NULL,218,1,'craft\\elements\\Entry',1,0,'2025-08-20 21:24:25','2025-08-20 21:24:25',NULL,NULL,NULL,'be2f1500-386c-47e0-be3b-5e3142bccc1a'),
(447,44,NULL,219,2,'craft\\elements\\Entry',1,0,'2025-08-20 21:24:25','2025-08-20 21:24:25',NULL,NULL,NULL,'addf1a57-809b-49a5-bc3f-7d39e8839d1c'),
(448,445,NULL,220,2,'craft\\elements\\Entry',1,0,'2025-08-20 21:24:25','2025-08-20 21:24:25',NULL,NULL,NULL,'f7473af2-b4ac-4b00-ac1b-88e91d4cf4dc'),
(450,2,NULL,221,1,'craft\\elements\\Entry',1,0,'2025-08-20 21:24:35','2025-08-20 21:24:35',NULL,NULL,NULL,'dfba0606-a61d-4691-9e93-4c70cb14bc01'),
(452,36,NULL,222,6,'craft\\elements\\Entry',1,0,'2025-08-20 21:57:06','2025-08-20 21:57:06',NULL,'2025-08-20 21:57:12',NULL,'6b7cd467-67b1-4146-8845-ab5d5f1a3dcc'),
(453,NULL,NULL,NULL,6,'craft\\elements\\Entry',1,0,'2025-08-20 21:57:13','2025-08-20 21:57:20',NULL,'2025-08-20 21:58:20',NULL,'92e5d931-915e-4bdc-ba87-caa0a66a765b'),
(454,453,NULL,223,6,'craft\\elements\\Entry',1,0,'2025-08-20 21:57:20','2025-08-20 21:57:20',NULL,NULL,NULL,'4a5509ff-de7f-42c9-8b46-96e3034eebc8'),
(455,NULL,NULL,NULL,6,'craft\\elements\\Entry',1,0,'2025-08-20 21:57:25','2025-08-20 21:57:32',NULL,'2025-08-20 21:58:20',NULL,'a74613e1-4bfb-44a5-88a1-590b8dd7fdaa'),
(456,455,NULL,224,6,'craft\\elements\\Entry',1,0,'2025-08-20 21:57:32','2025-08-20 21:57:32',NULL,NULL,NULL,'54f0ea99-df53-4b1c-ad97-316d341948ce'),
(457,NULL,NULL,NULL,6,'craft\\elements\\Entry',1,0,'2025-08-20 21:58:35','2025-08-20 21:58:42',NULL,NULL,NULL,'6afe8b39-15ff-42bb-b973-3f0fdc816be2'),
(458,457,NULL,225,6,'craft\\elements\\Entry',1,0,'2025-08-20 21:58:42','2025-08-20 21:58:42',NULL,NULL,NULL,'885e099b-06ad-4ca9-b798-1cc8eb8f0874'),
(459,NULL,NULL,NULL,6,'craft\\elements\\Entry',1,0,'2025-08-20 21:58:47','2025-08-20 21:58:54',NULL,NULL,NULL,'d2b03ab3-9f68-48c7-b08a-fa96143faa3a'),
(460,459,NULL,226,6,'craft\\elements\\Entry',1,0,'2025-08-20 21:58:54','2025-08-20 21:58:54',NULL,NULL,NULL,'4a02cd04-c703-4960-81f6-b02080e8cf60'),
(461,NULL,NULL,NULL,6,'craft\\elements\\Entry',1,0,'2025-08-20 21:59:02','2025-08-20 21:59:06',NULL,NULL,NULL,'f1b0b1b6-ae43-43c7-bce0-29bcc5cd3a17'),
(462,461,NULL,227,6,'craft\\elements\\Entry',1,0,'2025-08-20 21:59:06','2025-08-20 21:59:06',NULL,NULL,NULL,'f8ef6ca5-d997-41af-a600-4932f5cfbf34'),
(463,NULL,NULL,NULL,6,'craft\\elements\\Entry',1,0,'2025-08-20 21:59:10','2025-08-20 21:59:15',NULL,NULL,NULL,'aa400bc6-8fa9-476b-b82a-cd3ccfb1803a'),
(464,463,NULL,228,6,'craft\\elements\\Entry',1,0,'2025-08-20 21:59:15','2025-08-20 21:59:15',NULL,NULL,NULL,'6dfd32dc-d32f-448f-80f9-9f9c7eb16450'),
(465,NULL,NULL,NULL,6,'craft\\elements\\Entry',1,0,'2025-08-20 21:59:23','2025-08-20 21:59:33',NULL,NULL,NULL,'25b87173-d04e-40ab-bd45-abe288dd5941'),
(466,465,NULL,229,6,'craft\\elements\\Entry',1,0,'2025-08-20 21:59:33','2025-08-20 21:59:33',NULL,NULL,NULL,'bd10878c-d3f4-4a77-aac0-26a4ce94cd6f'),
(467,NULL,NULL,NULL,6,'craft\\elements\\Entry',1,0,'2025-08-20 21:59:39','2025-08-20 21:59:45',NULL,NULL,NULL,'6ff7afbb-4b9a-483f-9da6-218c3997ad6f'),
(468,467,NULL,230,6,'craft\\elements\\Entry',1,0,'2025-08-20 21:59:45','2025-08-20 21:59:45',NULL,NULL,NULL,'7a32a7f2-637a-4b64-8ae7-7cb144e935b2'),
(469,NULL,NULL,NULL,6,'craft\\elements\\Entry',1,0,'2025-08-20 21:59:56','2025-08-20 22:00:03',NULL,NULL,NULL,'cd4f4662-0b03-4087-9e8f-1b485f959b82'),
(470,469,NULL,231,6,'craft\\elements\\Entry',1,0,'2025-08-20 22:00:03','2025-08-20 22:00:03',NULL,NULL,NULL,'3131549f-c089-4f69-96e5-e59fde4a9009'),
(471,NULL,NULL,NULL,6,'craft\\elements\\Entry',1,0,'2025-08-20 22:00:03','2025-08-20 22:00:11',NULL,NULL,NULL,'f4ec289c-bde1-4c45-bfbb-5c1069a516e0'),
(472,471,NULL,232,6,'craft\\elements\\Entry',1,0,'2025-08-20 22:00:11','2025-08-20 22:00:11',NULL,NULL,NULL,'d12f9c87-584a-4bbf-be08-e02a6ca26147'),
(473,NULL,NULL,NULL,6,'craft\\elements\\Entry',1,0,'2025-08-20 22:00:11','2025-08-20 22:00:22',NULL,NULL,NULL,'e0971592-0abc-45c9-9817-fa746354d89b'),
(474,473,NULL,233,6,'craft\\elements\\Entry',1,0,'2025-08-20 22:00:22','2025-08-20 22:00:22',NULL,NULL,NULL,'ce04c12a-98d4-449f-8835-7c027df5d590'),
(475,NULL,NULL,NULL,6,'craft\\elements\\Entry',1,0,'2025-08-20 22:00:31','2025-08-20 22:00:38',NULL,NULL,NULL,'544f9c74-39e1-48a1-b848-5c91ce2903e3'),
(476,475,NULL,234,6,'craft\\elements\\Entry',1,0,'2025-08-20 22:00:38','2025-08-20 22:00:38',NULL,NULL,NULL,'7a1268bf-5a4e-4e66-95a8-801a89088c9f'),
(477,NULL,NULL,NULL,6,'craft\\elements\\Entry',1,0,'2025-08-20 22:00:42','2025-08-20 22:00:46',NULL,NULL,NULL,'aab1bf62-810e-4549-8f8d-319f5098e937'),
(478,477,NULL,235,6,'craft\\elements\\Entry',1,0,'2025-08-20 22:00:46','2025-08-20 22:00:46',NULL,NULL,NULL,'f83a6d0f-e336-4b20-94d9-f7a5bea8f26f'),
(479,NULL,NULL,NULL,6,'craft\\elements\\Entry',1,0,'2025-08-20 22:00:52','2025-08-20 22:00:59',NULL,NULL,NULL,'5824e18b-943c-49f4-aee0-26e9486372c4'),
(480,479,NULL,236,6,'craft\\elements\\Entry',1,0,'2025-08-20 22:00:59','2025-08-20 22:00:59',NULL,NULL,NULL,'6ac0ebba-f48a-49af-a6fc-eb49875f0a4c'),
(481,NULL,NULL,NULL,6,'craft\\elements\\Entry',1,0,'2025-08-20 22:01:02','2025-08-20 22:01:08',NULL,NULL,NULL,'53138f5c-15f3-46af-9c57-838c36ff6907'),
(482,481,NULL,237,6,'craft\\elements\\Entry',1,0,'2025-08-20 22:01:08','2025-08-20 22:01:08',NULL,NULL,NULL,'592f6284-128f-4372-8839-e24271e9a5e0'),
(483,NULL,NULL,NULL,6,'craft\\elements\\Entry',1,0,'2025-08-20 22:01:12','2025-08-20 22:01:17',NULL,NULL,NULL,'db4fc231-4ebe-49dd-9e62-ea62d3c23f72'),
(484,483,NULL,238,6,'craft\\elements\\Entry',1,0,'2025-08-20 22:01:17','2025-08-20 22:01:17',NULL,NULL,NULL,'485ae322-0a90-47c8-aa28-1a535baff5c5'),
(485,NULL,NULL,NULL,6,'craft\\elements\\Entry',1,0,'2025-08-20 22:01:22','2025-08-20 22:01:30',NULL,NULL,NULL,'019352c4-069d-42e8-8424-ac0de36a3ff3'),
(486,485,NULL,239,6,'craft\\elements\\Entry',1,0,'2025-08-20 22:01:30','2025-08-20 22:01:30',NULL,NULL,NULL,'5b15e794-120c-4028-a939-70a24320f03a'),
(487,NULL,NULL,NULL,6,'craft\\elements\\Entry',1,0,'2025-08-20 22:01:56','2025-08-20 22:02:03',NULL,NULL,NULL,'12909ae0-a512-4b87-a2de-762fc097ba48'),
(488,487,NULL,240,6,'craft\\elements\\Entry',1,0,'2025-08-20 22:02:03','2025-08-20 22:02:03',NULL,NULL,NULL,'8f2f40b7-c8dd-4269-9a64-5ebeb4c3c3fb'),
(489,NULL,NULL,NULL,6,'craft\\elements\\Entry',1,0,'2025-08-20 22:02:05','2025-08-20 22:02:13',NULL,NULL,NULL,'25f98012-5633-4829-b941-2757508affba'),
(490,489,NULL,241,6,'craft\\elements\\Entry',1,0,'2025-08-20 22:02:13','2025-08-20 22:02:13',NULL,NULL,NULL,'b7550ee6-d64a-4724-9914-4c567aa2ece7'),
(491,NULL,NULL,NULL,6,'craft\\elements\\Entry',1,0,'2025-08-20 22:02:13','2025-08-20 22:02:19',NULL,NULL,NULL,'50117c21-038a-42be-bf0c-d5732fc15be7'),
(492,491,NULL,242,6,'craft\\elements\\Entry',1,0,'2025-08-20 22:02:19','2025-08-20 22:02:19',NULL,NULL,NULL,'43c9b5a3-7c85-4352-a122-8a3f4c8a8616'),
(493,NULL,NULL,NULL,6,'craft\\elements\\Entry',1,0,'2025-08-20 22:02:23','2025-08-20 22:02:28',NULL,NULL,NULL,'c8d4490f-c38e-4c36-a37e-57c3a8a9b1a3'),
(494,493,NULL,243,6,'craft\\elements\\Entry',1,0,'2025-08-20 22:02:28','2025-08-20 22:02:28',NULL,NULL,NULL,'1861e046-fd59-41b8-beb6-8ec6c9a75cec'),
(495,NULL,NULL,NULL,6,'craft\\elements\\Entry',1,0,'2025-08-20 22:02:28','2025-08-20 22:02:34',NULL,NULL,NULL,'5e632a25-c3f5-48b7-b309-57ff17c2b80f'),
(496,495,NULL,244,6,'craft\\elements\\Entry',1,0,'2025-08-20 22:02:34','2025-08-20 22:02:34',NULL,NULL,NULL,'c838b1bb-69d2-47a9-a1c1-1a84fde8ca9a'),
(497,NULL,NULL,NULL,6,'craft\\elements\\Entry',1,0,'2025-08-20 22:02:53','2025-08-20 22:02:59',NULL,NULL,NULL,'68eb2786-c4db-4964-b947-56e3b1a85a38'),
(498,497,NULL,245,6,'craft\\elements\\Entry',1,0,'2025-08-20 22:02:59','2025-08-20 22:02:59',NULL,NULL,NULL,'01d3e7fa-cfdf-4d96-b03e-c0e321fbc668'),
(499,NULL,NULL,NULL,6,'craft\\elements\\Entry',1,0,'2025-08-20 22:12:20','2025-08-20 22:12:23',NULL,NULL,NULL,'0ce91c4a-ace5-4055-b123-443e291031f2'),
(500,499,NULL,246,6,'craft\\elements\\Entry',1,0,'2025-08-20 22:12:23','2025-08-20 22:12:23',NULL,NULL,NULL,'09985d3b-e9d4-4eed-9b6a-d07a77b69524'),
(501,NULL,NULL,NULL,6,'craft\\elements\\Entry',1,0,'2025-08-20 22:12:23','2025-08-20 22:12:28',NULL,NULL,NULL,'372887eb-9909-4edd-b5ea-459796d65105'),
(502,501,NULL,247,6,'craft\\elements\\Entry',1,0,'2025-08-20 22:12:28','2025-08-20 22:12:28',NULL,NULL,NULL,'fdcb9b26-a13b-44e2-b4b9-38c3e52e4436'),
(503,NULL,NULL,NULL,6,'craft\\elements\\Entry',1,0,'2025-08-20 22:12:32','2025-08-20 22:12:34',NULL,NULL,NULL,'07e6baca-fca0-4500-aabe-36a66b94ad5b'),
(504,503,NULL,248,6,'craft\\elements\\Entry',1,0,'2025-08-20 22:12:34','2025-08-20 22:12:34',NULL,NULL,NULL,'a1979fb9-d778-4efe-96bd-5742c169e4c0'),
(505,NULL,224,NULL,6,'craft\\elements\\Entry',1,0,'2025-08-20 22:12:34','2025-08-20 22:12:34',NULL,NULL,NULL,'d5b94a83-6ba3-4e1d-96e3-85cae8ddb0c1'),
(506,NULL,NULL,NULL,6,'craft\\elements\\Entry',1,0,'2025-08-20 22:12:49','2025-08-20 22:12:50',NULL,NULL,NULL,'5ebee889-c8d9-4b9f-8bf7-a62ae1a29956'),
(507,506,NULL,249,6,'craft\\elements\\Entry',1,0,'2025-08-20 22:12:50','2025-08-20 22:12:50',NULL,NULL,NULL,'ac17d91b-f5d0-4971-8b0b-cdc61f16d510'),
(508,NULL,NULL,NULL,6,'craft\\elements\\Entry',1,0,'2025-08-20 22:12:50','2025-08-20 22:12:54',NULL,NULL,NULL,'98ca941b-4d3d-4084-bc19-15ee6f02b9a0'),
(509,508,NULL,250,6,'craft\\elements\\Entry',1,0,'2025-08-20 22:12:54','2025-08-20 22:12:54',NULL,NULL,NULL,'c9960642-98ec-4f90-827f-3a044bb7c082'),
(510,NULL,NULL,NULL,6,'craft\\elements\\Entry',1,0,'2025-08-20 22:12:54','2025-08-20 22:12:57',NULL,NULL,NULL,'7b3bdf54-cae0-4032-b4f1-acc65e1beb0f'),
(511,510,NULL,251,6,'craft\\elements\\Entry',1,0,'2025-08-20 22:12:57','2025-08-20 22:12:57',NULL,NULL,NULL,'bcac39b9-622a-43cc-805f-8639537ff312'),
(512,NULL,NULL,NULL,6,'craft\\elements\\Entry',1,0,'2025-08-20 22:12:57','2025-08-20 22:13:01',NULL,NULL,NULL,'ec55fc9e-09c2-4e54-b4a8-df507090f928'),
(513,512,NULL,252,6,'craft\\elements\\Entry',1,0,'2025-08-20 22:13:01','2025-08-20 22:13:01',NULL,NULL,NULL,'529baec6-ff2b-4ba4-905c-a0f1428b7f6b'),
(514,NULL,NULL,NULL,6,'craft\\elements\\Entry',1,0,'2025-08-20 22:13:01','2025-08-20 22:13:04',NULL,NULL,NULL,'7d5b01fc-0c04-4065-ad4a-43f3c0ced039'),
(515,514,NULL,253,6,'craft\\elements\\Entry',1,0,'2025-08-20 22:13:04','2025-08-20 22:13:04',NULL,NULL,NULL,'bc91f4c4-eaba-4d4f-a70c-490b78486402'),
(516,NULL,NULL,NULL,6,'craft\\elements\\Entry',1,0,'2025-08-20 22:13:04','2025-08-20 22:13:07',NULL,NULL,NULL,'5fd7eefd-57e5-49b8-b751-0f0cc5db74bf'),
(517,516,NULL,254,6,'craft\\elements\\Entry',1,0,'2025-08-20 22:13:07','2025-08-20 22:13:07',NULL,NULL,NULL,'71b81f4e-a2f8-43a1-b9b0-2c7dfc7adcc4'),
(518,NULL,NULL,NULL,6,'craft\\elements\\Entry',1,0,'2025-08-20 22:13:07','2025-08-20 22:13:10',NULL,NULL,NULL,'73a2ffe4-2e14-4cfd-86de-d43278471aec'),
(519,518,NULL,255,6,'craft\\elements\\Entry',1,0,'2025-08-20 22:13:10','2025-08-20 22:13:10',NULL,NULL,NULL,'627cf149-b41f-40ef-86f3-6cb12a2e47cc'),
(520,NULL,NULL,NULL,6,'craft\\elements\\Entry',1,0,'2025-08-20 22:13:10','2025-08-20 22:13:13',NULL,NULL,NULL,'6518b18a-a543-41c0-9993-1ecebe38c0fb'),
(521,520,NULL,256,6,'craft\\elements\\Entry',1,0,'2025-08-20 22:13:13','2025-08-20 22:13:13',NULL,NULL,NULL,'ec864cfd-7930-42ab-8ce1-a3eb03c4cf77'),
(522,NULL,NULL,NULL,6,'craft\\elements\\Entry',1,0,'2025-08-20 22:13:13','2025-08-20 22:13:15',NULL,NULL,NULL,'a9d646b2-ab9b-4d0f-95a0-b1389cb6a587'),
(523,522,NULL,257,6,'craft\\elements\\Entry',1,0,'2025-08-20 22:13:15','2025-08-20 22:13:15',NULL,NULL,NULL,'31f7b586-090d-4d4a-a050-1d74b96a7f51'),
(524,NULL,NULL,NULL,6,'craft\\elements\\Entry',1,0,'2025-08-20 22:13:15','2025-08-20 22:13:18',NULL,NULL,NULL,'9bda47a5-c030-4f3a-8918-3f21140d5519'),
(525,524,NULL,258,6,'craft\\elements\\Entry',1,0,'2025-08-20 22:13:18','2025-08-20 22:13:18',NULL,NULL,NULL,'6f7a86a5-d734-4d6b-a8b6-747209a7ee0b'),
(528,2,NULL,259,1,'craft\\elements\\Entry',1,0,'2025-08-20 22:17:19','2025-08-20 22:17:19',NULL,NULL,NULL,'724c7301-4f38-4e31-96b3-5c8d0aec5cad'),
(530,NULL,NULL,NULL,6,'craft\\elements\\Entry',1,0,'2025-08-20 22:17:42','2025-08-20 22:17:46',NULL,NULL,NULL,'ee840fa4-636f-423a-9142-830b7c0e85d3'),
(531,530,NULL,260,6,'craft\\elements\\Entry',1,0,'2025-08-20 22:17:46','2025-08-20 22:17:46',NULL,NULL,NULL,'ad752b76-fe98-477b-8889-9948c9492c9b'),
(532,NULL,NULL,NULL,6,'craft\\elements\\Entry',1,0,'2025-08-20 22:17:53','2025-08-20 22:18:02',NULL,NULL,NULL,'3638cb68-2a5a-43d0-a9f7-64efac14abf3'),
(533,532,NULL,261,6,'craft\\elements\\Entry',1,0,'2025-08-20 22:18:02','2025-08-20 22:18:02',NULL,NULL,NULL,'3abc8fb7-bb91-4f65-8767-397b8e7fc8a2'),
(534,NULL,NULL,NULL,6,'craft\\elements\\Entry',1,0,'2025-08-20 22:18:14','2025-08-20 22:18:29',NULL,NULL,NULL,'ede61ecf-d245-424c-975b-73d620cf6db3'),
(535,534,NULL,262,6,'craft\\elements\\Entry',1,0,'2025-08-20 22:18:21','2025-08-20 22:18:21',NULL,NULL,NULL,'73f04776-257b-4186-a45b-53b68a59f537'),
(536,534,NULL,263,6,'craft\\elements\\Entry',1,0,'2025-08-20 22:18:29','2025-08-20 22:18:29',NULL,NULL,NULL,'759b074e-21ae-4792-bdc5-82829ff9e5e6'),
(537,2,NULL,264,1,'craft\\elements\\Entry',1,0,'2025-08-20 22:19:42','2025-08-20 22:19:43',NULL,NULL,NULL,'67425d12-43ec-4d4a-b54e-e9acb67887cd'),
(541,2,NULL,267,1,'craft\\elements\\Entry',1,0,'2025-08-20 22:23:31','2025-08-20 22:23:31',NULL,NULL,NULL,'1e1a8de3-e248-47ff-9bb7-06fe00dec961'),
(543,2,NULL,268,1,'craft\\elements\\Entry',1,0,'2025-08-20 22:23:42','2025-08-20 22:23:42',NULL,NULL,NULL,'b427d335-6201-4b48-acf8-452c68aa7216'),
(545,NULL,NULL,NULL,8,'craft\\elements\\Asset',1,0,'2025-09-02 20:43:21','2025-09-02 20:43:21',NULL,NULL,NULL,'b2b558ce-cd40-4d4c-a797-ca5bb55acd23'),
(546,2,NULL,269,1,'craft\\elements\\Entry',1,0,'2025-09-02 20:43:29','2025-09-02 20:43:30',NULL,NULL,NULL,'441c0b7d-1c0f-41db-a655-566fdbfb221f'),
(548,NULL,NULL,NULL,9,'craft\\elements\\Asset',1,0,'2025-09-02 21:15:29','2025-09-02 21:15:29',NULL,NULL,NULL,'229e6ff4-c6db-48ed-8904-f9db2161ad70'),
(549,2,NULL,270,1,'craft\\elements\\Entry',1,0,'2025-09-02 21:15:32','2025-09-02 21:15:32',NULL,NULL,NULL,'582b4cc3-7045-4b75-b773-da22c188c7a5'),
(553,2,NULL,272,1,'craft\\elements\\Entry',1,0,'2025-09-02 21:46:06','2025-09-02 21:46:06',NULL,NULL,NULL,'23125f1d-4f6b-4631-b698-3c6276b803b3'),
(554,NULL,NULL,NULL,16,'craft\\elements\\GlobalSet',1,0,'2025-09-02 21:50:29','2025-09-02 21:51:29',NULL,NULL,NULL,'ac2e66d3-984a-4e83-b29d-422f84e8c085'),
(555,NULL,NULL,NULL,11,'craft\\elements\\Entry',1,0,'2025-09-02 22:24:40','2025-09-02 22:24:46',NULL,NULL,NULL,'d84d167e-eaf4-4415-99d2-ab38cfaa1965'),
(556,555,NULL,273,11,'craft\\elements\\Entry',1,0,'2025-09-02 22:24:46','2025-09-02 22:24:46',NULL,NULL,NULL,'6a620e7e-d6e3-4a23-a5f8-6258867f4daa'),
(557,NULL,NULL,NULL,11,'craft\\elements\\Entry',1,0,'2025-09-02 22:24:46','2025-09-02 22:24:52',NULL,NULL,NULL,'1cee90b2-4187-4b57-a0bd-db245bf510a1'),
(558,557,NULL,274,11,'craft\\elements\\Entry',1,0,'2025-09-02 22:24:52','2025-09-02 22:24:52',NULL,NULL,NULL,'f836702a-f488-4fee-90ed-15f1cb5bb4a1'),
(559,NULL,NULL,NULL,11,'craft\\elements\\Entry',1,0,'2025-09-02 22:24:52','2025-09-02 22:24:59',NULL,NULL,NULL,'2abc4ce0-fc48-4a6c-9c02-573fdcccfd9e'),
(560,559,NULL,275,11,'craft\\elements\\Entry',1,0,'2025-09-02 22:24:59','2025-09-02 22:24:59',NULL,NULL,NULL,'0264ae86-3a96-46f7-837a-1ee4c05e4104'),
(561,NULL,NULL,NULL,11,'craft\\elements\\Entry',1,0,'2025-09-02 22:24:59','2025-09-02 22:25:02',NULL,NULL,NULL,'d6eb4e88-c542-461f-a878-846ece13c964'),
(562,561,NULL,276,11,'craft\\elements\\Entry',1,0,'2025-09-02 22:25:02','2025-09-02 22:25:02',NULL,NULL,NULL,'66eca11b-cd50-46c2-a268-d41bf867f57d'),
(563,NULL,NULL,NULL,11,'craft\\elements\\Entry',1,0,'2025-09-02 22:25:02','2025-09-02 22:25:06',NULL,NULL,NULL,'42130eab-77a7-44f1-83bb-7d6217866d87'),
(564,563,NULL,277,11,'craft\\elements\\Entry',1,0,'2025-09-02 22:25:06','2025-09-02 22:25:06',NULL,NULL,NULL,'b4b77612-2541-43d8-82d0-4fc70a534781'),
(566,2,NULL,278,1,'craft\\elements\\Entry',1,0,'2025-09-02 22:26:19','2025-09-02 22:26:19',NULL,NULL,NULL,'e66b361a-afdb-4938-bea9-dfbce02ac7c4'),
(568,2,NULL,279,1,'craft\\elements\\Entry',1,0,'2025-09-02 22:26:44','2025-09-02 22:26:44',NULL,NULL,NULL,'406473a9-3124-4715-a7fc-69bffdb23581'),
(570,2,NULL,280,1,'craft\\elements\\Entry',1,0,'2025-09-02 22:27:53','2025-09-02 22:27:53',NULL,NULL,NULL,'ac6de050-ca9d-41d0-a8c4-8ed04545d9fb'),
(575,2,NULL,281,1,'craft\\elements\\Entry',1,0,'2025-09-02 22:28:18','2025-09-02 22:28:18',NULL,NULL,NULL,'87ee2d89-619f-4253-a750-b3b0c959bd62'),
(577,2,NULL,282,1,'craft\\elements\\Entry',1,0,'2025-09-03 01:11:03','2025-09-03 01:11:03',NULL,NULL,NULL,'b880b4ad-fb48-40e0-b69a-57063decd1a9'),
(581,2,NULL,284,1,'craft\\elements\\Entry',1,0,'2025-09-03 19:59:09','2025-09-03 19:59:09',NULL,NULL,NULL,'15378359-c704-42d1-b7a5-3617822ce0e5'),
(586,2,NULL,285,1,'craft\\elements\\Entry',1,0,'2025-09-03 21:05:58','2025-09-03 21:05:58',NULL,NULL,NULL,'75f819fc-b8d4-43c7-9b21-d330c09b78ab'),
(587,56,NULL,286,3,'craft\\elements\\Entry',1,0,'2025-09-03 21:05:58','2025-09-03 21:05:58',NULL,NULL,NULL,'00567ab8-f390-4a29-87ef-1d98b34e4d5e'),
(588,57,NULL,287,3,'craft\\elements\\Entry',1,0,'2025-09-03 21:05:58','2025-09-03 21:05:58',NULL,NULL,NULL,'a1ef1575-747a-40ff-ab52-7d93e4303e22'),
(589,63,NULL,288,3,'craft\\elements\\Entry',1,0,'2025-09-03 21:05:58','2025-09-03 21:05:58',NULL,NULL,NULL,'16fd532f-395f-4c22-999d-c5cb59a60542'),
(592,2,NULL,289,1,'craft\\elements\\Entry',1,0,'2025-09-03 21:06:15','2025-09-03 21:06:15',NULL,NULL,NULL,'bffaeda7-0048-432d-9e5e-517fc27be3db'),
(593,63,NULL,290,3,'craft\\elements\\Entry',1,0,'2025-09-03 21:06:15','2025-09-03 21:06:15',NULL,NULL,NULL,'f64dc4e0-f21a-4b12-8a56-b8b8a1b1ba5d'),
(596,2,NULL,291,1,'craft\\elements\\Entry',1,0,'2025-09-03 21:08:08','2025-09-03 21:08:08',NULL,NULL,NULL,'bf84cc3e-fe8b-4026-afb0-f4e9a6d000f0'),
(597,63,NULL,292,3,'craft\\elements\\Entry',1,0,'2025-09-03 21:08:08','2025-09-03 21:08:08',NULL,NULL,NULL,'83cf04aa-cff0-4968-8a54-92870b171901'),
(599,2,NULL,293,1,'craft\\elements\\Entry',1,0,'2025-09-03 21:21:53','2025-09-03 21:21:53',NULL,NULL,NULL,'6b31251e-1ce2-445a-a160-3adf5e41b5a4'),
(601,NULL,NULL,NULL,5,'craft\\elements\\Entry',1,0,'2025-09-03 21:48:04','2025-09-03 22:13:41',NULL,NULL,NULL,'9a0f8b68-a562-4873-b0ed-8507a6b25f6a'),
(602,601,NULL,294,5,'craft\\elements\\Entry',1,0,'2025-09-03 21:48:33','2025-09-03 21:48:33',NULL,NULL,NULL,'5493f4d8-9cd9-489a-9503-1616b9080fd0'),
(603,NULL,NULL,NULL,5,'craft\\elements\\Entry',1,0,'2025-09-03 21:48:33','2025-09-03 21:58:36',NULL,'2025-09-03 21:58:36',NULL,'836fd052-4d0c-4245-8774-acddb158100b'),
(604,603,NULL,295,5,'craft\\elements\\Entry',1,0,'2025-09-03 21:48:45','2025-09-03 21:48:45',NULL,'2025-09-03 21:58:36',NULL,'8f5c13ca-7ca3-4c0c-b9cc-a6efdebd5579'),
(605,NULL,NULL,NULL,5,'craft\\elements\\Entry',1,0,'2025-09-03 21:48:47','2025-09-03 21:58:30',NULL,NULL,NULL,'81303c7f-793e-4e55-bfa7-c02492f7c347'),
(606,605,NULL,296,5,'craft\\elements\\Entry',1,0,'2025-09-03 21:48:52','2025-09-03 21:48:52',NULL,NULL,NULL,'7f0e29a6-41f3-45fd-925d-fd9e234a832a'),
(607,605,NULL,297,5,'craft\\elements\\Entry',1,0,'2025-09-03 21:49:15','2025-09-03 21:49:15',NULL,NULL,NULL,'da47c1b6-8b38-4b88-808b-a3c12590b010'),
(608,601,NULL,298,5,'craft\\elements\\Entry',1,0,'2025-09-03 21:49:20','2025-09-03 21:49:20',NULL,NULL,NULL,'6b9349c5-491f-4b98-9c0c-558baa78c3dd'),
(609,601,NULL,299,5,'craft\\elements\\Entry',1,0,'2025-09-03 21:49:25','2025-09-03 21:49:26',NULL,NULL,NULL,'7d47a22a-2b18-45e2-a9be-172f304f50b1'),
(610,601,NULL,300,5,'craft\\elements\\Entry',1,0,'2025-09-03 21:52:33','2025-09-03 21:52:33',NULL,NULL,NULL,'187fd43b-d044-4624-afc8-234a7d9a5532'),
(612,NULL,NULL,NULL,17,'craft\\elements\\Asset',1,0,'2025-09-03 21:56:34','2025-09-03 21:56:34',NULL,NULL,NULL,'b6a9c079-dc19-4954-b3f6-6ac89a38efea'),
(613,NULL,NULL,NULL,17,'craft\\elements\\Asset',1,0,'2025-09-03 21:56:34','2025-09-03 21:56:34',NULL,NULL,NULL,'201462f8-ba2a-4661-84ed-78215a573b9d'),
(614,NULL,NULL,NULL,17,'craft\\elements\\Asset',1,0,'2025-09-03 21:56:35','2025-09-03 21:56:35',NULL,NULL,NULL,'1c2571b2-105d-4981-882f-33972a3fa4f6'),
(616,601,NULL,301,5,'craft\\elements\\Entry',1,0,'2025-09-03 21:56:43','2025-09-03 21:56:43',NULL,NULL,NULL,'271d147f-fb1b-4556-92ef-f203c3166ec0'),
(617,NULL,NULL,NULL,5,'craft\\elements\\Entry',1,0,'2025-09-03 21:56:43','2025-09-03 21:57:10',NULL,NULL,NULL,'17aedcab-15f5-449a-a2ee-a3f262aa4476'),
(618,617,NULL,302,5,'craft\\elements\\Entry',1,0,'2025-09-03 21:56:47','2025-09-03 21:56:47',NULL,NULL,NULL,'87697077-a17f-4c23-aae4-1a85ccbe1848'),
(619,617,NULL,303,5,'craft\\elements\\Entry',1,0,'2025-09-03 21:56:57','2025-09-03 21:56:57',NULL,NULL,NULL,'7cdd5ba4-6db4-41b5-9831-12e4bdbcac37'),
(621,617,NULL,304,5,'craft\\elements\\Entry',1,0,'2025-09-03 21:57:10','2025-09-03 21:57:10',NULL,NULL,NULL,'13fcae8c-1e31-42a7-8a3a-cb30b2361924'),
(623,605,NULL,305,5,'craft\\elements\\Entry',1,0,'2025-09-03 21:58:30','2025-09-03 21:58:30',NULL,NULL,NULL,'396501be-a3ae-4f36-9f6a-93100cf965c8'),
(624,NULL,280,NULL,5,'craft\\elements\\Entry',1,0,'2025-09-03 21:58:41','2025-09-03 21:58:41',NULL,NULL,NULL,'d1a40978-5caf-4aae-a94d-4f2bc707514c'),
(625,2,NULL,306,1,'craft\\elements\\Entry',1,0,'2025-09-03 21:59:11','2025-09-03 21:59:11',NULL,NULL,NULL,'b5ebfcfa-bdca-43d6-be70-54ef931f1886'),
(627,2,NULL,307,1,'craft\\elements\\Entry',1,0,'2025-09-03 22:00:27','2025-09-03 22:00:27',NULL,NULL,NULL,'4f1169ce-377f-4715-9313-747ce51ebf82'),
(629,601,NULL,308,5,'craft\\elements\\Entry',1,0,'2025-09-03 22:13:41','2025-09-03 22:13:41',NULL,NULL,NULL,'f99e598e-5b3f-408e-a17b-84356450ed28'),
(630,2,NULL,309,1,'craft\\elements\\Entry',1,0,'2025-09-03 22:13:43','2025-09-03 22:13:43',NULL,NULL,NULL,'ee2306c4-1096-43a3-a639-4da1cc2cdd16'),
(632,NULL,NULL,NULL,10,'craft\\elements\\Asset',1,0,'2025-09-03 22:27:11','2025-09-03 22:27:11',NULL,NULL,NULL,'091c844c-50d7-4e50-bafa-a6bf56239538'),
(634,NULL,NULL,NULL,10,'craft\\elements\\Asset',1,0,'2025-09-03 22:27:23','2025-09-03 22:27:23',NULL,NULL,NULL,'a5ef07ab-c50e-4220-a35a-0951d700536e'),
(636,2,NULL,310,1,'craft\\elements\\Entry',1,0,'2025-09-03 22:27:29','2025-09-03 22:27:30',NULL,NULL,NULL,'927bb0f8-4b17-4c65-8d99-1f778f903322'),
(637,44,NULL,311,2,'craft\\elements\\Entry',1,0,'2025-09-03 22:27:30','2025-09-03 22:27:30',NULL,NULL,NULL,'0fceaddd-72a5-45fd-84d0-23dab07d78bb'),
(638,445,NULL,312,2,'craft\\elements\\Entry',1,0,'2025-09-03 22:27:30','2025-09-03 22:27:30',NULL,NULL,NULL,'d1d14c83-6091-4c8f-a603-acc72dd8de77'),
(640,2,NULL,313,1,'craft\\elements\\Entry',1,0,'2025-09-03 22:28:47','2025-09-03 22:28:47',NULL,NULL,NULL,'7ab34e60-a78f-445e-8ea3-e5b9c1dee16e'),
(643,294,NULL,314,12,'craft\\elements\\Entry',1,0,'2025-09-05 20:01:00','2025-09-05 20:01:00',NULL,NULL,NULL,'7eafbe4f-c358-4e15-881c-a9746014b665'),
(645,294,NULL,315,12,'craft\\elements\\Entry',1,0,'2025-09-05 20:01:26','2025-09-05 20:01:26',NULL,NULL,NULL,'6047d60c-06f7-41db-a671-e6e8a8bb216d'),
(646,294,NULL,316,12,'craft\\elements\\Entry',1,0,'2025-09-05 20:01:55','2025-09-05 20:01:55',NULL,NULL,NULL,'be7fa520-3857-4afe-84d0-cdae09d42dce'),
(647,2,NULL,317,1,'craft\\elements\\Entry',1,0,'2025-09-11 17:30:28','2025-09-11 17:30:28',NULL,NULL,NULL,'1fce243f-20e5-4f45-8c7b-053b878a1e6b'),
(648,2,NULL,318,1,'craft\\elements\\Entry',1,0,'2025-09-11 18:16:32','2025-09-11 18:16:32',NULL,NULL,NULL,'5b2c04e8-b905-4f6e-88ee-898ee7839269'),
(649,56,NULL,319,3,'craft\\elements\\Entry',1,0,'2025-09-11 18:16:32','2025-09-11 18:16:32',NULL,NULL,NULL,'905845c7-66b1-4db1-b559-6bb13b4b2de9'),
(650,57,NULL,320,3,'craft\\elements\\Entry',1,0,'2025-09-11 18:16:32','2025-09-11 18:16:32',NULL,NULL,NULL,'bbd10392-6dde-4d9e-aeee-ef45959ee705'),
(651,63,NULL,321,3,'craft\\elements\\Entry',1,0,'2025-09-11 18:16:32','2025-09-11 18:16:32',NULL,NULL,NULL,'588cd696-05da-4324-8587-dbecd42c1b68'),
(652,44,NULL,322,2,'craft\\elements\\Entry',1,0,'2025-09-11 18:16:32','2025-09-11 18:16:32',NULL,NULL,NULL,'592458e2-0949-4bca-a262-241135ba53d1'),
(653,445,NULL,323,2,'craft\\elements\\Entry',1,0,'2025-09-11 18:16:32','2025-09-11 18:16:32',NULL,NULL,NULL,'8a8c63d2-f9b9-4bd0-99ae-6afa17215b68'),
(834,2,NULL,414,1,'craft\\elements\\Entry',1,0,'2025-09-11 18:16:35','2025-09-11 18:16:35',NULL,NULL,NULL,'82fd5379-edc8-473e-8eae-0a4c38627028'),
(835,56,NULL,415,3,'craft\\elements\\Entry',1,0,'2025-09-11 18:16:35','2025-09-11 18:16:35',NULL,NULL,NULL,'3d2e1b65-21e5-4b61-b39d-7af3c6514782'),
(836,57,NULL,416,3,'craft\\elements\\Entry',1,0,'2025-09-11 18:16:35','2025-09-11 18:16:35',NULL,NULL,NULL,'7201ab16-8f87-4eb4-863f-9741b570da54'),
(837,63,NULL,417,3,'craft\\elements\\Entry',1,0,'2025-09-11 18:16:35','2025-09-11 18:16:35',NULL,NULL,NULL,'faffecea-e5ff-4d44-9c15-2e6482072e68'),
(838,44,NULL,418,2,'craft\\elements\\Entry',1,0,'2025-09-11 18:16:35','2025-09-11 18:16:35',NULL,NULL,NULL,'00d844b9-3946-4447-8a9f-ea6423199e05'),
(839,445,NULL,419,2,'craft\\elements\\Entry',1,0,'2025-09-11 18:16:35','2025-09-11 18:16:35',NULL,NULL,NULL,'913a6407-8c18-4354-bce7-684f37a61b0a'),
(932,2,NULL,511,1,'craft\\elements\\Entry',1,0,'2025-09-11 18:17:21','2025-09-11 18:17:21',NULL,NULL,NULL,'2d1fd9af-d8bc-4fdb-826e-d8170fef5752'),
(936,2,294,NULL,1,'craft\\elements\\Entry',1,0,'2025-09-11 18:39:16','2025-09-11 18:43:48',NULL,NULL,NULL,'23d9e915-4f79-4ca6-b0a6-68750edbba3a');
commit;
set autocommit=0;
commit;

--
-- Dumping data for table `elements_owners`
--

set autocommit=0;
INSERT INTO `elements_owners` VALUES
(8,2,1),
(8,936,1),
(16,64,1),
(16,77,1),
(16,84,1),
(16,85,1),
(16,88,1),
(16,102,1),
(16,110,1),
(16,125,1),
(16,127,1),
(16,133,1),
(16,140,1),
(44,2,1),
(44,936,1),
(45,2,2),
(45,936,2),
(46,2,3),
(46,936,3),
(47,2,4),
(47,936,4),
(49,64,1),
(49,77,1),
(49,84,1),
(49,85,1),
(49,88,1),
(49,102,1),
(49,110,1),
(49,125,1),
(49,127,1),
(49,133,1),
(49,140,1),
(49,223,1),
(49,229,1),
(49,231,1),
(49,234,1),
(49,264,1),
(49,319,1),
(49,417,1),
(56,2,1),
(56,936,1),
(57,2,2),
(57,936,2),
(59,64,1),
(59,77,1),
(59,84,1),
(59,85,1),
(59,88,1),
(59,102,1),
(59,110,1),
(59,125,1),
(59,127,1),
(59,133,1),
(59,140,1),
(59,223,1),
(59,229,1),
(59,231,1),
(59,234,1),
(59,264,1),
(59,319,1),
(59,417,1),
(60,64,2),
(60,77,2),
(60,84,2),
(60,85,2),
(60,88,2),
(60,102,2),
(60,110,2),
(60,125,2),
(60,127,2),
(60,133,2),
(60,140,2),
(60,223,2),
(60,229,2),
(60,231,2),
(60,234,2),
(60,264,2),
(60,319,2),
(60,417,2),
(63,2,3),
(63,936,3),
(65,64,3),
(65,77,3),
(65,84,3),
(65,85,3),
(65,88,3),
(65,102,3),
(65,110,3),
(65,125,3),
(65,127,3),
(65,133,3),
(65,140,3),
(65,223,3),
(65,229,3),
(65,231,3),
(65,234,3),
(65,264,3),
(65,319,3),
(65,417,3),
(72,2,1),
(72,936,1),
(73,2,2),
(73,936,2),
(74,2,3),
(74,936,3),
(75,2,4),
(75,936,4),
(76,2,5),
(76,936,5),
(78,77,1),
(78,84,1),
(78,85,1),
(78,88,1),
(78,102,1),
(78,110,1),
(78,125,1),
(78,127,1),
(78,133,1),
(78,140,1),
(78,223,1),
(78,229,1),
(78,231,1),
(78,234,1),
(78,264,1),
(78,319,1),
(78,417,1),
(79,77,2),
(79,84,2),
(79,85,2),
(79,88,2),
(79,102,2),
(79,110,2),
(79,125,2),
(79,127,2),
(79,133,2),
(79,140,2),
(79,223,2),
(79,229,2),
(79,231,2),
(79,234,2),
(79,264,2),
(79,319,2),
(79,417,2),
(80,77,3),
(80,84,3),
(80,85,3),
(80,88,3),
(80,102,3),
(80,110,3),
(80,125,3),
(80,127,3),
(80,133,3),
(80,140,3),
(80,223,3),
(80,229,3),
(80,231,3),
(80,234,3),
(80,264,3),
(80,319,3),
(80,417,3),
(81,77,4),
(81,84,4),
(81,85,4),
(81,88,4),
(81,102,4),
(81,110,4),
(81,125,4),
(81,127,4),
(81,133,4),
(81,140,4),
(81,223,4),
(81,229,4),
(81,231,4),
(81,234,4),
(81,264,4),
(81,319,4),
(81,417,4),
(82,77,5),
(82,84,5),
(82,85,5),
(82,88,5),
(82,102,5),
(82,110,5),
(82,125,5),
(82,127,5),
(82,133,5),
(82,140,5),
(82,223,5),
(82,229,5),
(82,231,5),
(82,234,5),
(82,264,5),
(82,319,5),
(82,417,5),
(96,2,1),
(96,936,1),
(97,2,2),
(97,936,2),
(98,2,3),
(98,936,3),
(99,2,4),
(99,936,4),
(100,2,5),
(100,936,5),
(101,2,6),
(101,936,6),
(103,102,1),
(104,102,2),
(105,102,3),
(106,102,4),
(107,102,5),
(108,102,6),
(131,2,1),
(131,936,1),
(132,2,2),
(132,936,2),
(134,133,1),
(134,140,1),
(134,223,1),
(134,229,1),
(134,231,1),
(134,234,1),
(134,264,1),
(134,319,1),
(134,417,1),
(135,133,2),
(135,140,2),
(135,223,2),
(135,229,2),
(135,231,2),
(135,234,2),
(135,264,2),
(135,319,2),
(135,417,2),
(420,419,1),
(420,435,1),
(420,437,1),
(420,439,1),
(420,446,1),
(420,450,1),
(420,528,1),
(420,537,1),
(420,541,1),
(420,543,1),
(420,546,1),
(420,549,1),
(420,553,1),
(420,566,1),
(420,568,1),
(420,570,1),
(420,575,1),
(420,577,1),
(420,581,1),
(420,586,1),
(420,592,1),
(420,596,1),
(420,599,1),
(421,419,2),
(421,435,2),
(421,437,2),
(421,439,2),
(421,446,2),
(421,450,2),
(421,528,2),
(421,537,2),
(421,541,2),
(421,543,2),
(421,546,2),
(421,549,2),
(421,553,2),
(421,566,2),
(421,568,2),
(421,570,2),
(421,575,2),
(421,577,2),
(421,581,2),
(421,586,2),
(421,592,2),
(421,596,2),
(421,599,2),
(422,419,1),
(422,435,1),
(422,437,1),
(422,439,1),
(423,419,2),
(423,435,2),
(423,437,2),
(423,439,2),
(424,419,3),
(424,435,3),
(424,437,3),
(424,439,3),
(425,419,4),
(425,435,4),
(425,437,4),
(425,439,4),
(426,419,1),
(426,435,1),
(426,437,1),
(426,439,1),
(426,446,1),
(426,450,1),
(426,528,1),
(426,537,1),
(426,541,1),
(426,543,1),
(426,546,1),
(426,549,1),
(426,553,1),
(426,566,1),
(426,568,1),
(426,570,1),
(426,575,1),
(426,577,1),
(426,581,1),
(427,419,2),
(427,435,2),
(427,437,2),
(427,439,2),
(427,446,2),
(427,450,2),
(427,528,2),
(427,537,2),
(427,541,2),
(427,543,2),
(427,546,2),
(427,549,2),
(427,553,2),
(427,566,2),
(427,568,2),
(427,570,2),
(427,575,2),
(427,577,2),
(427,581,2),
(428,419,3),
(428,435,3),
(428,437,3),
(428,439,3),
(428,446,3),
(428,450,3),
(428,528,3),
(428,537,3),
(428,541,3),
(428,543,3),
(428,546,3),
(428,549,3),
(428,553,3),
(428,566,3),
(428,568,3),
(428,570,3),
(428,575,3),
(428,577,3),
(428,581,3),
(429,419,1),
(429,435,1),
(429,437,1),
(429,439,1),
(429,446,1),
(429,450,1),
(429,528,1),
(429,537,1),
(429,541,1),
(429,543,1),
(429,546,1),
(429,549,1),
(429,553,1),
(429,566,1),
(429,568,1),
(429,570,1),
(429,575,1),
(429,577,1),
(429,581,1),
(430,419,2),
(430,435,2),
(430,437,2),
(430,439,2),
(430,446,2),
(430,450,2),
(430,528,2),
(430,537,2),
(430,541,2),
(430,543,2),
(430,546,2),
(430,549,2),
(430,553,2),
(430,566,2),
(430,568,2),
(430,570,2),
(430,575,2),
(430,577,2),
(430,581,2),
(431,419,3),
(431,435,3),
(431,437,3),
(431,439,3),
(431,446,3),
(431,450,3),
(431,528,3),
(431,537,3),
(431,541,3),
(431,543,3),
(431,546,3),
(431,549,3),
(431,553,3),
(431,566,3),
(431,568,3),
(431,570,3),
(431,575,3),
(431,577,3),
(431,581,3),
(432,419,4),
(432,435,4),
(432,437,4),
(432,439,4),
(432,446,4),
(432,450,4),
(432,528,4),
(432,537,4),
(432,541,4),
(432,543,4),
(432,546,4),
(432,549,4),
(432,553,4),
(432,566,4),
(432,568,4),
(432,570,4),
(432,575,4),
(432,577,4),
(432,581,4),
(433,419,5),
(433,435,5),
(433,437,5),
(433,439,5),
(433,446,5),
(433,450,5),
(433,528,5),
(433,537,5),
(433,541,5),
(433,543,5),
(433,546,5),
(433,549,5),
(433,553,5),
(433,566,5),
(433,568,5),
(433,570,5),
(433,575,5),
(433,577,5),
(433,581,5),
(445,2,1),
(445,936,1),
(447,446,1),
(447,450,1),
(447,528,1),
(447,537,1),
(447,541,1),
(447,543,1),
(447,546,1),
(447,549,1),
(447,553,1),
(447,566,1),
(447,568,1),
(447,570,1),
(447,575,1),
(447,577,1),
(447,581,1),
(447,586,1),
(447,592,1),
(447,596,1),
(447,599,1),
(447,625,1),
(447,627,1),
(447,630,1),
(448,446,1),
(448,450,1),
(448,528,1),
(448,537,1),
(448,541,1),
(448,543,1),
(448,546,1),
(448,549,1),
(448,553,1),
(448,566,1),
(448,568,1),
(448,570,1),
(448,575,1),
(448,577,1),
(448,581,1),
(448,586,1),
(448,592,1),
(448,596,1),
(448,599,1),
(448,625,1),
(448,627,1),
(448,630,1),
(587,586,1),
(587,592,1),
(587,596,1),
(587,599,1),
(587,625,1),
(587,627,1),
(587,630,1),
(587,636,1),
(587,640,1),
(587,647,1),
(588,586,2),
(588,592,2),
(588,596,2),
(588,599,2),
(588,625,2),
(588,627,2),
(588,630,2),
(588,636,2),
(588,640,2),
(588,647,2),
(589,586,3),
(593,592,3),
(597,596,3),
(597,599,3),
(597,625,3),
(597,627,3),
(597,630,3),
(597,636,3),
(597,640,3),
(597,647,3),
(637,636,1),
(637,640,1),
(637,647,1),
(638,636,1),
(638,640,1),
(638,647,1),
(649,648,1),
(650,648,2),
(651,648,3),
(652,648,1),
(653,648,1),
(835,834,1),
(835,932,1),
(836,834,2),
(836,932,2),
(837,834,3),
(837,932,3),
(838,834,1),
(838,932,1),
(839,834,1),
(839,932,1);
commit;

--
-- Dumping data for table `elements_sites`
--

set autocommit=0;
INSERT INTO `elements_sites` VALUES
(1,1,1,NULL,NULL,NULL,NULL,1,'2025-04-18 16:59:46','2025-04-18 16:59:46','c07ab660-8f99-458f-87e2-994099c418d5'),
(2,2,1,'Arbors','ccarbors','ccarbors','{\"075f1904-e0fc-49c8-9cfb-6990ae779dec\":\"Complete Care at Arbors\",\"7a0d2797-bfc8-4d68-b107-61c1dd081ea0\":\"Arbors\",\"3b262689-7127-4814-bab5-a1972e0869d4\":\"ccarbors.com\",\"19b0086c-bc10-46cc-9f45-ffc5746e8681\":\"ltc\",\"403d1895-f32e-4164-8084-b11fdea310cb\":{\"value\":\"https://www.facebook.com/Complete-Care-at-Arbors-116083393100113/\",\"type\":\"url\"},\"8e701860-42c4-437f-a61c-a48f2ecf1b99\":{\"value\":\"https://www.linkedin.com/company/94146224/\",\"type\":\"url\"},\"10d5be16-947c-4646-b2d0-3619f2760ace\":[545],\"482ad396-5443-4761-a410-c644d0217e5a\":[601,617,605],\"cced3c80-6988-403a-9b5a-14455350e923\":[\"postAcuteCare\",\"longTermCare\"],\"0be5b641-0a34-4d93-8816-9a4b1ad24ffd\":[\"bariatricCare\",\"infectiousDiseaseCare\",\"neuroStrokeCare\",\"pulmonaryCare\"],\"f352e58c-d152-4a45-9615-d0526b009523\":[534,530,532],\"a8f7b1eb-08e8-44fa-9777-c9a0daa85c5f\":[548],\"559340ef-728e-4935-84cc-443bd407f901\":[111,555,557,559,561,563],\"9a83aaf9-b86b-4272-88b0-1a3cd8eec119\":[545,137,138,136],\"92b514e7-6c85-40f3-9885-4ed4138887ea\":[548],\"688e0d64-8999-47be-a427-f9e9c6e1789e\":[548],\"0d6389a7-9cd0-496d-96dd-72ebf02f7bbb\":{\"number\":\"(732) 914-0090\",\"region\":\"US\"},\"31a45631-ecd4-4327-aca7-18b9d213bb16\":\"info@ccarbors.com\"}',1,'2025-04-18 17:15:09','2025-09-11 18:18:55','e04f89f6-42a8-4658-b5fe-f4da794eda56'),
(8,8,1,'Complete Care at Arbors','__temp_oafegazovtrfydqmmqaxsfbghndwkdltlqnq',NULL,NULL,1,'2025-04-18 17:32:44','2025-04-18 17:32:44','fcb60278-fad3-409c-927c-9d65720b2d2e'),
(10,10,1,'Complete Care at Arbors','__temp_oafegazovtrfydqmmqaxsfbghndwkdltlqnq',NULL,NULL,1,'2025-04-18 17:32:44','2025-04-18 17:32:44','e528f061-cda8-4793-a9ce-03c12a5ae22b'),
(14,14,1,NULL,'__temp_ajigsuelynrhqqirjqmxctezreglmrxljdge',NULL,NULL,1,'2025-04-18 17:57:42','2025-04-18 17:57:42','b85338da-4c93-4ecc-90e8-f63457a74fa0'),
(16,16,1,'Complete Care at Arbors','__temp_oafegazovtrfydqmmqaxsfbghndwkdltlqnq',NULL,NULL,1,'2025-04-18 17:57:57','2025-04-18 17:57:57','269e069f-1c6b-488d-a876-4d6156ca6771'),
(18,18,1,'Subacute Rehab','subacute-rehab',NULL,NULL,1,'2025-04-18 18:06:39','2025-08-20 21:55:53','ca50ef90-8d9f-4887-b40f-5a623e7f88bc'),
(19,19,1,'Subacute Rehab','subacute-rehab','services/__temp_nikydbscpieabfmxdqpavpbcwhcsbwjfdtau','{\"a7b99092-005a-4069-87ab-f34eea7da598\": \"Subacute Rehab\"}',1,'2025-04-18 18:06:50','2025-08-20 21:55:00','9e1f7117-7f2e-43f9-953f-a2185cce5396'),
(20,20,1,'Respiratory Care','respiratory-care',NULL,NULL,1,'2025-04-18 18:06:50','2025-08-20 21:55:53','912a3a84-16f7-465e-b9e0-cd2988c22a0c'),
(21,21,1,'Respiratory Care','respiratory-care','services/__temp_lijhtcjgykuwiuknfjjdihijzodkbmxjxouv','{\"a7b99092-005a-4069-87ab-f34eea7da598\": \"Respiratory Care\"}',1,'2025-04-18 18:06:58','2025-08-20 21:55:00','5b3834e7-d399-45f3-82a9-3d1d8f094af6'),
(22,22,1,'Orthopedic Rehab','orthopedic-rehab',NULL,NULL,1,'2025-04-18 18:06:58','2025-08-20 21:55:53','1c05ee85-3afc-46c2-8a81-0a18f30f5321'),
(23,23,1,'Orthopedic Rehab','orthopedic-rehab','services/__temp_vljdabksbxhsgiduvoeervsdyxbulmhplrgh','{\"a7b99092-005a-4069-87ab-f34eea7da598\": \"Orthopedic Rehab\"}',1,'2025-04-18 18:07:06','2025-08-20 21:55:00','444febdb-e4d3-4aba-af3a-82d3e39a28bf'),
(24,24,1,'Long-Term Care','long-term-care',NULL,NULL,1,'2025-04-18 18:07:06','2025-08-20 21:55:53','9d1e1a91-fd7a-4b83-811d-4528a6fe8967'),
(25,25,1,'Long-Term Care','long-term-care','services/__temp_vghfulxfpfozycvjnqzxyevgorqyearkupni','{\"a7b99092-005a-4069-87ab-f34eea7da598\": \"Long-Term Care\"}',1,'2025-04-18 18:07:32','2025-08-20 21:55:00','336063e3-c89f-4ccb-9abf-82e54cdcd792'),
(26,26,1,'Wound Care','wound-care',NULL,NULL,1,'2025-04-18 18:07:32','2025-08-20 21:55:53','f5ad6b40-4fd8-4849-a227-225dd152f119'),
(27,27,1,'Wound Care','wound-care','services/__temp_fokjbrjltnspbxurfimxovogpkrpxdtjnuzw','{\"a7b99092-005a-4069-87ab-f34eea7da598\": \"Wound Care\"}',1,'2025-04-18 18:07:37','2025-08-20 21:55:00','ae0c4706-f366-4d1a-b66e-5cbd3e2534c8'),
(28,28,1,'Renal Care','renal-care',NULL,NULL,1,'2025-04-18 18:07:37','2025-08-20 21:55:53','d8aef05e-5007-4829-a486-97ebb61afcc9'),
(29,29,1,'Renal Care','renal-care','services/__temp_jjnqbuohveczgaxqjecilxdpzmqcpxzgogmu','{\"a7b99092-005a-4069-87ab-f34eea7da598\": \"Renal Care\"}',1,'2025-04-18 18:07:43','2025-08-20 21:55:00','9b9bc0c2-f32b-4cc7-be29-ec863e6c3073'),
(30,30,1,'Hospice Care','hospice-care',NULL,NULL,1,'2025-04-18 18:07:43','2025-08-20 21:55:53','a13a939f-b9af-457d-997b-8e9d5fe1f5fa'),
(31,31,1,'Hospice Care','hospice-care','services/__temp_svcddqtzudwfjzlpiwsitxsbwbbznyrrxhat','{\"a7b99092-005a-4069-87ab-f34eea7da598\": \"Hospice Care\"}',1,'2025-04-18 18:07:48','2025-08-20 21:55:00','3eeb5c2e-4b3d-4c0a-9414-5c48c4c989ce'),
(32,32,1,'Memory Care','memory-care',NULL,NULL,1,'2025-04-18 18:07:48','2025-08-20 21:55:53','faa1cbb6-0aa1-4a90-8af1-250187a8576e'),
(33,33,1,'Memory Care','memory-care','services/__temp_ljmzvxuslwdaxqwfjbgsldbrrqygzikmxfkh','{\"a7b99092-005a-4069-87ab-f34eea7da598\": \"Memory Care\"}',1,'2025-04-18 18:07:53','2025-08-20 21:55:00','e785080f-ee7a-492c-8a84-947150eb46fc'),
(34,34,1,'Stroke Recovery','stroke-recovery',NULL,NULL,1,'2025-04-18 18:07:53','2025-08-20 21:55:53','49ebb121-5f9b-4bdf-abde-37cc2dd92b32'),
(35,35,1,'Stroke Recovery','stroke-recovery','services/__temp_stgtoxrgnvjqmnnltxvcekvlefvehlctqcty','{\"a7b99092-005a-4069-87ab-f34eea7da598\": \"Stroke Recovery\"}',1,'2025-04-18 18:08:00','2025-08-20 21:55:00','6a3bf50f-df24-4b0a-acfb-2c898fb82ebc'),
(36,36,1,'Rehabilitation Program','cardiac-care',NULL,NULL,1,'2025-04-18 18:08:00','2025-08-20 21:57:06','1dd01031-2491-4a50-a573-c4e398caaa25'),
(37,37,1,'Cardiac Care','cardiac-care','services/__temp_kjnxfskmhvmqutotbwekktlmieaaphczdypd','{\"a7b99092-005a-4069-87ab-f34eea7da598\": \"Cardiac Care\"}',1,'2025-04-18 18:08:04','2025-08-20 21:55:00','7e25f67b-6dfa-421a-a184-9219522da991'),
(44,44,1,'Menachem Shapiro','menachem-shapiro',NULL,'{\"2b573339-79e1-4bb1-82cf-7c0dfabcab22\": \"Menachem Shapiro\", \"50d484f9-ea00-4870-8b7a-a1c7400f42ab\": [632], \"6859b0cf-ccd8-409d-84f9-b76fcac3eda0\": \"mshapiro@ccarbors.com\"}',1,'2025-04-18 18:10:41','2025-09-03 22:27:30','152fc37a-8041-4a16-a25e-ff764f726adb'),
(45,45,1,'Elizabeth Schwear','elizabeth-schwear',NULL,'{\"2b573339-79e1-4bb1-82cf-7c0dfabcab22\": \"Elizabeth Schwear\", \"579071f5-918a-4d7a-8c5b-98905ecbe548\": \"Infection Control\"}',1,'2025-04-18 18:10:41','2025-04-18 18:10:41','efea344c-9995-4674-8d66-d44e986a7d78'),
(46,46,1,'Chrissy Martin','chrissy-martin',NULL,'{\"2b573339-79e1-4bb1-82cf-7c0dfabcab22\": \"Chrissy Martin\", \"579071f5-918a-4d7a-8c5b-98905ecbe548\": \"Activity Director\"}',1,'2025-04-18 18:10:41','2025-04-18 18:10:41','0218ebb2-dab2-45c0-a7a3-3186d10acb24'),
(47,47,1,'Jackie Boyle','jackie-boyle',NULL,'{\"2b573339-79e1-4bb1-82cf-7c0dfabcab22\": \"Jackie Boyle\", \"579071f5-918a-4d7a-8c5b-98905ecbe548\": \"Director of Nursing\"}',1,'2025-04-18 18:10:41','2025-04-18 18:10:41','2aae050f-df49-45f3-98b0-1e634c2519fb'),
(49,49,1,'Menachem Shapiro','menachem-shapiro',NULL,'{\"2b573339-79e1-4bb1-82cf-7c0dfabcab22\": \"Menachem Shapiro\", \"579071f5-918a-4d7a-8c5b-98905ecbe548\": \"Administrator\"}',1,'2025-04-18 18:10:41','2025-04-18 18:10:41','f0451b1f-749c-45a8-a89f-e983d96fc9c8'),
(56,56,1,'Ashie T.','robert-a',NULL,'{\"1e69e1f4-c7b2-4468-8668-aa722b6f7163\": \"Ashie T.\", \"ffdd5871-4e4c-4e46-88b5-06b52502357e\": \"The staff at Complete Care goes above and beyond to provide patient care and satisfaction! Always with a smile and a good word, the staff is there whenever you need them and the services they provide are unparalleled.\"}',1,'2025-04-18 18:14:39','2025-09-03 21:05:58','d578bc04-9ede-461b-ab91-bfd2b26ca8f5'),
(57,57,1,'Carole T.','bernadette-m',NULL,'{\"1e69e1f4-c7b2-4468-8668-aa722b6f7163\": \"Carole T.\", \"ffdd5871-4e4c-4e46-88b5-06b52502357e\": \"Very professional and caring place, staff and nurses were overly helpful in attending to needs. Therapy went way above to assist in getting us to reach maximum potential.\"}',1,'2025-04-18 18:14:39','2025-09-03 21:05:58','359347a7-f306-422c-8a16-6404cd8292f9'),
(59,59,1,'Robert A.','robert-a',NULL,'{\"1e69e1f4-c7b2-4468-8668-aa722b6f7163\": \"Robert A.\", \"ffdd5871-4e4c-4e46-88b5-06b52502357e\": \"We recently had to decide to place Mom in a nursing facility as she could no longer take care of herself. It is a difficult decision to make and choosing Complete Care at Arbors was the very best decision our family made. Mom is content and feels very safe and comfortable. The staff is very attentive, loving and provides excellent care. She is so happy and is thriving under their care. We are so pleased with everything that they do to make our Mom feel like she is home and appreciate all that they do each and every day.\"}',1,'2025-04-18 18:14:39','2025-04-18 18:14:39','30598d1e-9e00-415d-a202-64af9f9c38f8'),
(60,60,1,'Bernadette M.','bernadette-m',NULL,'{\"1e69e1f4-c7b2-4468-8668-aa722b6f7163\": \"Bernadette M.\", \"ffdd5871-4e4c-4e46-88b5-06b52502357e\": \"Our family never thought that we would have to place my dad in a nursing home. The time came to make this difficult decision, we are so happy that we placed him at Complete Care at Arbors. The facility is beautiful and he felt right at home, the staff treated him like family.\"}',1,'2025-04-18 18:14:39','2025-04-18 18:14:39','c4da3214-ea75-47fe-b7c5-f6eacd01928b'),
(63,63,1,'Cora O.','mary-o',NULL,'{\"1e69e1f4-c7b2-4468-8668-aa722b6f7163\": \"Cora O.\", \"ffdd5871-4e4c-4e46-88b5-06b52502357e\": \"I have been here for 3 years and I am thrilled with the quality care I receive. I enjoy every day is a new amazing experience with activities. The staff are wonderful! The place is very clean and every one is very polite!\"}',1,'2025-04-18 18:15:36','2025-09-03 21:08:08','d44334bf-5f39-4646-bcb5-f92a8fbf9641'),
(64,64,1,'Complete Care at Arbors','ccarbors','locations/ccarbors','{\"075f1904-e0fc-49c8-9cfb-6990ae779dec\": \"Complete Care at Arbors\", \"0be5b641-0a34-4d93-8816-9a4b1ad24ffd\": [], \"0d6389a7-9cd0-496d-96dd-72ebf02f7bbb\": {\"number\": \"(732) 914-0090\", \"region\": \"US\"}, \"20f5fa3c-80d5-481b-862d-599d54f0fd29\": \"Our driving purpose is to make a real difference in the lives of our patients, by providing high-quality services and compassionate care every day. Complete Care at Arbors is located at 1750 NJ-37 in Toms River, New Jersey. Our convenient location is just steps away from hospitals and medical centers.\", \"2bdc1e0d-4fd6-448b-b82c-71a75241bd23\": [], \"3b262689-7127-4814-bab5-a1972e0869d4\": \"ccarbors.com\", \"559340ef-728e-4935-84cc-443bd407f901\": [], \"688e0d64-8999-47be-a427-f9e9c6e1789e\": [], \"702dab28-10e4-44a1-9271-72e0eda7fa6e\": \"At Complete Care at Arbors, we understand the nuances that uplift the spirit and inspire optimism. With well-appointed, private and semi-private rooms and a host of amenities, Complete Care at Arbors is all about providing care that elevates patient health and wellbeing. Free Wi-Fi lets you keep in touch with family and friends, and we provide cable TV in every room. Residents enjoy full stylist services provided by our convenient on-site beauty salon.\", \"7270a303-7119-43a8-b9bb-8360964189de\": [], \"85dc9325-7c30-405d-9715-22e9294f7735\": \"At Complete Care at Arbors, a Toms River nursing home, we pride ourselves on the relationships we build with our residents and staff. Through frequent site visits and a hands-on approach from our top leadership, we create strong connections with both the residents and staff in our facilities. By creating a loyal and approachable environment, we ensure everyone feels like family.\", \"92b514e7-6c85-40f3-9885-4ed4138887ea\": [], \"b2903903-6010-4012-bc8c-c8c21f059638\": [], \"cced3c80-6988-403a-9b5a-14455350e923\": []}',1,'2025-04-18 18:15:36','2025-08-20 17:52:21','0d6acaa0-9cd6-4749-96b6-9c54af294d90'),
(65,65,1,'Mary O.','mary-o',NULL,'{\"1e69e1f4-c7b2-4468-8668-aa722b6f7163\": \"Mary O.\", \"ffdd5871-4e4c-4e46-88b5-06b52502357e\": \"In the last year our family needed rehab care my father in law. We were very pleased to be able to have him come to Complete Care at Arbors. The care was exceptional from the food to the therapy department to the nursing staff, everyone was pleasant and attentive. He rehabbed quickly and was discharged in better shape than before his illness. We would recommend Complete Care at Arbors to anyone looking for a clean home-like environment for their loved ones.\"}',1,'2025-04-18 18:15:36','2025-04-18 18:15:36','28d5f926-ab5f-4aeb-8405-48040ae9d65d'),
(72,72,1,'Lobby','lobby',NULL,'{\"75178903-a74b-4511-99f4-4fd13bced6e0\": \"Lobby\"}',1,'2025-04-18 18:17:53','2025-04-18 18:17:53','daa9fe3b-dbec-45e6-9392-1cea08697c39'),
(73,73,1,'Rehab Gym','rehab-gym',NULL,'{\"75178903-a74b-4511-99f4-4fd13bced6e0\": \"Rehab Gym\"}',1,'2025-04-18 18:17:53','2025-04-18 18:17:53','fdc59595-0504-4c12-94c1-6c938628206a'),
(74,74,1,'Patient Room','patient-room',NULL,'{\"75178903-a74b-4511-99f4-4fd13bced6e0\": \"Patient Room\"}',1,'2025-04-18 18:17:53','2025-04-18 18:17:53','6b409b7f-c08e-4140-aea6-a1e0f1e9e23f'),
(75,75,1,'Recreation Room','recreation-room',NULL,'{\"75178903-a74b-4511-99f4-4fd13bced6e0\": \"Recreation Room\"}',1,'2025-04-18 18:17:53','2025-04-18 18:17:53','fbc3a2aa-119b-4210-877e-662fed603e36'),
(76,76,1,'Dining Room','dining-room',NULL,'{\"75178903-a74b-4511-99f4-4fd13bced6e0\": \"Dining Room\"}',1,'2025-04-18 18:17:53','2025-04-18 18:17:53','c2439c98-2c43-4e98-a5f6-6204c3b3ff38'),
(77,77,1,'Complete Care at Arbors','ccarbors','locations/ccarbors','{\"075f1904-e0fc-49c8-9cfb-6990ae779dec\": \"Complete Care at Arbors\", \"0be5b641-0a34-4d93-8816-9a4b1ad24ffd\": [], \"0d6389a7-9cd0-496d-96dd-72ebf02f7bbb\": {\"number\": \"(732) 914-0090\", \"region\": \"US\"}, \"20f5fa3c-80d5-481b-862d-599d54f0fd29\": \"Our driving purpose is to make a real difference in the lives of our patients, by providing high-quality services and compassionate care every day. Complete Care at Arbors is located at 1750 NJ-37 in Toms River, New Jersey. Our convenient location is just steps away from hospitals and medical centers.\", \"2bdc1e0d-4fd6-448b-b82c-71a75241bd23\": [], \"3b262689-7127-4814-bab5-a1972e0869d4\": \"ccarbors.com\", \"559340ef-728e-4935-84cc-443bd407f901\": [], \"688e0d64-8999-47be-a427-f9e9c6e1789e\": [], \"702dab28-10e4-44a1-9271-72e0eda7fa6e\": \"At Complete Care at Arbors, we understand the nuances that uplift the spirit and inspire optimism. With well-appointed, private and semi-private rooms and a host of amenities, Complete Care at Arbors is all about providing care that elevates patient health and wellbeing. Free Wi-Fi lets you keep in touch with family and friends, and we provide cable TV in every room. Residents enjoy full stylist services provided by our convenient on-site beauty salon.\", \"7270a303-7119-43a8-b9bb-8360964189de\": [], \"85dc9325-7c30-405d-9715-22e9294f7735\": \"At Complete Care at Arbors, a Toms River nursing home, we pride ourselves on the relationships we build with our residents and staff. Through frequent site visits and a hands-on approach from our top leadership, we create strong connections with both the residents and staff in our facilities. By creating a loyal and approachable environment, we ensure everyone feels like family.\", \"92b514e7-6c85-40f3-9885-4ed4138887ea\": [], \"b2903903-6010-4012-bc8c-c8c21f059638\": [], \"cced3c80-6988-403a-9b5a-14455350e923\": []}',1,'2025-04-18 18:17:53','2025-08-20 17:52:21','c1ba9beb-5373-4ecf-8364-cdeef8020db4'),
(78,78,1,'Lobby','lobby',NULL,'{\"75178903-a74b-4511-99f4-4fd13bced6e0\": \"Lobby\"}',1,'2025-04-18 18:17:53','2025-04-18 18:17:53','41d809bc-a5eb-4a95-b941-471706db1278'),
(79,79,1,'Rehab Gym','rehab-gym',NULL,'{\"75178903-a74b-4511-99f4-4fd13bced6e0\": \"Rehab Gym\"}',1,'2025-04-18 18:17:53','2025-04-18 18:17:53','08d9cdcf-e2b8-499d-991a-65e8dc11fe55'),
(80,80,1,'Patient Room','patient-room',NULL,'{\"75178903-a74b-4511-99f4-4fd13bced6e0\": \"Patient Room\"}',1,'2025-04-18 18:17:53','2025-04-18 18:17:53','ec53206f-55ec-409b-aa4f-8bbb9e4e7c27'),
(81,81,1,'Recreation Room','recreation-room',NULL,'{\"75178903-a74b-4511-99f4-4fd13bced6e0\": \"Recreation Room\"}',1,'2025-04-18 18:17:53','2025-04-18 18:17:53','486f23d4-61e0-4710-956f-46a188e3eb12'),
(82,82,1,'Dining Room','dining-room',NULL,'{\"75178903-a74b-4511-99f4-4fd13bced6e0\": \"Dining Room\"}',1,'2025-04-18 18:17:53','2025-04-18 18:17:53','7a1810e6-4ac9-4d46-b8c2-552a459ea641'),
(84,84,1,'Complete Care at Arbors','ccarbors','locations/ccarbors','{\"075f1904-e0fc-49c8-9cfb-6990ae779dec\": \"Complete Care at Arbors\", \"0be5b641-0a34-4d93-8816-9a4b1ad24ffd\": [], \"0d6389a7-9cd0-496d-96dd-72ebf02f7bbb\": {\"number\": \"(732) 914-0090\", \"region\": \"US\"}, \"20f5fa3c-80d5-481b-862d-599d54f0fd29\": \"Our driving purpose is to make a real difference in the lives of our patients, by providing high-quality services and compassionate care every day. Complete Care at Arbors is located at 1750 NJ-37 in Toms River, New Jersey. Our convenient location is just steps away from hospitals and medical centers.\", \"2bdc1e0d-4fd6-448b-b82c-71a75241bd23\": [36, 30, 24, 32, 22, 28, 20, 34, 18, 26], \"3b262689-7127-4814-bab5-a1972e0869d4\": \"ccarbors.com\", \"559340ef-728e-4935-84cc-443bd407f901\": [], \"688e0d64-8999-47be-a427-f9e9c6e1789e\": [], \"702dab28-10e4-44a1-9271-72e0eda7fa6e\": \"At Complete Care at Arbors, we understand the nuances that uplift the spirit and inspire optimism. With well-appointed, private and semi-private rooms and a host of amenities, Complete Care at Arbors is all about providing care that elevates patient health and wellbeing. Free Wi-Fi lets you keep in touch with family and friends, and we provide cable TV in every room. Residents enjoy full stylist services provided by our convenient on-site beauty salon.\", \"7270a303-7119-43a8-b9bb-8360964189de\": [], \"85dc9325-7c30-405d-9715-22e9294f7735\": \"At Complete Care at Arbors, a Toms River nursing home, we pride ourselves on the relationships we build with our residents and staff. Through frequent site visits and a hands-on approach from our top leadership, we create strong connections with both the residents and staff in our facilities. By creating a loyal and approachable environment, we ensure everyone feels like family.\", \"92b514e7-6c85-40f3-9885-4ed4138887ea\": [], \"b2903903-6010-4012-bc8c-c8c21f059638\": [], \"cced3c80-6988-403a-9b5a-14455350e923\": []}',1,'2025-04-18 18:28:56','2025-08-20 17:52:21','ec9a1a4c-c57d-4f69-aacc-f6970b11a0ed'),
(85,85,1,'Complete Care at Arbors','ccarbors','locations/ccarbors','{\"075f1904-e0fc-49c8-9cfb-6990ae779dec\": \"Complete Care at Arbors\", \"0783e761-d312-48eb-a4f3-02333736ad99\": \"Complete Care at Arbors, a Toms River NJ skilled nursing facility, ensures a full continuum of care. Our expert physicians and staff deliver outstanding treatment with a focus on our patients’ overall wellbeing.\", \"0be5b641-0a34-4d93-8816-9a4b1ad24ffd\": [], \"0d6389a7-9cd0-496d-96dd-72ebf02f7bbb\": {\"number\": \"(732) 914-0090\", \"region\": \"US\"}, \"20f5fa3c-80d5-481b-862d-599d54f0fd29\": \"Our driving purpose is to make a real difference in the lives of our patients, by providing high-quality services and compassionate care every day. Complete Care at Arbors is located at 1750 NJ-37 in Toms River, New Jersey. Our convenient location is just steps away from hospitals and medical centers.\", \"2bdc1e0d-4fd6-448b-b82c-71a75241bd23\": [36, 30, 24, 32, 22, 28, 20, 34, 18, 26], \"3b262689-7127-4814-bab5-a1972e0869d4\": \"ccarbors.com\", \"559340ef-728e-4935-84cc-443bd407f901\": [], \"688e0d64-8999-47be-a427-f9e9c6e1789e\": [], \"702dab28-10e4-44a1-9271-72e0eda7fa6e\": \"At Complete Care at Arbors, we understand the nuances that uplift the spirit and inspire optimism. With well-appointed, private and semi-private rooms and a host of amenities, Complete Care at Arbors is all about providing care that elevates patient health and wellbeing. Free Wi-Fi lets you keep in touch with family and friends, and we provide cable TV in every room. Residents enjoy full stylist services provided by our convenient on-site beauty salon.\", \"7270a303-7119-43a8-b9bb-8360964189de\": [], \"85dc9325-7c30-405d-9715-22e9294f7735\": \"At Complete Care at Arbors, a Toms River nursing home, we pride ourselves on the relationships we build with our residents and staff. Through frequent site visits and a hands-on approach from our top leadership, we create strong connections with both the residents and staff in our facilities. By creating a loyal and approachable environment, we ensure everyone feels like family.\", \"92b514e7-6c85-40f3-9885-4ed4138887ea\": [], \"b2903903-6010-4012-bc8c-c8c21f059638\": [], \"cced3c80-6988-403a-9b5a-14455350e923\": []}',1,'2025-04-18 18:29:57','2025-08-20 17:52:21','9411734b-812e-4dea-8100-f868c2d1f2c7'),
(86,86,1,'Arbors',NULL,NULL,NULL,1,'2025-04-18 18:31:40','2025-04-18 18:31:40','03ebf2ca-c4ea-4e16-9de9-b0242e9f79dd'),
(88,88,1,'Complete Care at Arbors','ccarbors','locations/ccarbors','{\"075f1904-e0fc-49c8-9cfb-6990ae779dec\": \"Complete Care at Arbors\", \"0783e761-d312-48eb-a4f3-02333736ad99\": \"Complete Care at Arbors, a Toms River NJ skilled nursing facility, ensures a full continuum of care. Our expert physicians and staff deliver outstanding treatment with a focus on our patients’ overall wellbeing.\", \"0be5b641-0a34-4d93-8816-9a4b1ad24ffd\": [], \"0d6389a7-9cd0-496d-96dd-72ebf02f7bbb\": {\"number\": \"(732) 914-0090\", \"region\": \"US\"}, \"20f5fa3c-80d5-481b-862d-599d54f0fd29\": \"Our driving purpose is to make a real difference in the lives of our patients, by providing high-quality services and compassionate care every day. Complete Care at Arbors is located at 1750 NJ-37 in Toms River, New Jersey. Our convenient location is just steps away from hospitals and medical centers.\", \"2bdc1e0d-4fd6-448b-b82c-71a75241bd23\": [36, 30, 24, 32, 22, 28, 20, 34, 18, 26], \"3b262689-7127-4814-bab5-a1972e0869d4\": \"ccarbors.com\", \"559340ef-728e-4935-84cc-443bd407f901\": [], \"688e0d64-8999-47be-a427-f9e9c6e1789e\": [], \"702dab28-10e4-44a1-9271-72e0eda7fa6e\": \"At Complete Care at Arbors, we understand the nuances that uplift the spirit and inspire optimism. With well-appointed, private and semi-private rooms and a host of amenities, Complete Care at Arbors is all about providing care that elevates patient health and wellbeing. Free Wi-Fi lets you keep in touch with family and friends, and we provide cable TV in every room. Residents enjoy full stylist services provided by our convenient on-site beauty salon.\", \"7270a303-7119-43a8-b9bb-8360964189de\": [], \"85dc9325-7c30-405d-9715-22e9294f7735\": \"At Complete Care at Arbors, a Toms River nursing home, we pride ourselves on the relationships we build with our residents and staff. Through frequent site visits and a hands-on approach from our top leadership, we create strong connections with both the residents and staff in our facilities. By creating a loyal and approachable environment, we ensure everyone feels like family.\", \"92b514e7-6c85-40f3-9885-4ed4138887ea\": [], \"b2903903-6010-4012-bc8c-c8c21f059638\": [86], \"cced3c80-6988-403a-9b5a-14455350e923\": []}',1,'2025-04-18 18:32:48','2025-08-20 17:52:21','e5fe317f-06f7-4515-8e82-95b8cc4eb3b2'),
(96,96,1,'Private & Semi-Private Suites','private-semi-private-suites',NULL,'{\"af4c29fe-7284-4a39-93a8-6ee23005762f\": \"Private & Semi-Private Suites\"}',1,'2025-04-18 18:36:37','2025-04-18 18:36:37','c71d2acd-9750-4f6b-a49a-3111b169a4b3'),
(97,97,1,'Cafe/Restaurant-Style Dining','cafe-restaurant-style-dining',NULL,'{\"af4c29fe-7284-4a39-93a8-6ee23005762f\": \"Cafe/Restaurant-Style Dining\"}',1,'2025-04-18 18:36:37','2025-04-18 18:36:37','925f9a28-9f29-4795-8059-5930c90ac462'),
(98,98,1,'On-Site Beauty Salon and Barbershop','on-site-beauty-salon-and-barbershop',NULL,'{\"af4c29fe-7284-4a39-93a8-6ee23005762f\": \"On-Site Beauty Salon and Barbershop\"}',1,'2025-04-18 18:36:37','2025-04-18 18:36:37','c7d0ffc2-955a-4f5f-a872-8715a9f60d1b'),
(99,99,1,'Lounges and Guest Areas','lounges-and-guest-areas',NULL,'{\"af4c29fe-7284-4a39-93a8-6ee23005762f\": \"Lounges and Guest Areas\"}',1,'2025-04-18 18:36:37','2025-04-18 18:36:37','a21487a0-f2ad-459e-a492-a1063c80c361'),
(100,100,1,'Courtyard Gardens','courtyard-gardens',NULL,'{\"af4c29fe-7284-4a39-93a8-6ee23005762f\": \"Courtyard Gardens\"}',1,'2025-04-18 18:36:37','2025-04-18 18:36:37','e484b667-dc71-4291-a630-e973dc0abe8f'),
(101,101,1,'Cultural, Educational, Religious and Social Activities','cultural-educational-religious-and-social-activities',NULL,'{\"af4c29fe-7284-4a39-93a8-6ee23005762f\": \"Cultural, Educational, Religious and Social Activities\"}',1,'2025-04-18 18:36:37','2025-04-18 18:36:37','6f7acd1b-a7bd-4ae8-b081-c3e580167794'),
(102,102,1,'Complete Care at Arbors','ccarbors','locations/ccarbors','{\"075f1904-e0fc-49c8-9cfb-6990ae779dec\": \"Complete Care at Arbors\", \"0783e761-d312-48eb-a4f3-02333736ad99\": \"Complete Care at Arbors, a Toms River NJ skilled nursing facility, ensures a full continuum of care. Our expert physicians and staff deliver outstanding treatment with a focus on our patients’ overall wellbeing.\", \"0be5b641-0a34-4d93-8816-9a4b1ad24ffd\": [], \"0d6389a7-9cd0-496d-96dd-72ebf02f7bbb\": {\"number\": \"(732) 914-0090\", \"region\": \"US\"}, \"20f5fa3c-80d5-481b-862d-599d54f0fd29\": \"Our driving purpose is to make a real difference in the lives of our patients, by providing high-quality services and compassionate care every day. Complete Care at Arbors is located at 1750 NJ-37 in Toms River, New Jersey. Our convenient location is just steps away from hospitals and medical centers.\", \"2bdc1e0d-4fd6-448b-b82c-71a75241bd23\": [36, 30, 24, 32, 22, 28, 20, 34, 18, 26], \"3b262689-7127-4814-bab5-a1972e0869d4\": \"ccarbors.com\", \"559340ef-728e-4935-84cc-443bd407f901\": [], \"688e0d64-8999-47be-a427-f9e9c6e1789e\": [], \"702dab28-10e4-44a1-9271-72e0eda7fa6e\": \"At Complete Care at Arbors, we understand the nuances that uplift the spirit and inspire optimism. With well-appointed, private and semi-private rooms and a host of amenities, Complete Care at Arbors is all about providing care that elevates patient health and wellbeing. Free Wi-Fi lets you keep in touch with family and friends, and we provide cable TV in every room. Residents enjoy full stylist services provided by our convenient on-site beauty salon.\", \"7270a303-7119-43a8-b9bb-8360964189de\": [], \"85dc9325-7c30-405d-9715-22e9294f7735\": \"At Complete Care at Arbors, a Toms River nursing home, we pride ourselves on the relationships we build with our residents and staff. Through frequent site visits and a hands-on approach from our top leadership, we create strong connections with both the residents and staff in our facilities. By creating a loyal and approachable environment, we ensure everyone feels like family.\", \"92b514e7-6c85-40f3-9885-4ed4138887ea\": [], \"b2903903-6010-4012-bc8c-c8c21f059638\": [86], \"cced3c80-6988-403a-9b5a-14455350e923\": []}',1,'2025-04-18 18:36:37','2025-08-20 17:52:22','0f1a0b53-6d99-4ae6-8dad-7a3cf804f357'),
(103,103,1,'Private & Semi-Private Suites','private-semi-private-suites',NULL,'{\"af4c29fe-7284-4a39-93a8-6ee23005762f\": \"Private & Semi-Private Suites\"}',1,'2025-04-18 18:36:37','2025-04-18 18:36:37','7d673778-8823-464b-bd21-df6e11f6e89a'),
(104,104,1,'Cafe/Restaurant-Style Dining','cafe-restaurant-style-dining',NULL,'{\"af4c29fe-7284-4a39-93a8-6ee23005762f\": \"Cafe/Restaurant-Style Dining\"}',1,'2025-04-18 18:36:37','2025-04-18 18:36:37','643b9705-0c1a-4a45-9f57-8b57be3b314a'),
(105,105,1,'On-Site Beauty Salon and Barbershop','on-site-beauty-salon-and-barbershop',NULL,'{\"af4c29fe-7284-4a39-93a8-6ee23005762f\": \"On-Site Beauty Salon and Barbershop\"}',1,'2025-04-18 18:36:37','2025-04-18 18:36:37','c050a9e6-6d06-4b41-ab41-da655ed72713'),
(106,106,1,'Lounges and Guest Areas','lounges-and-guest-areas',NULL,'{\"af4c29fe-7284-4a39-93a8-6ee23005762f\": \"Lounges and Guest Areas\"}',1,'2025-04-18 18:36:37','2025-04-18 18:36:37','f4d007b1-eaeb-48ec-830a-5623672e9089'),
(107,107,1,'Courtyard Gardens','courtyard-gardens',NULL,'{\"af4c29fe-7284-4a39-93a8-6ee23005762f\": \"Courtyard Gardens\"}',1,'2025-04-18 18:36:37','2025-04-18 18:36:37','b6f5ad8c-632d-44fb-9f8d-09f1231aa63c'),
(108,108,1,'Cultural, Educational, Religious and Social Activities','cultural-educational-religious-and-social-activities',NULL,'{\"af4c29fe-7284-4a39-93a8-6ee23005762f\": \"Cultural, Educational, Religious and Social Activities\"}',1,'2025-04-18 18:36:37','2025-04-18 18:36:37','b4698716-2df2-422b-9aba-9f050b7493e9'),
(110,110,1,'Complete Care at Arbors','ccarbors','locations/ccarbors','{\"075f1904-e0fc-49c8-9cfb-6990ae779dec\": \"Complete Care at Arbors\", \"0783e761-d312-48eb-a4f3-02333736ad99\": \"Complete Care at Arbors, a Toms River NJ skilled nursing facility, ensures a full continuum of care. Our expert physicians and staff deliver outstanding treatment with a focus on our patients’ overall wellbeing.\", \"0be5b641-0a34-4d93-8816-9a4b1ad24ffd\": [], \"0d6389a7-9cd0-496d-96dd-72ebf02f7bbb\": {\"number\": \"(732) 914-0090\", \"region\": \"US\"}, \"20f5fa3c-80d5-481b-862d-599d54f0fd29\": \"Our driving purpose is to make a real difference in the lives of our patients, by providing high-quality services and compassionate care every day. Complete Care at Arbors is located at 1750 NJ-37 in Toms River, New Jersey. Our convenient location is just steps away from hospitals and medical centers.\", \"2bdc1e0d-4fd6-448b-b82c-71a75241bd23\": [36, 30, 24, 32, 22, 28, 20, 34, 18, 26], \"3b262689-7127-4814-bab5-a1972e0869d4\": \"ccarbors.com\", \"559340ef-728e-4935-84cc-443bd407f901\": [], \"688e0d64-8999-47be-a427-f9e9c6e1789e\": [], \"702dab28-10e4-44a1-9271-72e0eda7fa6e\": \"At Complete Care at Arbors, we understand the nuances that uplift the spirit and inspire optimism. With well-appointed, private and semi-private rooms and a host of amenities, Complete Care at Arbors is all about providing care that elevates patient health and wellbeing. Free Wi-Fi lets you keep in touch with family and friends, and we provide cable TV in every room. Residents enjoy full stylist services provided by our convenient on-site beauty salon.\", \"7270a303-7119-43a8-b9bb-8360964189de\": [], \"85dc9325-7c30-405d-9715-22e9294f7735\": \"At Complete Care at Arbors, a Toms River nursing home, we pride ourselves on the relationships we build with our residents and staff. Through frequent site visits and a hands-on approach from our top leadership, we create strong connections with both the residents and staff in our facilities. By creating a loyal and approachable environment, we ensure everyone feels like family.\", \"92b514e7-6c85-40f3-9885-4ed4138887ea\": [], \"b2903903-6010-4012-bc8c-c8c21f059638\": [86], \"cced3c80-6988-403a-9b5a-14455350e923\": []}',1,'2025-04-18 18:38:26','2025-08-20 17:52:22','eafe73ff-a517-4e58-8e51-fb564ae9d385'),
(111,111,1,'Private & Semi-Private Suites','private-semi-private-suites',NULL,'{\"af4c29fe-7284-4a39-93a8-6ee23005762f\": \"Private & Semi-Private Suites\"}',1,'2025-04-18 18:38:34','2025-04-18 18:38:40','e5324aa5-19f3-4111-a61f-7cc72f98543e'),
(112,112,1,'Private & Semi-Private Suites','private-semi-private-suites',NULL,'{\"af4c29fe-7284-4a39-93a8-6ee23005762f\": \"Private & Semi-Private Suites\"}',1,'2025-04-18 18:38:40','2025-04-18 18:38:40','d16ae44c-e4fa-4a83-9932-beeb15aa46b2'),
(113,113,1,'Cafe/Restaurant-Style Dining','cafe-restaurant-style-dining',NULL,'{\"af4c29fe-7284-4a39-93a8-6ee23005762f\": \"Cafe/Restaurant-Style Dining\"}',1,'2025-04-18 18:38:44','2025-04-18 18:38:46','937f6cdb-d227-447f-8de7-722fde5df432'),
(114,114,1,'Cafe/Restaurant-Style Dining','cafe-restaurant-style-dining',NULL,'{\"af4c29fe-7284-4a39-93a8-6ee23005762f\": \"Cafe/Restaurant-Style Dining\"}',1,'2025-04-18 18:38:46','2025-04-18 18:38:46','544e75cc-573f-48c1-8a76-a4dbf939e30a'),
(115,115,1,'On-Site Beauty Salon and Barbershop','on-site-beauty-salon-and-barbershop',NULL,'{\"af4c29fe-7284-4a39-93a8-6ee23005762f\": \"On-Site Beauty Salon and Barbershop\"}',1,'2025-04-18 18:38:49','2025-04-18 18:38:51','8d573d2b-d52b-4f2f-9e12-dc1a61db93b1'),
(116,116,1,'On-Site Beauty Salon and Barbershop','on-site-beauty-salon-and-barbershop',NULL,'{\"af4c29fe-7284-4a39-93a8-6ee23005762f\": \"On-Site Beauty Salon and Barbershop\"}',1,'2025-04-18 18:38:51','2025-04-18 18:38:51','203fcc68-27db-404b-813e-e390508181b3'),
(117,117,1,'Lounges and Guest Areas','lounges-and-guest-areas',NULL,'{\"af4c29fe-7284-4a39-93a8-6ee23005762f\": \"Lounges and Guest Areas\"}',1,'2025-04-18 18:38:54','2025-04-18 18:38:56','abf891a7-bfde-4497-bec2-5fe1a85ceddf'),
(118,118,1,'Lounges and Guest Areas','lounges-and-guest-areas',NULL,'{\"af4c29fe-7284-4a39-93a8-6ee23005762f\": \"Lounges and Guest Areas\"}',1,'2025-04-18 18:38:56','2025-04-18 18:38:56','127f53b0-5f52-4d19-a06f-130a880cbfcb'),
(119,119,1,'Courtyard Gardens','courtyard-gardens',NULL,'{\"af4c29fe-7284-4a39-93a8-6ee23005762f\": \"Courtyard Gardens\"}',1,'2025-04-18 18:38:58','2025-04-18 18:39:00','722544d5-298c-4c8f-a89e-e8aea5d2af4c'),
(120,120,1,'Courtyard Gardens','courtyard-gardens',NULL,'{\"af4c29fe-7284-4a39-93a8-6ee23005762f\": \"Courtyard Gardens\"}',1,'2025-04-18 18:39:00','2025-04-18 18:39:00','946a1839-cc53-4369-b67b-3fbc10d2e03b'),
(121,121,1,'Cultural, Educational, Religious and Social Activities','cultural-educational-religious-and-social-activities',NULL,'{\"af4c29fe-7284-4a39-93a8-6ee23005762f\": \"Cultural, Educational, Religious and Social Activities\"}',1,'2025-04-18 18:39:03','2025-04-18 18:39:04','eaa04ffa-0f62-4e11-abac-b327cf1637b7'),
(122,122,1,'Cultural, Educational, Religious and Social Activities','cultural-educational-religious-and-social-activities',NULL,'{\"af4c29fe-7284-4a39-93a8-6ee23005762f\": \"Cultural, Educational, Religious and Social Activities\"}',1,'2025-04-18 18:39:04','2025-04-18 18:39:04','db20d81f-1849-454e-a583-ee9687cbb9bf'),
(124,124,1,NULL,'__temp_zfbjbdgopvnlqlcaqnwpktdmkecqqmvmugut',NULL,NULL,1,'2025-04-18 18:40:11','2025-04-18 18:40:11','c48ffa44-ae7d-4ff3-90f8-e1e094e30504'),
(125,125,1,'Complete Care at Arbors','ccarbors','locations/ccarbors','{\"075f1904-e0fc-49c8-9cfb-6990ae779dec\": \"Complete Care at Arbors\", \"0783e761-d312-48eb-a4f3-02333736ad99\": \"Complete Care at Arbors, a Toms River NJ skilled nursing facility, ensures a full continuum of care. Our expert physicians and staff deliver outstanding treatment with a focus on our patients’ overall wellbeing.\", \"0be5b641-0a34-4d93-8816-9a4b1ad24ffd\": [], \"0d6389a7-9cd0-496d-96dd-72ebf02f7bbb\": {\"number\": \"(732) 914-0090\", \"region\": \"US\"}, \"20f5fa3c-80d5-481b-862d-599d54f0fd29\": \"Our driving purpose is to make a real difference in the lives of our patients, by providing high-quality services and compassionate care every day. Complete Care at Arbors is located at 1750 NJ-37 in Toms River, New Jersey. Our convenient location is just steps away from hospitals and medical centers.\", \"2bdc1e0d-4fd6-448b-b82c-71a75241bd23\": [36, 30, 24, 32, 22, 28, 20, 34, 18, 26], \"3b262689-7127-4814-bab5-a1972e0869d4\": \"ccarbors.com\", \"559340ef-728e-4935-84cc-443bd407f901\": [], \"688e0d64-8999-47be-a427-f9e9c6e1789e\": [], \"702dab28-10e4-44a1-9271-72e0eda7fa6e\": \"At Complete Care at Arbors, we understand the nuances that uplift the spirit and inspire optimism. With well-appointed, private and semi-private rooms and a host of amenities, Complete Care at Arbors is all about providing care that elevates patient health and wellbeing. Free Wi-Fi lets you keep in touch with family and friends, and we provide cable TV in every room. Residents enjoy full stylist services provided by our convenient on-site beauty salon.\", \"7270a303-7119-43a8-b9bb-8360964189de\": [], \"85dc9325-7c30-405d-9715-22e9294f7735\": \"At Complete Care at Arbors, a Toms River nursing home, we pride ourselves on the relationships we build with our residents and staff. Through frequent site visits and a hands-on approach from our top leadership, we create strong connections with both the residents and staff in our facilities. By creating a loyal and approachable environment, we ensure everyone feels like family.\", \"92b514e7-6c85-40f3-9885-4ed4138887ea\": [], \"b2903903-6010-4012-bc8c-c8c21f059638\": [86], \"cced3c80-6988-403a-9b5a-14455350e923\": []}',1,'2025-04-18 18:40:42','2025-08-20 17:52:22','795af333-5895-4a24-9aa2-9e0d71caa1b0'),
(127,127,1,'Complete Care at Arbors','ccarbors','locations/ccarbors','{\"075f1904-e0fc-49c8-9cfb-6990ae779dec\": \"Complete Care at Arbors\", \"0783e761-d312-48eb-a4f3-02333736ad99\": \"Complete Care at Arbors, a Toms River NJ skilled nursing facility, ensures a full continuum of care. Our expert physicians and staff deliver outstanding treatment with a focus on our patients’ overall wellbeing.\", \"0be5b641-0a34-4d93-8816-9a4b1ad24ffd\": [], \"0d6389a7-9cd0-496d-96dd-72ebf02f7bbb\": {\"number\": \"(732) 914-0090\", \"region\": \"US\"}, \"20f5fa3c-80d5-481b-862d-599d54f0fd29\": \"Our driving purpose is to make a real difference in the lives of our patients, by providing high-quality services and compassionate care every day. Complete Care at Arbors is located at 1750 NJ-37 in Toms River, New Jersey. Our convenient location is just steps away from hospitals and medical centers.\", \"2bdc1e0d-4fd6-448b-b82c-71a75241bd23\": [36, 30, 24, 32, 22, 28, 20, 34, 18, 26], \"3b262689-7127-4814-bab5-a1972e0869d4\": \"ccarbors.com\", \"559340ef-728e-4935-84cc-443bd407f901\": [111, 113, 115, 117, 119, 121], \"688e0d64-8999-47be-a427-f9e9c6e1789e\": [], \"702dab28-10e4-44a1-9271-72e0eda7fa6e\": \"At Complete Care at Arbors, we understand the nuances that uplift the spirit and inspire optimism. With well-appointed, private and semi-private rooms and a host of amenities, Complete Care at Arbors is all about providing care that elevates patient health and wellbeing. Free Wi-Fi lets you keep in touch with family and friends, and we provide cable TV in every room. Residents enjoy full stylist services provided by our convenient on-site beauty salon.\", \"7270a303-7119-43a8-b9bb-8360964189de\": [], \"85dc9325-7c30-405d-9715-22e9294f7735\": \"At Complete Care at Arbors, a Toms River nursing home, we pride ourselves on the relationships we build with our residents and staff. Through frequent site visits and a hands-on approach from our top leadership, we create strong connections with both the residents and staff in our facilities. By creating a loyal and approachable environment, we ensure everyone feels like family.\", \"92b514e7-6c85-40f3-9885-4ed4138887ea\": [], \"b2903903-6010-4012-bc8c-c8c21f059638\": [86], \"cced3c80-6988-403a-9b5a-14455350e923\": []}',1,'2025-04-18 18:40:57','2025-08-20 17:52:22','2fe0e223-c4fc-4949-b158-5b94efb56eb0'),
(131,131,1,'Rated 5 Stars','rated-5-stars-from-centers-for-medicare-medicaid-services',NULL,'{\"5e076972-0a7c-4184-8570-4b3688ebe3d8\": [], \"71d07053-43eb-40fe-8f9e-ad7480cc3193\": \"Rated 5 Stars\"}',1,'2025-04-18 18:42:36','2025-09-03 21:57:21','d49bdebb-10e7-4c4a-9981-6b79036a33eb'),
(132,132,1,'Rated 5 Stars in Quality Measures','rated-5-stars-in-quality-measures-from-centers-for-medicare-medicaid-services',NULL,'{\"5e076972-0a7c-4184-8570-4b3688ebe3d8\": [], \"71d07053-43eb-40fe-8f9e-ad7480cc3193\": \"Rated 5 Stars in Quality Measures\"}',1,'2025-04-18 18:42:36','2025-09-03 21:57:21','9e1c352a-719a-4e83-b8cd-1b2ab8a24d85'),
(133,133,1,'Complete Care at Arbors','ccarbors','locations/ccarbors','{\"075f1904-e0fc-49c8-9cfb-6990ae779dec\": \"Complete Care at Arbors\", \"0783e761-d312-48eb-a4f3-02333736ad99\": \"Complete Care at Arbors, a Toms River NJ skilled nursing facility, ensures a full continuum of care. Our expert physicians and staff deliver outstanding treatment with a focus on our patients’ overall wellbeing.\", \"0be5b641-0a34-4d93-8816-9a4b1ad24ffd\": [], \"0d6389a7-9cd0-496d-96dd-72ebf02f7bbb\": {\"number\": \"(732) 914-0090\", \"region\": \"US\"}, \"20f5fa3c-80d5-481b-862d-599d54f0fd29\": \"Our driving purpose is to make a real difference in the lives of our patients, by providing high-quality services and compassionate care every day. Complete Care at Arbors is located at 1750 NJ-37 in Toms River, New Jersey. Our convenient location is just steps away from hospitals and medical centers.\", \"2bdc1e0d-4fd6-448b-b82c-71a75241bd23\": [36, 30, 24, 32, 22, 28, 20, 34, 18, 26], \"3b262689-7127-4814-bab5-a1972e0869d4\": \"ccarbors.com\", \"559340ef-728e-4935-84cc-443bd407f901\": [111, 113, 115, 117, 119, 121], \"688e0d64-8999-47be-a427-f9e9c6e1789e\": [], \"702dab28-10e4-44a1-9271-72e0eda7fa6e\": \"At Complete Care at Arbors, we understand the nuances that uplift the spirit and inspire optimism. With well-appointed, private and semi-private rooms and a host of amenities, Complete Care at Arbors is all about providing care that elevates patient health and wellbeing. Free Wi-Fi lets you keep in touch with family and friends, and we provide cable TV in every room. Residents enjoy full stylist services provided by our convenient on-site beauty salon.\", \"7270a303-7119-43a8-b9bb-8360964189de\": [], \"85dc9325-7c30-405d-9715-22e9294f7735\": \"At Complete Care at Arbors, a Toms River nursing home, we pride ourselves on the relationships we build with our residents and staff. Through frequent site visits and a hands-on approach from our top leadership, we create strong connections with both the residents and staff in our facilities. By creating a loyal and approachable environment, we ensure everyone feels like family.\", \"92b514e7-6c85-40f3-9885-4ed4138887ea\": [], \"b2903903-6010-4012-bc8c-c8c21f059638\": [86], \"cced3c80-6988-403a-9b5a-14455350e923\": []}',1,'2025-04-18 18:42:36','2025-08-20 17:52:22','f3b6c068-2cc0-4f40-a389-69489bf0fe56'),
(134,134,1,'Rated 5 Stars from Centers for Medicare & Medicaid Services','rated-5-stars-from-centers-for-medicare-medicaid-services',NULL,'{\"36ce0123-f0b8-45e8-bc0a-878a012a385a\": \"Centers for Medicare & Medicaid Services\", \"71d07053-43eb-40fe-8f9e-ad7480cc3193\": \"Rated 5 Stars\"}',1,'2025-04-18 18:42:36','2025-04-18 18:42:36','60f1bfd0-49aa-4812-be5a-6b1830e55929'),
(135,135,1,'Rated 5 Stars in Quality Measures from Centers for Medicare & Medicaid Services','rated-5-stars-in-quality-measures-from-centers-for-medicare-medicaid-services',NULL,'{\"36ce0123-f0b8-45e8-bc0a-878a012a385a\": \"Centers for Medicare & Medicaid Services\", \"71d07053-43eb-40fe-8f9e-ad7480cc3193\": \"Rated 5 Stars in Quality Measures\"}',1,'2025-04-18 18:42:36','2025-04-18 18:42:36','c6c4e586-f8b5-4357-956d-0485a45bf8f7'),
(136,136,1,'Arbors entrance',NULL,NULL,NULL,1,'2025-04-18 18:44:35','2025-04-18 18:44:35','6625ca81-b1dc-4288-a45c-825ca38c689f'),
(137,137,1,'Arbors room',NULL,NULL,NULL,1,'2025-04-18 18:44:36','2025-04-18 18:44:36','7e95696b-4254-4069-919d-f3f7be1019d4'),
(138,138,1,'Arbors table',NULL,NULL,NULL,1,'2025-04-18 18:44:36','2025-04-18 18:44:36','21e9608c-071d-49dd-9d1e-322bea8e7245'),
(140,140,1,'Complete Care at Arbors','ccarbors','locations/ccarbors','{\"075f1904-e0fc-49c8-9cfb-6990ae779dec\": \"Complete Care at Arbors\", \"0783e761-d312-48eb-a4f3-02333736ad99\": \"Complete Care at Arbors, a Toms River NJ skilled nursing facility, ensures a full continuum of care. Our expert physicians and staff deliver outstanding treatment with a focus on our patients’ overall wellbeing.\", \"0be5b641-0a34-4d93-8816-9a4b1ad24ffd\": [], \"0d6389a7-9cd0-496d-96dd-72ebf02f7bbb\": {\"number\": \"(732) 914-0090\", \"region\": \"US\"}, \"20f5fa3c-80d5-481b-862d-599d54f0fd29\": \"Our driving purpose is to make a real difference in the lives of our patients, by providing high-quality services and compassionate care every day. Complete Care at Arbors is located at 1750 NJ-37 in Toms River, New Jersey. Our convenient location is just steps away from hospitals and medical centers.\", \"2bdc1e0d-4fd6-448b-b82c-71a75241bd23\": [36, 30, 24, 32, 22, 28, 20, 34, 18, 26], \"3b262689-7127-4814-bab5-a1972e0869d4\": \"ccarbors.com\", \"559340ef-728e-4935-84cc-443bd407f901\": [111, 113, 115, 117, 119, 121], \"688e0d64-8999-47be-a427-f9e9c6e1789e\": [], \"702dab28-10e4-44a1-9271-72e0eda7fa6e\": \"At Complete Care at Arbors, we understand the nuances that uplift the spirit and inspire optimism. With well-appointed, private and semi-private rooms and a host of amenities, Complete Care at Arbors is all about providing care that elevates patient health and wellbeing. Free Wi-Fi lets you keep in touch with family and friends, and we provide cable TV in every room. Residents enjoy full stylist services provided by our convenient on-site beauty salon.\", \"7270a303-7119-43a8-b9bb-8360964189de\": [137, 138, 136], \"85dc9325-7c30-405d-9715-22e9294f7735\": \"At Complete Care at Arbors, a Toms River nursing home, we pride ourselves on the relationships we build with our residents and staff. Through frequent site visits and a hands-on approach from our top leadership, we create strong connections with both the residents and staff in our facilities. By creating a loyal and approachable environment, we ensure everyone feels like family.\", \"92b514e7-6c85-40f3-9885-4ed4138887ea\": [], \"b2903903-6010-4012-bc8c-c8c21f059638\": [86], \"cced3c80-6988-403a-9b5a-14455350e923\": []}',1,'2025-04-18 18:45:07','2025-08-20 17:52:22','6289baf3-0cee-4fba-a13e-ab6a7ce33cbe'),
(220,220,1,NULL,'__temp_myvhqbghrfcrejjoddsgbwksajddqjmvqfvc',NULL,NULL,1,'2025-04-25 18:32:58','2025-04-25 18:32:58','afec5aca-e422-4cd5-858e-c491ca4004fb'),
(223,223,1,'Complete Care at Arbors','ccarbors','locations/ccarbors','{\"075f1904-e0fc-49c8-9cfb-6990ae779dec\": \"Complete Care at Arbors\", \"0783e761-d312-48eb-a4f3-02333736ad99\": \"Complete Care at Arbors, a Toms River NJ skilled nursing facility, ensures a full continuum of care. Our expert physicians and staff deliver outstanding treatment with a focus on our patients’ overall wellbeing.\", \"0be5b641-0a34-4d93-8816-9a4b1ad24ffd\": [], \"0d6389a7-9cd0-496d-96dd-72ebf02f7bbb\": {\"number\": \"(732) 914-0090\", \"region\": \"US\"}, \"20f5fa3c-80d5-481b-862d-599d54f0fd29\": \"Our driving purpose is to make a real difference in the lives of our patients, by providing high-quality services and compassionate care every day. Complete Care at Arbors is located at 1750 NJ-37 in Toms River, New Jersey. Our convenient location is just steps away from hospitals and medical centers.\", \"2bdc1e0d-4fd6-448b-b82c-71a75241bd23\": [36, 30, 24, 32, 22, 28, 20, 34, 18, 26], \"3b262689-7127-4814-bab5-a1972e0869d4\": \"ccarbors.com\", \"559340ef-728e-4935-84cc-443bd407f901\": [111, 113, 115, 117, 119, 121], \"688e0d64-8999-47be-a427-f9e9c6e1789e\": [], \"702dab28-10e4-44a1-9271-72e0eda7fa6e\": \"At Complete Care at Arbors, we understand the nuances that uplift the spirit and inspire optimism. With well-appointed, private and semi-private rooms and a host of amenities, Complete Care at Arbors is all about providing care that elevates patient health and wellbeing. Free Wi-Fi lets you keep in touch with family and friends, and we provide cable TV in every room. Residents enjoy full stylist services provided by our convenient on-site beauty salon.\", \"7270a303-7119-43a8-b9bb-8360964189de\": [137, 138, 136], \"85dc9325-7c30-405d-9715-22e9294f7735\": \"At Complete Care at Arbors, a Toms River nursing home, we pride ourselves on the relationships we build with our residents and staff. Through frequent site visits and a hands-on approach from our top leadership, we create strong connections with both the residents and staff in our facilities. By creating a loyal and approachable environment, we ensure everyone feels like family.\", \"92b514e7-6c85-40f3-9885-4ed4138887ea\": [], \"b2903903-6010-4012-bc8c-c8c21f059638\": [86], \"cced3c80-6988-403a-9b5a-14455350e923\": []}',1,'2025-07-28 21:11:58','2025-08-20 17:52:24','1a00d447-533f-4e96-a485-f20fbbf63b41'),
(229,229,1,'Complete Care at Arbors','ccarbors','locations/ccarbors','{\"075f1904-e0fc-49c8-9cfb-6990ae779dec\": \"Complete Care at Arbors\", \"0783e761-d312-48eb-a4f3-02333736ad99\": \"Complete Care at Arbors, a Toms River NJ skilled nursing facility, ensures a full continuum of care. Our expert physicians and staff deliver outstanding treatment with a focus on our patients’ overall wellbeing.\", \"0be5b641-0a34-4d93-8816-9a4b1ad24ffd\": [\"bariatricCare\", \"infectiousDiseaseCare\", \"neuroStrokeCare\", \"pulmonaryCare\"], \"0d6389a7-9cd0-496d-96dd-72ebf02f7bbb\": {\"number\": \"(732) 914-0090\", \"region\": \"US\"}, \"20f5fa3c-80d5-481b-862d-599d54f0fd29\": \"Our driving purpose is to make a real difference in the lives of our patients, by providing high-quality services and compassionate care every day. Complete Care at Arbors is located at 1750 NJ-37 in Toms River, New Jersey. Our convenient location is just steps away from hospitals and medical centers.\", \"2bdc1e0d-4fd6-448b-b82c-71a75241bd23\": [36, 30, 24, 32, 22, 28, 20, 34, 18, 26], \"3b262689-7127-4814-bab5-a1972e0869d4\": \"ccarbors.com\", \"559340ef-728e-4935-84cc-443bd407f901\": [111, 113, 115, 117, 119, 121], \"688e0d64-8999-47be-a427-f9e9c6e1789e\": [], \"702dab28-10e4-44a1-9271-72e0eda7fa6e\": \"At Complete Care at Arbors, we understand the nuances that uplift the spirit and inspire optimism. With well-appointed, private and semi-private rooms and a host of amenities, Complete Care at Arbors is all about providing care that elevates patient health and wellbeing. Free Wi-Fi lets you keep in touch with family and friends, and we provide cable TV in every room. Residents enjoy full stylist services provided by our convenient on-site beauty salon.\", \"7270a303-7119-43a8-b9bb-8360964189de\": [137, 138, 136], \"85dc9325-7c30-405d-9715-22e9294f7735\": \"At Complete Care at Arbors, a Toms River nursing home, we pride ourselves on the relationships we build with our residents and staff. Through frequent site visits and a hands-on approach from our top leadership, we create strong connections with both the residents and staff in our facilities. By creating a loyal and approachable environment, we ensure everyone feels like family.\", \"92b514e7-6c85-40f3-9885-4ed4138887ea\": [], \"b2903903-6010-4012-bc8c-c8c21f059638\": [86], \"cced3c80-6988-403a-9b5a-14455350e923\": []}',1,'2025-07-28 21:22:01','2025-08-20 17:52:24','b2ea5d1a-f9c5-4453-817b-cfc29683a835'),
(231,231,1,'Complete Care at Arbors','ccarbors','locations/ccarbors','{\"075f1904-e0fc-49c8-9cfb-6990ae779dec\": \"Complete Care at Arbors\", \"0783e761-d312-48eb-a4f3-02333736ad99\": \"Complete Care at Arbors, a Toms River NJ skilled nursing facility, ensures a full continuum of care. Our expert physicians and staff deliver outstanding treatment with a focus on our patients’ overall wellbeing.\", \"0be5b641-0a34-4d93-8816-9a4b1ad24ffd\": [\"bariatricCare\", \"infectiousDiseaseCare\", \"neuroStrokeCare\", \"pulmonaryCare\"], \"0d6389a7-9cd0-496d-96dd-72ebf02f7bbb\": {\"number\": \"(732) 914-0090\", \"region\": \"US\"}, \"20f5fa3c-80d5-481b-862d-599d54f0fd29\": \"Our driving purpose is to make a real difference in the lives of our patients, by providing high-quality services and compassionate care every day. Complete Care at Arbors is located at 1750 NJ-37 in Toms River, New Jersey. Our convenient location is just steps away from hospitals and medical centers.\", \"2bdc1e0d-4fd6-448b-b82c-71a75241bd23\": [36, 30, 24, 32, 22, 28, 20, 34, 18, 26], \"31a45631-ecd4-4327-aca7-18b9d213bb16\": \"info@ccarbors.com\", \"3b262689-7127-4814-bab5-a1972e0869d4\": \"ccarbors.com\", \"559340ef-728e-4935-84cc-443bd407f901\": [111, 113, 115, 117, 119, 121], \"688e0d64-8999-47be-a427-f9e9c6e1789e\": [], \"702dab28-10e4-44a1-9271-72e0eda7fa6e\": \"At Complete Care at Arbors, we understand the nuances that uplift the spirit and inspire optimism. With well-appointed, private and semi-private rooms and a host of amenities, Complete Care at Arbors is all about providing care that elevates patient health and wellbeing. Free Wi-Fi lets you keep in touch with family and friends, and we provide cable TV in every room. Residents enjoy full stylist services provided by our convenient on-site beauty salon.\", \"7270a303-7119-43a8-b9bb-8360964189de\": [137, 138, 136], \"85dc9325-7c30-405d-9715-22e9294f7735\": \"At Complete Care at Arbors, a Toms River nursing home, we pride ourselves on the relationships we build with our residents and staff. Through frequent site visits and a hands-on approach from our top leadership, we create strong connections with both the residents and staff in our facilities. By creating a loyal and approachable environment, we ensure everyone feels like family.\", \"92b514e7-6c85-40f3-9885-4ed4138887ea\": [], \"b2903903-6010-4012-bc8c-c8c21f059638\": [86], \"cced3c80-6988-403a-9b5a-14455350e923\": []}',1,'2025-07-28 21:31:35','2025-08-20 17:52:24','31f4f30f-aa50-41f9-991c-1f01f70f3fb4'),
(234,234,1,'Complete Care at Arbors','ccarbors','locations/ccarbors','{\"075f1904-e0fc-49c8-9cfb-6990ae779dec\": \"Complete Care at Arbors\", \"0783e761-d312-48eb-a4f3-02333736ad99\": \"Complete Care at Arbors, a Toms River NJ skilled nursing facility, ensures a full continuum of care. Our expert physicians and staff deliver outstanding treatment with a focus on our patients’ overall wellbeing.\", \"0be5b641-0a34-4d93-8816-9a4b1ad24ffd\": [\"bariatricCare\", \"infectiousDiseaseCare\", \"neuroStrokeCare\", \"pulmonaryCare\"], \"0d6389a7-9cd0-496d-96dd-72ebf02f7bbb\": {\"number\": \"(732) 914-0090\", \"region\": \"US\"}, \"20f5fa3c-80d5-481b-862d-599d54f0fd29\": \"Our driving purpose is to make a real difference in the lives of our patients, by providing high-quality services and compassionate care every day. Complete Care at Arbors is located at 1750 NJ-37 in Toms River, New Jersey. Our convenient location is just steps away from hospitals and medical centers.\", \"2bdc1e0d-4fd6-448b-b82c-71a75241bd23\": [36, 30, 24, 32, 22, 28, 20, 34, 18, 26], \"31a45631-ecd4-4327-aca7-18b9d213bb16\": \"info@ccarbors.com\", \"3b262689-7127-4814-bab5-a1972e0869d4\": \"ccarbors.com\", \"559340ef-728e-4935-84cc-443bd407f901\": [111, 113, 115, 117, 119, 121], \"688e0d64-8999-47be-a427-f9e9c6e1789e\": [], \"702dab28-10e4-44a1-9271-72e0eda7fa6e\": \"At Complete Care at Arbors, we understand the nuances that uplift the spirit and inspire optimism. With well-appointed, private and semi-private rooms and a host of amenities, Complete Care at Arbors is all about providing care that elevates patient health and wellbeing. Free Wi-Fi lets you keep in touch with family and friends, and we provide cable TV in every room. Residents enjoy full stylist services provided by our convenient on-site beauty salon.\", \"7270a303-7119-43a8-b9bb-8360964189de\": [137, 138, 136], \"85dc9325-7c30-405d-9715-22e9294f7735\": \"At Complete Care at Arbors, a Toms River nursing home, we pride ourselves on the relationships we build with our residents and staff. Through frequent site visits and a hands-on approach from our top leadership, we create strong connections with both the residents and staff in our facilities. By creating a loyal and approachable environment, we ensure everyone feels like family.\", \"92b514e7-6c85-40f3-9885-4ed4138887ea\": [], \"b2903903-6010-4012-bc8c-c8c21f059638\": [86], \"cced3c80-6988-403a-9b5a-14455350e923\": []}',1,'2025-07-28 23:11:28','2025-08-20 17:52:24','3ca3819c-b616-44e5-8d3e-b29d607bc1a8'),
(264,264,1,'Complete Care at Arbors','ccarbors','locations/ccarbors','{\"075f1904-e0fc-49c8-9cfb-6990ae779dec\": \"Complete Care at Arbors\", \"0783e761-d312-48eb-a4f3-02333736ad99\": \"Complete Care at Arbors, a Toms River NJ skilled nursing facility, ensures a full continuum of care. Our expert physicians and staff deliver outstanding treatment with a focus on our patients’ overall wellbeing.\", \"0be5b641-0a34-4d93-8816-9a4b1ad24ffd\": [\"bariatricCare\", \"infectiousDiseaseCare\", \"neuroStrokeCare\", \"pulmonaryCare\"], \"0d6389a7-9cd0-496d-96dd-72ebf02f7bbb\": {\"number\": \"(732) 914-0090\", \"region\": \"US\"}, \"20f5fa3c-80d5-481b-862d-599d54f0fd29\": \"Our driving purpose is to make a real difference in the lives of our patients, by providing high-quality services and compassionate care every day. Complete Care at Arbors is located at 1750 NJ-37 in Toms River, New Jersey. Our convenient location is just steps away from hospitals and medical centers.\", \"2bdc1e0d-4fd6-448b-b82c-71a75241bd23\": [36, 30, 24, 32, 22, 28, 20, 34, 18, 26], \"31a45631-ecd4-4327-aca7-18b9d213bb16\": \"info@ccarbors.com\", \"3b262689-7127-4814-bab5-a1972e0869d4\": \"ccarbors.com\", \"559340ef-728e-4935-84cc-443bd407f901\": [111, 113, 115, 117, 119, 121], \"688e0d64-8999-47be-a427-f9e9c6e1789e\": [], \"702dab28-10e4-44a1-9271-72e0eda7fa6e\": \"At Complete Care at Arbors, we understand the nuances that uplift the spirit and inspire optimism. With well-appointed, private and semi-private rooms and a host of amenities, Complete Care at Arbors is all about providing care that elevates patient health and wellbeing. Free Wi-Fi lets you keep in touch with family and friends, and we provide cable TV in every room. Residents enjoy full stylist services provided by our convenient on-site beauty salon.\", \"7270a303-7119-43a8-b9bb-8360964189de\": [137, 138, 136], \"85dc9325-7c30-405d-9715-22e9294f7735\": \"At Complete Care at Arbors, a Toms River nursing home, we pride ourselves on the relationships we build with our residents and staff. Through frequent site visits and a hands-on approach from our top leadership, we create strong connections with both the residents and staff in our facilities. By creating a loyal and approachable environment, we ensure everyone feels like family.\", \"92b514e7-6c85-40f3-9885-4ed4138887ea\": [], \"b2903903-6010-4012-bc8c-c8c21f059638\": [86], \"cced3c80-6988-403a-9b5a-14455350e923\": [\"residentialCare\"]}',1,'2025-07-29 20:36:08','2025-08-20 17:52:25','beeb9ca8-2897-4f5a-88ca-4d514695d9ab'),
(283,283,1,'The Future of  Healthcare is Here','building-a-foundation-of-preventive-care','resources/building-a-foundation-of-preventive-care','{\"6507c83d-4852-4bbd-9fee-2e10673e660b\": [\"health\", \"rehabilitation\"], \"909d57b4-6b9f-42fb-8e21-bd64fb6371e6\": \"Preventive care is the cornerstone of long-lasting health. In this piece, we explore simple yet effective methods for early intervention and sustained well-being. Learn how everyday choices can protect you\", \"aceb4af7-e092-4894-a59a-eafca28db8e2\": [285], \"bd5a1d46-6844-4735-ad59-9d17e566aa16\": \"articles\"}',1,'2025-07-30 21:03:21','2025-07-30 23:10:37','f2f7882d-a031-494b-a1cf-5f300cf6d4ae'),
(284,284,1,'Building a Foundation  of Preventive Care','building-a-foundation-of-preventive-care','resources/building-a-foundation-of-preventive-care','{\"6507c83d-4852-4bbd-9fee-2e10673e660b\": [\"health\", \"rehabilitation\"], \"909d57b4-6b9f-42fb-8e21-bd64fb6371e6\": \"Preventive care is the cornerstone of long-lasting health. In this piece, we explore simple yet effective methods for early intervention and sustained well-being. Learn how everyday choices can protect you\", \"bd5a1d46-6844-4735-ad59-9d17e566aa16\": \"articles\"}',1,'2025-07-30 21:07:37','2025-07-30 21:07:37','4fcacd07-c9d2-43d1-98f9-ed2b92d94568'),
(285,285,1,'Hands holding',NULL,NULL,NULL,1,'2025-07-30 22:47:59','2025-07-30 22:47:59','f0cadabe-9409-47ba-9d93-3b26e25e7c5e'),
(287,287,1,'Building a Foundation  of Preventive Care','building-a-foundation-of-preventive-care','resources/building-a-foundation-of-preventive-care','{\"6507c83d-4852-4bbd-9fee-2e10673e660b\": [\"health\", \"rehabilitation\"], \"909d57b4-6b9f-42fb-8e21-bd64fb6371e6\": \"Preventive care is the cornerstone of long-lasting health. In this piece, we explore simple yet effective methods for early intervention and sustained well-being. Learn how everyday choices can protect you\", \"aceb4af7-e092-4894-a59a-eafca28db8e2\": [285], \"bd5a1d46-6844-4735-ad59-9d17e566aa16\": \"articles\"}',1,'2025-07-30 22:48:02','2025-07-30 22:48:02','1d067e3f-5ba3-4d80-b864-c9e89df06f3c'),
(288,288,1,'Listen to Us: Voices from  New Jersey’s Nursing Homes','building-a-foundation-of-preventive-care-2','resources/building-a-foundation-of-preventive-care-2','{\"6507c83d-4852-4bbd-9fee-2e10673e660b\": [\"health\", \"rehabilitation\"], \"909d57b4-6b9f-42fb-8e21-bd64fb6371e6\": \"Preventive care is the cornerstone of long-lasting health. In this piece, we explore simple yet effective methods for early intervention and sustained well-being. Learn how everyday choices can protect you\", \"aceb4af7-e092-4894-a59a-eafca28db8e2\": [285], \"bd5a1d46-6844-4735-ad59-9d17e566aa16\": \"news\"}',1,'2025-07-30 22:56:29','2025-07-30 23:10:31','7cbefe44-6dba-44c0-b966-13ff3189c932'),
(289,289,1,'Building a Foundation  of Preventive Care','building-a-foundation-of-preventive-care-2','resources/building-a-foundation-of-preventive-care-2','{\"6507c83d-4852-4bbd-9fee-2e10673e660b\": [\"health\", \"rehabilitation\"], \"909d57b4-6b9f-42fb-8e21-bd64fb6371e6\": \"Preventive care is the cornerstone of long-lasting health. In this piece, we explore simple yet effective methods for early intervention and sustained well-being. Learn how everyday choices can protect you\", \"aceb4af7-e092-4894-a59a-eafca28db8e2\": [285], \"bd5a1d46-6844-4735-ad59-9d17e566aa16\": \"articles\"}',1,'2025-07-30 22:56:29','2025-07-30 22:56:29','45d991df-91e6-4553-92ef-5a2bd65c715a'),
(290,290,1,'Innovative Approaches  to Wellness','building-a-foundation-of-preventive-care-3','resources/building-a-foundation-of-preventive-care-3','{\"6507c83d-4852-4bbd-9fee-2e10673e660b\": [\"health\", \"rehabilitation\"], \"909d57b4-6b9f-42fb-8e21-bd64fb6371e6\": \"Preventive care is the cornerstone of long-lasting health. In this piece, we explore simple yet effective methods for early intervention and sustained well-being. Learn how everyday choices can protect you\", \"aceb4af7-e092-4894-a59a-eafca28db8e2\": [285], \"bd5a1d46-6844-4735-ad59-9d17e566aa16\": \"caseStudies\"}',1,'2025-07-30 22:56:32','2025-07-30 23:11:02','74a54fc5-c02f-4181-901f-36c9299eca42'),
(291,291,1,'Building a Foundation  of Preventive Care','building-a-foundation-of-preventive-care-3','resources/building-a-foundation-of-preventive-care-3','{\"6507c83d-4852-4bbd-9fee-2e10673e660b\": [\"health\", \"rehabilitation\"], \"909d57b4-6b9f-42fb-8e21-bd64fb6371e6\": \"Preventive care is the cornerstone of long-lasting health. In this piece, we explore simple yet effective methods for early intervention and sustained well-being. Learn how everyday choices can protect you\", \"aceb4af7-e092-4894-a59a-eafca28db8e2\": [285], \"bd5a1d46-6844-4735-ad59-9d17e566aa16\": \"articles\"}',1,'2025-07-30 22:56:32','2025-07-30 22:56:32','fff9e328-aa05-4d69-852e-16f2f61a484a'),
(292,292,1,'Navigating Your Path  to Complete Care','building-a-foundation-of-preventive-care-4','resources/building-a-foundation-of-preventive-care-4','{\"6507c83d-4852-4bbd-9fee-2e10673e660b\": [\"health\", \"rehabilitation\"], \"909d57b4-6b9f-42fb-8e21-bd64fb6371e6\": \"Preventive care is the cornerstone of long-lasting health. In this piece, we explore simple yet effective methods for early intervention and sustained well-being. Learn how everyday choices can protect you\", \"aceb4af7-e092-4894-a59a-eafca28db8e2\": [285], \"bd5a1d46-6844-4735-ad59-9d17e566aa16\": \"videos\"}',1,'2025-07-30 22:56:33','2025-07-30 23:10:55','a39a614c-ffef-4c5e-a60a-d560f705f957'),
(293,293,1,'Building a Foundation  of Preventive Care','building-a-foundation-of-preventive-care-4','resources/building-a-foundation-of-preventive-care-4','{\"6507c83d-4852-4bbd-9fee-2e10673e660b\": [\"health\", \"rehabilitation\"], \"909d57b4-6b9f-42fb-8e21-bd64fb6371e6\": \"Preventive care is the cornerstone of long-lasting health. In this piece, we explore simple yet effective methods for early intervention and sustained well-being. Learn how everyday choices can protect you\", \"aceb4af7-e092-4894-a59a-eafca28db8e2\": [285], \"bd5a1d46-6844-4735-ad59-9d17e566aa16\": \"articles\"}',1,'2025-07-30 22:56:33','2025-07-30 22:56:33','7c4c791a-9402-4d6d-89af-9645daa30c01'),
(294,294,1,'Building a Foundation  of Preventive Care','building-a-foundation-of-preventive-care-5','resources/building-a-foundation-of-preventive-care-5','{\"3bd7f129-28a9-4a77-8dac-a592f11fdf61\":\"<h1>Placeholder Text</h1><p>Lorem ipsum dolor sit amet. Rem eaque molestiae est consequuntur consequatur quo necessitatibus corrupti non nihil incidunt nam voluptatibus optio. Est molestias sint et quis commodi sed nemo cupiditate sed quia odio est magni quidem. In nulla tenetur aut doloribus omnis id saepe eius est deserunt nemo ea suscipit repudiandae qui eius ipsa et velit iure. Eos tempora officiis qui rerum Quis et sunt fuga id itaque animi qui voluptatibus eius ea eaque dolorem.</p><h2>Nam voluptates atque et voluptatem sapiente vel quia soluta?</h2><p>Id dicta consequatur ea molestiae libero sed atque vero vel cupiditate similique ab odio laborum sed commodi deserunt. Sed itaque voluptas qui voluptas quidem et consequuntur possimus nam optio enim qui quae culpa quo temporibus accusantium non magni doloribus? Nam quia quis et modi harum in reprehenderit architecto.</p><h3>Ea molestias nostrum est corrupti voluptatem.</h3><p>Aut dolores fugiat ea odio voluptas in excepturi ipsam aut consequatur molestiae et rerum esse vel repudiandae harum. In nostrum quisquam qui fugiat temporibus hic quam labore quo quia labore.</p><h4>Aut nobis iste vel dolor voluptatibus At quis rerum.</h4><p>Ab vero quidem est voluptas suscipit ut facilis dolorem. Ut dolorem expedita vel enim soluta est nihil quos!</p><p>Aut quod tenetur ut excepturi quos.</p><p>Vel illum reprehenderit eum inventore quia qui autem necessitatibus et enim provident aut voluptatibus quibusdam! Aut laboriosam esse et eius ipsum sed corrupti facilis id dolor sequi est distinctio ipsa et porro eius sit quae aperiam!</p><p>Aut rerum eligendi ab tenetur sapiente et magni natus aut rerum quia quo unde similique. Aut nihil odio non molestiae dolorem et quaerat dolorem eos tempore neque aut libero quasi vel rerum quisquam.</p><p>Est rerum eveniet et culpa neque cum vitae quidem. Est expedita dignissimos id molestiae velit eos fugiat deleniti et fugit laboriosam et facilis quidem quo dolore amet non odit repudiandae. Sed sint maiores qui velit sequi et aliquid quam qui earum enim. Hic illo itaque rem ipsa dolore ut fugiat quisquam vel reprehenderit ipsum.</p><p>Et nulla aliquam eos saepe assumenda ut enim nulla! Et nobis dolores est commodi rerum ad facere mollitia ut fuga possimus et deserunt possimus hic pariatur galisum qui voluptates veritatis! Et repudiandae internos ut rerum quasi in nisi autem 33 amet aliquid qui consequatur enim et perferendis obcaecati cum iure numquam. In voluptatibus voluptas ut eaque nihil sed harum rerum 33 inventore voluptatem est dolores reprehenderit qui ullam voluptatem quo sint voluptas.</p>\",\"aceb4af7-e092-4894-a59a-eafca28db8e2\":[285],\"bd5a1d46-6844-4735-ad59-9d17e566aa16\":\"articles\",\"6507c83d-4852-4bbd-9fee-2e10673e660b\":[\"health\",\"rehabilitation\"],\"909d57b4-6b9f-42fb-8e21-bd64fb6371e6\":\"Preventive care is the cornerstone of long-lasting health. In this piece, we explore simple yet effective methods for early intervention and sustained well-being. Learn how everyday choices can protect you\"}',1,'2025-07-30 22:56:34','2025-09-05 20:01:55','45de7097-88c9-466b-9b4f-a3b8783a3971'),
(295,295,1,'Building a Foundation  of Preventive Care','building-a-foundation-of-preventive-care-5','resources/building-a-foundation-of-preventive-care-5','{\"6507c83d-4852-4bbd-9fee-2e10673e660b\": [\"health\", \"rehabilitation\"], \"909d57b4-6b9f-42fb-8e21-bd64fb6371e6\": \"Preventive care is the cornerstone of long-lasting health. In this piece, we explore simple yet effective methods for early intervention and sustained well-being. Learn how everyday choices can protect you\", \"aceb4af7-e092-4894-a59a-eafca28db8e2\": [285], \"bd5a1d46-6844-4735-ad59-9d17e566aa16\": \"articles\"}',1,'2025-07-30 22:56:34','2025-07-30 22:56:34','4ef4f17b-dcb3-421d-8695-ea43ecea49b7'),
(296,296,1,'Listen to Us: Voices from  New Jersey’s Nursing Homes','building-a-foundation-of-preventive-care-6','resources/building-a-foundation-of-preventive-care-6','{\"6507c83d-4852-4bbd-9fee-2e10673e660b\": [\"health\", \"rehabilitation\"], \"909d57b4-6b9f-42fb-8e21-bd64fb6371e6\": \"Preventive care is the cornerstone of long-lasting health. In this piece, we explore simple yet effective methods for early intervention and sustained well-being. Learn how everyday choices can protect you\", \"aceb4af7-e092-4894-a59a-eafca28db8e2\": [285], \"bd5a1d46-6844-4735-ad59-9d17e566aa16\": \"articles\"}',1,'2025-07-30 22:56:35','2025-07-30 23:10:45','90c1a5cf-266c-4ddd-a6d5-23c6419a832d'),
(297,297,1,'Building a Foundation  of Preventive Care','building-a-foundation-of-preventive-care-6','resources/building-a-foundation-of-preventive-care-6','{\"6507c83d-4852-4bbd-9fee-2e10673e660b\": [\"health\", \"rehabilitation\"], \"909d57b4-6b9f-42fb-8e21-bd64fb6371e6\": \"Preventive care is the cornerstone of long-lasting health. In this piece, we explore simple yet effective methods for early intervention and sustained well-being. Learn how everyday choices can protect you\", \"aceb4af7-e092-4894-a59a-eafca28db8e2\": [285], \"bd5a1d46-6844-4735-ad59-9d17e566aa16\": \"articles\"}',1,'2025-07-30 22:56:35','2025-07-30 22:56:35','83ffa419-b1b5-41f7-9618-53176c8a7563'),
(299,299,1,'Building a Foundation  of Preventive Care','building-a-foundation-of-preventive-care-2','resources/building-a-foundation-of-preventive-care-2','{\"6507c83d-4852-4bbd-9fee-2e10673e660b\": [\"health\", \"rehabilitation\"], \"909d57b4-6b9f-42fb-8e21-bd64fb6371e6\": \"Preventive care is the cornerstone of long-lasting health. In this piece, we explore simple yet effective methods for early intervention and sustained well-being. Learn how everyday choices can protect you\", \"aceb4af7-e092-4894-a59a-eafca28db8e2\": [285], \"bd5a1d46-6844-4735-ad59-9d17e566aa16\": \"news\"}',1,'2025-07-30 22:58:03','2025-07-30 22:58:03','3057de29-3da2-457c-b67c-9557ff177db2'),
(301,301,1,'Building a Foundation  of Preventive Care','building-a-foundation-of-preventive-care-3','resources/building-a-foundation-of-preventive-care-3','{\"6507c83d-4852-4bbd-9fee-2e10673e660b\": [\"health\", \"rehabilitation\"], \"909d57b4-6b9f-42fb-8e21-bd64fb6371e6\": \"Preventive care is the cornerstone of long-lasting health. In this piece, we explore simple yet effective methods for early intervention and sustained well-being. Learn how everyday choices can protect you\", \"aceb4af7-e092-4894-a59a-eafca28db8e2\": [285], \"bd5a1d46-6844-4735-ad59-9d17e566aa16\": \"caseStudies\"}',1,'2025-07-30 22:58:06','2025-07-30 22:58:06','57dd2e28-faff-4bcc-bfdf-8b34332d0983'),
(303,303,1,'Building a Foundation  of Preventive Care','building-a-foundation-of-preventive-care-4','resources/building-a-foundation-of-preventive-care-4','{\"6507c83d-4852-4bbd-9fee-2e10673e660b\": [\"health\", \"rehabilitation\"], \"909d57b4-6b9f-42fb-8e21-bd64fb6371e6\": \"Preventive care is the cornerstone of long-lasting health. In this piece, we explore simple yet effective methods for early intervention and sustained well-being. Learn how everyday choices can protect you\", \"aceb4af7-e092-4894-a59a-eafca28db8e2\": [285], \"bd5a1d46-6844-4735-ad59-9d17e566aa16\": \"videos\"}',1,'2025-07-30 22:58:10','2025-07-30 22:58:10','df660f59-be9e-4c27-8acd-bae4711ed093'),
(305,305,1,'Listen to Us: Voices from  New Jersey’s Nursing Homes','building-a-foundation-of-preventive-care-2','resources/building-a-foundation-of-preventive-care-2','{\"6507c83d-4852-4bbd-9fee-2e10673e660b\": [\"health\", \"rehabilitation\"], \"909d57b4-6b9f-42fb-8e21-bd64fb6371e6\": \"Preventive care is the cornerstone of long-lasting health. In this piece, we explore simple yet effective methods for early intervention and sustained well-being. Learn how everyday choices can protect you\", \"aceb4af7-e092-4894-a59a-eafca28db8e2\": [285], \"bd5a1d46-6844-4735-ad59-9d17e566aa16\": \"news\"}',1,'2025-07-30 23:10:31','2025-07-30 23:10:31','ff2c2b64-b97e-4b14-999a-281a12d25573'),
(306,306,1,'The Future of  Healthcare is Here','building-a-foundation-of-preventive-care','resources/building-a-foundation-of-preventive-care','{\"6507c83d-4852-4bbd-9fee-2e10673e660b\": [\"health\", \"rehabilitation\"], \"909d57b4-6b9f-42fb-8e21-bd64fb6371e6\": \"Preventive care is the cornerstone of long-lasting health. In this piece, we explore simple yet effective methods for early intervention and sustained well-being. Learn how everyday choices can protect you\", \"aceb4af7-e092-4894-a59a-eafca28db8e2\": [285], \"bd5a1d46-6844-4735-ad59-9d17e566aa16\": \"articles\"}',1,'2025-07-30 23:10:37','2025-07-30 23:10:37','f1fae36a-e73b-47e0-968e-53ad17901235'),
(308,308,1,'Listen to Us: Voices from  New Jersey’s Nursing Homes','building-a-foundation-of-preventive-care-6','resources/building-a-foundation-of-preventive-care-6','{\"6507c83d-4852-4bbd-9fee-2e10673e660b\": [\"health\", \"rehabilitation\"], \"909d57b4-6b9f-42fb-8e21-bd64fb6371e6\": \"Preventive care is the cornerstone of long-lasting health. In this piece, we explore simple yet effective methods for early intervention and sustained well-being. Learn how everyday choices can protect you\", \"aceb4af7-e092-4894-a59a-eafca28db8e2\": [285], \"bd5a1d46-6844-4735-ad59-9d17e566aa16\": \"articles\"}',1,'2025-07-30 23:10:45','2025-07-30 23:10:45','714424eb-5f13-4f9c-adca-7a30e55d35b1'),
(310,310,1,'Navigating Your Path  to Complete Care','building-a-foundation-of-preventive-care-4','resources/building-a-foundation-of-preventive-care-4','{\"6507c83d-4852-4bbd-9fee-2e10673e660b\": [\"health\", \"rehabilitation\"], \"909d57b4-6b9f-42fb-8e21-bd64fb6371e6\": \"Preventive care is the cornerstone of long-lasting health. In this piece, we explore simple yet effective methods for early intervention and sustained well-being. Learn how everyday choices can protect you\", \"aceb4af7-e092-4894-a59a-eafca28db8e2\": [285], \"bd5a1d46-6844-4735-ad59-9d17e566aa16\": \"videos\"}',1,'2025-07-30 23:10:55','2025-07-30 23:10:55','483fd053-64cc-4b1c-b2aa-c80eef82f602'),
(311,311,1,'Innovative Approaches  to Wellness','building-a-foundation-of-preventive-care-3','resources/building-a-foundation-of-preventive-care-3','{\"6507c83d-4852-4bbd-9fee-2e10673e660b\": [\"health\", \"rehabilitation\"], \"909d57b4-6b9f-42fb-8e21-bd64fb6371e6\": \"Preventive care is the cornerstone of long-lasting health. In this piece, we explore simple yet effective methods for early intervention and sustained well-being. Learn how everyday choices can protect you\", \"aceb4af7-e092-4894-a59a-eafca28db8e2\": [285], \"bd5a1d46-6844-4735-ad59-9d17e566aa16\": \"caseStudies\"}',1,'2025-07-30 23:11:02','2025-07-30 23:11:02','48631e76-edb5-4bb8-b528-988228c21e95'),
(314,314,1,'Building a Foundation  of Preventive Care','building-a-foundation-of-preventive-care-5','resources/building-a-foundation-of-preventive-care-5','{\"6507c83d-4852-4bbd-9fee-2e10673e660b\": [\"health\", \"rehabilitation\"], \"909d57b4-6b9f-42fb-8e21-bd64fb6371e6\": \"Preventive care is the cornerstone of long-lasting health. In this piece, we explore simple yet effective methods for early intervention and sustained well-being. Learn how everyday choices can protect you\", \"aceb4af7-e092-4894-a59a-eafca28db8e2\": [285], \"bd5a1d46-6844-4735-ad59-9d17e566aa16\": \"articles\"}',1,'2025-07-30 23:11:29','2025-07-30 23:11:29','efb49a7f-2aa6-4ce4-91f7-c6b390563e8e'),
(315,315,1,'Listen to Us: Voices from  New Jersey’s Nursing Homes','building-a-foundation-of-preventive-care-6','resources/building-a-foundation-of-preventive-care-6','{\"6507c83d-4852-4bbd-9fee-2e10673e660b\": [\"health\", \"rehabilitation\"], \"909d57b4-6b9f-42fb-8e21-bd64fb6371e6\": \"Preventive care is the cornerstone of long-lasting health. In this piece, we explore simple yet effective methods for early intervention and sustained well-being. Learn how everyday choices can protect you\", \"aceb4af7-e092-4894-a59a-eafca28db8e2\": [285], \"bd5a1d46-6844-4735-ad59-9d17e566aa16\": \"articles\"}',1,'2025-07-30 23:11:31','2025-07-30 23:11:31','61437214-0f13-4281-83ba-8b9cddb2a74c'),
(318,318,1,NULL,'__temp_hxipjgqmdgxeydrzpenhiustiosvhmgikgji',NULL,NULL,1,'2025-07-31 17:41:05','2025-07-31 17:41:05','11324372-1f08-44da-88e5-56fe9866fe9f'),
(319,319,1,'Complete Care at Arbors','ccarbors','locations/ccarbors','{\"075f1904-e0fc-49c8-9cfb-6990ae779dec\": \"Complete Care at Arbors\", \"0783e761-d312-48eb-a4f3-02333736ad99\": \"Complete Care at Arbors, a Toms River NJ skilled nursing facility, ensures a full continuum of care. Our expert physicians and staff deliver outstanding treatment with a focus on our patients’ overall wellbeing.\", \"0be5b641-0a34-4d93-8816-9a4b1ad24ffd\": [\"bariatricCare\", \"infectiousDiseaseCare\", \"neuroStrokeCare\", \"pulmonaryCare\"], \"0d6389a7-9cd0-496d-96dd-72ebf02f7bbb\": {\"number\": \"(732) 914-0090\", \"region\": \"US\"}, \"20f5fa3c-80d5-481b-862d-599d54f0fd29\": \"Our driving purpose is to make a real difference in the lives of our patients, by providing high-quality services and compassionate care every day. Complete Care at Arbors is located at 1750 NJ-37 in Toms River, New Jersey. Our convenient location is just steps away from hospitals and medical centers.\", \"2bdc1e0d-4fd6-448b-b82c-71a75241bd23\": [36, 30, 24, 32, 22, 28, 20, 34, 18, 26], \"31a45631-ecd4-4327-aca7-18b9d213bb16\": \"info@ccarbors.com\", \"3b262689-7127-4814-bab5-a1972e0869d4\": \"ccarbors.com\", \"559340ef-728e-4935-84cc-443bd407f901\": [111, 113, 115, 117, 119, 121], \"688e0d64-8999-47be-a427-f9e9c6e1789e\": [], \"702dab28-10e4-44a1-9271-72e0eda7fa6e\": \"At Complete Care at Arbors, we understand the nuances that uplift the spirit and inspire optimism. With well-appointed, private and semi-private rooms and a host of amenities, Complete Care at Arbors is all about providing care that elevates patient health and wellbeing. Free Wi-Fi lets you keep in touch with family and friends, and we provide cable TV in every room. Residents enjoy full stylist services provided by our convenient on-site beauty salon.\", \"7270a303-7119-43a8-b9bb-8360964189de\": [137, 138, 136], \"85dc9325-7c30-405d-9715-22e9294f7735\": \"At Complete Care at Arbors, a Toms River nursing home, we pride ourselves on the relationships we build with our residents and staff. Through frequent site visits and a hands-on approach from our top leadership, we create strong connections with both the residents and staff in our facilities. By creating a loyal and approachable environment, we ensure everyone feels like family.\", \"92b514e7-6c85-40f3-9885-4ed4138887ea\": [], \"b2903903-6010-4012-bc8c-c8c21f059638\": [86], \"cced3c80-6988-403a-9b5a-14455350e923\": [\"residentialCare\"]}',1,'2025-07-31 18:21:59','2025-08-20 17:52:25','cde5acf2-1ff6-496b-82be-c1dab8413785'),
(323,323,1,'General Information','general-information',NULL,NULL,1,'2025-08-01 17:59:15','2025-08-01 17:59:31','9e3da0a2-f24f-4874-be97-ba17e5d6cc64'),
(324,324,1,'General Information','general-information',NULL,NULL,1,'2025-08-01 17:59:31','2025-08-01 17:59:31','4f8a18ea-2ac4-48e0-9204-28243fc75673'),
(325,325,1,'What types of care do you provide?','what-types-of-care-do-you-provide',NULL,'{\"77b43f80-b3db-4c4a-a697-e7337b02c937\": [329], \"ba4b9e07-f61a-405f-8896-aa42437b9c53\": \"We offer a full range of services, including post-acute rehabilitation, skilled nursing care, long-term care, and specialized programs for chronic conditions.\"}',1,'2025-08-01 17:59:34','2025-08-01 18:06:11','eb123de0-1d19-4f3d-adac-357a4111f450'),
(326,326,1,'What types of care do you provide?','what-types-of-care-do-you-provide',NULL,NULL,1,'2025-08-01 17:59:41','2025-08-01 17:59:41','fbd037c9-1246-44d5-b095-13ac24be8ebb'),
(328,328,1,'What types of care do you provide?','what-types-of-care-do-you-provide',NULL,'{\"77b43f80-b3db-4c4a-a697-e7337b02c937\": []}',1,'2025-08-01 17:59:53','2025-08-01 18:17:25','5709cf60-5b44-43c1-9f15-5a0ee198199c'),
(329,329,1,'General Information','general-information',NULL,NULL,1,'2025-08-01 18:04:51','2025-08-01 18:04:54','76eff9af-3a87-4ca1-a36a-245b56f5165e'),
(330,330,1,'General Information','general-information',NULL,NULL,1,'2025-08-01 18:04:57','2025-08-01 18:04:57','9b5b9c59-16e3-4d56-9e6a-2aedd6b93e77'),
(331,331,1,'Admission Process','admission-process',NULL,NULL,1,'2025-08-01 18:04:57','2025-08-01 18:05:00','9d164f62-464e-4a37-bc85-90cba1372573'),
(332,332,1,'Admission Process','admission-process',NULL,NULL,1,'2025-08-01 18:05:01','2025-08-01 18:05:01','a199e56c-405d-491b-aa96-083651314753'),
(333,333,1,'Care and Services','care-and-services',NULL,NULL,1,'2025-08-01 18:05:01','2025-08-01 18:05:04','4762a1f6-e5fc-4552-9bfd-8b0eff677f3f'),
(334,334,1,'Care and Services','care-and-services',NULL,NULL,1,'2025-08-01 18:05:04','2025-08-01 18:05:04','f98e7aa0-29d0-4688-96fd-261abbc2e32f'),
(335,335,1,'Amenities and Lifestyle','amenities-and-lifestyle',NULL,NULL,1,'2025-08-01 18:05:04','2025-08-01 18:05:07','ef5f3f2d-4700-47dd-98c0-d4c09c1ac754'),
(336,336,1,'Amenities and Lifestyle','amenities-and-lifestyle',NULL,NULL,1,'2025-08-01 18:05:08','2025-08-01 18:05:08','846244b8-15d3-4e5d-95c5-4a52d37b055f'),
(337,337,1,'Visitation and Communication','visitation-and-communication',NULL,NULL,1,'2025-08-01 18:05:08','2025-08-01 18:05:10','5ad8c719-3334-44ea-9482-655315980f8b'),
(338,338,1,'Visitation and Communication','visitation-and-communication',NULL,NULL,1,'2025-08-01 18:05:10','2025-08-01 18:05:10','36fd4abf-c566-4141-bc2d-c0483e4c5508'),
(339,339,1,'Family Support & Involvement','family-support-involvement',NULL,NULL,1,'2025-08-01 18:05:10','2025-08-01 18:05:14','f460074b-0174-4fb4-8ec1-b9e8a36d98c4'),
(340,340,1,'Family Support & Involvement','family-support-involvement',NULL,NULL,1,'2025-08-01 18:05:15','2025-08-01 18:05:15','dd124a39-9d3a-4f1a-a5d8-0edb78d033b2'),
(341,341,1,'Financial Information','financial-information',NULL,NULL,1,'2025-08-01 18:05:15','2025-08-01 18:05:18','0210ddb8-dbce-41a6-853a-049cfd715d52'),
(342,342,1,'Financial Information','financial-information',NULL,NULL,1,'2025-08-01 18:05:18','2025-08-01 18:05:18','5f3d36c6-52e6-43c4-9b68-005e1157d136'),
(343,343,1,'Discharge and Transition','discharge-and-transition',NULL,NULL,1,'2025-08-01 18:05:18','2025-08-01 18:05:21','32416cbb-fd0a-4c33-b53e-58337c37d554'),
(344,344,1,'Discharge and Transition','discharge-and-transition',NULL,NULL,1,'2025-08-01 18:05:21','2025-08-01 18:05:21','02359400-f853-4fae-83cb-305b0fe80d41'),
(347,347,1,'What types of care do you provide?','what-types-of-care-do-you-provide',NULL,'{\"77b43f80-b3db-4c4a-a697-e7337b02c937\": [329], \"ba4b9e07-f61a-405f-8896-aa42437b9c53\": \"We offer a full range of services, including post-acute rehabilitation, skilled nursing care, long-term care, and specialized programs for chronic conditions.\"}',1,'2025-08-01 18:06:11','2025-08-01 18:06:11','b47b4397-9a4e-4592-8815-b49bcf50422f'),
(348,348,1,'What is post-acute care?','what-is-post-acute-care',NULL,'{\"77b43f80-b3db-4c4a-a697-e7337b02c937\": [329], \"ba4b9e07-f61a-405f-8896-aa42437b9c53\": \"Post-acute care provides short-term medical and rehabilitative services following a hospital stay. Our goal is to help patients regain strength, mobility, and independence before returning home.\"}',1,'2025-08-01 18:06:11','2025-08-01 18:06:20','d064bdeb-efc9-46fe-80ee-2050381004db'),
(349,349,1,'What is post-acute care?','what-is-post-acute-care',NULL,'{\"77b43f80-b3db-4c4a-a697-e7337b02c937\": [329], \"ba4b9e07-f61a-405f-8896-aa42437b9c53\": \"Post-acute care provides short-term medical and rehabilitative services following a hospital stay. Our goal is to help patients regain strength, mobility, and independence before returning home.\"}',1,'2025-08-01 18:06:22','2025-08-01 18:06:22','1dde8933-9a09-47d4-93d9-e94ffc65c73b'),
(350,350,1,'How do I know if my loved one needs long-term care?','how-do-i-know-if-my-loved-one-needs-long-term-care',NULL,'{\"77b43f80-b3db-4c4a-a697-e7337b02c937\": [329], \"ba4b9e07-f61a-405f-8896-aa42437b9c53\": \"Long-term care may be appropriate if your loved one requires ongoing medical care, assistance with daily activities, or specialized support for chronic conditions. Our team can guide you through the evaluation process.\"}',1,'2025-08-01 18:06:22','2025-08-01 18:06:39','81a41349-e384-49e2-8df0-711fee9255d4'),
(351,351,1,'How do I know if my loved one needs long-term care?','how-do-i-know-if-my-loved-one-needs-long-term-care',NULL,'{\"77b43f80-b3db-4c4a-a697-e7337b02c937\": [329], \"ba4b9e07-f61a-405f-8896-aa42437b9c53\": \"Long-term care may be appropriate if your loved one requires ongoing medical care, assistance with daily activities, or specialized support for chronic conditions. Our team can guide you through the evaluation process.\"}',1,'2025-08-01 18:06:40','2025-08-01 18:06:40','facf9f24-f572-4f7c-89d8-48ec80b6a169'),
(352,352,1,'How do I start the admissions process?','how-do-i-start-the-admissions-process',NULL,'{\"77b43f80-b3db-4c4a-a697-e7337b02c937\": [331], \"ba4b9e07-f61a-405f-8896-aa42437b9c53\": \"Contact our admissions team at 877-4CCADMIT (877-422-3648). We’ll walk you through the process, answer questions, and help gather necessary medical information.\"}',1,'2025-08-01 18:07:13','2025-08-01 18:07:24','541f8e10-335d-4483-986b-9b89a206e2b8'),
(353,353,1,'How do I start the admissions process?','how-do-i-start-the-admissions-process',NULL,'{\"77b43f80-b3db-4c4a-a697-e7337b02c937\": [331], \"ba4b9e07-f61a-405f-8896-aa42437b9c53\": \"Contact our admissions team at 877-4CCADMIT (877-422-3648). We’ll walk you through the process, answer questions, and help gather necessary medical information.\"}',1,'2025-08-01 18:07:25','2025-08-01 18:07:25','50b34fa8-18c0-4f6d-a470-cab212a1c6da'),
(354,354,1,'What sort of paperwork is required?','what-sort-of-paperwork-is-required',NULL,'{\"77b43f80-b3db-4c4a-a697-e7337b02c937\": [331], \"ba4b9e07-f61a-405f-8896-aa42437b9c53\": \"An admission agreement and documents pertaining to it, such as insurance cards, will need to be completed by either the patient or responsible party within 48 hours of admission.\"}',1,'2025-08-01 18:07:25','2025-08-01 18:07:34','23e41724-d101-469b-b0df-eb5de6fb5de1'),
(355,355,1,'What sort of paperwork is required?','what-sort-of-paperwork-is-required',NULL,'{\"77b43f80-b3db-4c4a-a697-e7337b02c937\": [331], \"ba4b9e07-f61a-405f-8896-aa42437b9c53\": \"An admission agreement and documents pertaining to it, such as insurance cards, will need to be completed by either the patient or responsible party within 48 hours of admission.\"}',1,'2025-08-01 18:07:35','2025-08-01 18:07:35','8db8d349-7542-4394-a7ac-45f4a29f5514'),
(356,356,1,'Can I tour the facility before making a decision?','can-i-tour-the-facility-before-making-a-decision',NULL,'{\"77b43f80-b3db-4c4a-a697-e7337b02c937\": [331], \"ba4b9e07-f61a-405f-8896-aa42437b9c53\": \"Absolutely! We encourage families to visit and meet our team. Contact us to schedule a tour at your convenience.\"}',1,'2025-08-01 18:07:35','2025-08-01 18:07:46','105f558f-f175-4761-a758-600659919398'),
(357,357,1,'Can I tour the facility before making a decision?','can-i-tour-the-facility-before-making-a-decision',NULL,'{\"77b43f80-b3db-4c4a-a697-e7337b02c937\": [331], \"ba4b9e07-f61a-405f-8896-aa42437b9c53\": \"Absolutely! We encourage families to visit and meet our team. Contact us to schedule a tour at your convenience.\"}',1,'2025-08-01 18:07:48','2025-08-01 18:07:48','913cf0ee-4250-4b9b-aae9-44c5f89fc6fe'),
(358,358,1,'What should I bring when my loved one is admitted?','what-should-i-bring-when-my-loved-one-is-admitted',NULL,'{\"77b43f80-b3db-4c4a-a697-e7337b02c937\": [331], \"ba4b9e07-f61a-405f-8896-aa42437b9c53\": \"Recommended items include comfortable clothing, sneakers, toiletries, assistive devices (like hearing aids or glasses), and personal items that bring comfort. We suggest labeling personal items prior to admission. You can also bring change for the vending machines, and any electronics or personal devices to keep you busy. Our admissions team can provide a detailed checklist.\"}',1,'2025-08-01 18:07:51','2025-08-01 18:07:57','6eaa43d3-6eb6-4e28-a82e-52c9e6ae7c88'),
(359,359,1,'What should I bring when my loved one is admitted?','what-should-i-bring-when-my-loved-one-is-admitted',NULL,'{\"77b43f80-b3db-4c4a-a697-e7337b02c937\": [331], \"ba4b9e07-f61a-405f-8896-aa42437b9c53\": \"Recommended items include comfortable clothing, sneakers, toiletries, assistive devices (like hearing aids or glasses), and personal items that bring comfort. We suggest labeling personal items prior to admission. You can also bring change for the vending machines, and any electronics or personal devices to keep you busy. Our admissions team can provide a detailed checklist.\"}',1,'2025-08-01 18:07:58','2025-08-01 18:07:58','575fd055-adf8-4dc4-910a-d22a5dd45021'),
(360,360,1,'What will admission day look like?','what-will-admission-day-look-like',NULL,'{\"77b43f80-b3db-4c4a-a697-e7337b02c937\": [331], \"ba4b9e07-f61a-405f-8896-aa42437b9c53\": \"On the day of admission, a team member will greet your loved one, review their medications and care needs, and help them settle into their room. You may meet a nurse, aide, and therapy staff. We encourage you to bring personal items for comfort and stay as long or as briefly as feels right for your family.\"}',1,'2025-08-01 18:08:01','2025-08-01 18:08:07','3d4bdaf0-4ce4-4494-90de-7caee9dffb59'),
(361,361,1,'What will admission day look like?','what-will-admission-day-look-like',NULL,'{\"77b43f80-b3db-4c4a-a697-e7337b02c937\": [331], \"ba4b9e07-f61a-405f-8896-aa42437b9c53\": \"On the day of admission, a team member will greet your loved one, review their medications and care needs, and help them settle into their room. You may meet a nurse, aide, and therapy staff. We encourage you to bring personal items for comfort and stay as long or as briefly as feels right for your family.\"}',1,'2025-08-01 18:08:08','2025-08-01 18:08:08','25886786-9135-4d1d-bbec-8adb6a441bd5'),
(362,362,1,'Will someone contact me after admission?','will-someone-contact-me-after-admission',NULL,'{\"77b43f80-b3db-4c4a-a697-e7337b02c937\": [331], \"ba4b9e07-f61a-405f-8896-aa42437b9c53\": \"Yes. A staff member will reach out within the first 24 hours to let you know how your loved one is settling in and answer any questions. You’ll also receive contact information for the care team.\"}',1,'2025-08-01 18:08:10','2025-08-01 18:08:17','33262c25-6a12-4f52-89dd-2a312c5ca8ae'),
(363,363,1,'Will someone contact me after admission?','will-someone-contact-me-after-admission',NULL,'{\"77b43f80-b3db-4c4a-a697-e7337b02c937\": [331], \"ba4b9e07-f61a-405f-8896-aa42437b9c53\": \"Yes. A staff member will reach out within the first 24 hours to let you know how your loved one is settling in and answer any questions. You’ll also receive contact information for the care team.\"}',1,'2025-08-01 18:08:17','2025-08-01 18:08:17','1bbe3096-20c5-4374-9578-0d22ae3bbc14'),
(364,364,1,'What if my loved one moves from rehab to long-term care?','what-if-my-loved-one-moves-from-rehab-to-long-term-care',NULL,'{\"77b43f80-b3db-4c4a-a697-e7337b02c937\": [331], \"ba4b9e07-f61a-405f-8896-aa42437b9c53\": \"If care needs change, we’ll communicate with you in advance and help you understand the difference in routine and care. A new room and unit may be assigned, and you’ll be introduced to the new team. We’ll support both your loved one and your family through the transition.\"}',1,'2025-08-01 18:08:21','2025-08-01 18:08:28','b6e374fe-6d2d-496d-96a4-4238c12949d7'),
(365,365,1,'What if my loved one moves from rehab to long-term care?','what-if-my-loved-one-moves-from-rehab-to-long-term-care',NULL,'{\"77b43f80-b3db-4c4a-a697-e7337b02c937\": [331], \"ba4b9e07-f61a-405f-8896-aa42437b9c53\": \"If care needs change, we’ll communicate with you in advance and help you understand the difference in routine and care. A new room and unit may be assigned, and you’ll be introduced to the new team. We’ll support both your loved one and your family through the transition.\"}',1,'2025-08-01 18:08:31','2025-08-01 18:08:31','1348e4fb-bbf7-4433-8b74-40c1f8290302'),
(366,366,1,'What rehabilitation services are available?','what-rehabilitation-services-are-available',NULL,'{\"77b43f80-b3db-4c4a-a697-e7337b02c937\": [333], \"ba4b9e07-f61a-405f-8896-aa42437b9c53\": \"We offer physical, occupational, and speech therapy to support recovery and independence. Our team customizes care plans based on individual needs and goals.\"}',1,'2025-08-01 18:08:41','2025-08-01 18:09:00','242787e4-e2a9-4d79-97dd-5780fbfcab09'),
(367,367,1,'What rehabilitation services are available?','what-rehabilitation-services-are-available',NULL,'{\"77b43f80-b3db-4c4a-a697-e7337b02c937\": [333], \"ba4b9e07-f61a-405f-8896-aa42437b9c53\": \"We offer physical, occupational, and speech therapy to support recovery and independence. Our team customizes care plans based on individual needs and goals.\"}',1,'2025-08-01 18:09:02','2025-08-01 18:09:02','3c1bb662-81b7-47de-aad7-cec9d3463dd1'),
(368,368,1,'How soon does therapy begin?','how-soon-does-therapy-begin',NULL,'{\"77b43f80-b3db-4c4a-a697-e7337b02c937\": [333], \"ba4b9e07-f61a-405f-8896-aa42437b9c53\": \"Our goal is to have therapy sessions start within 24 hours of admission, based on individual care plans. Therapy is offered up to seven days a week.\"}',1,'2025-08-01 18:09:02','2025-08-01 18:09:11','99c7a035-dbc1-450c-a3cc-3f4c5d2d8447'),
(369,369,1,'How soon does therapy begin?','how-soon-does-therapy-begin',NULL,'{\"77b43f80-b3db-4c4a-a697-e7337b02c937\": [333], \"ba4b9e07-f61a-405f-8896-aa42437b9c53\": \"Our goal is to have therapy sessions start within 24 hours of admission, based on individual care plans. Therapy is offered up to seven days a week.\"}',1,'2025-08-01 18:09:12','2025-08-01 18:09:12','32095f8d-472e-46c2-a2d0-7177ab17fe1f'),
(370,370,1,'How do I know when therapy or care tasks are scheduled?','how-do-i-know-when-therapy-or-care-tasks-are-scheduled',NULL,'{\"77b43f80-b3db-4c4a-a697-e7337b02c937\": [333], \"ba4b9e07-f61a-405f-8896-aa42437b9c53\": \"You can request a basic daily routine to help you plan visits around therapy, meals, or rest. While times vary, we’re happy to help you avoid interruptions to care.\"}',1,'2025-08-01 18:09:12','2025-08-01 18:09:32','4bbe9769-bfec-4943-98de-aa5e952b47c5'),
(371,371,1,'How do I know when therapy or care tasks are scheduled?','how-do-i-know-when-therapy-or-care-tasks-are-scheduled',NULL,'{\"77b43f80-b3db-4c4a-a697-e7337b02c937\": [333], \"ba4b9e07-f61a-405f-8896-aa42437b9c53\": \"You can request a basic daily routine to help you plan visits around therapy, meals, or rest. While times vary, we’re happy to help you avoid interruptions to care.\"}',1,'2025-08-01 18:09:33','2025-08-01 18:09:33','5ae40a3c-9884-4a66-a784-d260f1a80648'),
(372,372,1,'How is medical care managed during a stay?','how-is-medical-care-managed-during-a-stay',NULL,'{\"77b43f80-b3db-4c4a-a697-e7337b02c937\": [333], \"ba4b9e07-f61a-405f-8896-aa42437b9c53\": \"Our medical team coordinates closely with physicians, specialists, and your loved one’s care providers to ensure seamless care and communication.\"}',1,'2025-08-01 18:09:33','2025-08-01 18:09:44','be78260c-ac89-46e8-bf20-3714f8152e70'),
(373,373,1,'How is medical care managed during a stay?','how-is-medical-care-managed-during-a-stay',NULL,'{\"77b43f80-b3db-4c4a-a697-e7337b02c937\": [333], \"ba4b9e07-f61a-405f-8896-aa42437b9c53\": \"Our medical team coordinates closely with physicians, specialists, and your loved one’s care providers to ensure seamless care and communication.\"}',1,'2025-08-01 18:09:44','2025-08-01 18:09:44','59ed0b82-2e2e-4f7e-8565-1f1639ac362c'),
(374,374,1,'Are family members involved in care planning?','are-family-members-involved-in-care-planning',NULL,'{\"77b43f80-b3db-4c4a-a697-e7337b02c937\": [333], \"ba4b9e07-f61a-405f-8896-aa42437b9c53\": \"Yes! We believe family involvement is key to successful outcomes. We encourage open communication and invite families to participate in care discussions.\"}',1,'2025-08-01 18:09:44','2025-08-01 18:09:56','c1f4e248-c707-4f06-9f18-6e81892c8a75'),
(375,375,1,'Are family members involved in care planning?','are-family-members-involved-in-care-planning',NULL,'{\"77b43f80-b3db-4c4a-a697-e7337b02c937\": [333], \"ba4b9e07-f61a-405f-8896-aa42437b9c53\": \"Yes! We believe family involvement is key to successful outcomes. We encourage open communication and invite families to participate in care discussions.\"}',1,'2025-08-01 18:10:00','2025-08-01 18:10:00','97ae3653-ead1-4728-8ab1-bc4ebb3d4c3e'),
(376,376,1,'How do you personalize care plans?','how-do-you-personalize-care-plans',NULL,'{\"77b43f80-b3db-4c4a-a697-e7337b02c937\": [333], \"ba4b9e07-f61a-405f-8896-aa42437b9c53\": \"Each resident receives a full assessment, allowing us to create a customized care plan that evolves with their needs. By coordinating with a network of providers and specialists, we ensure every resident receives the best care possible.\"}',1,'2025-08-01 18:10:00','2025-08-01 18:10:07','484e0cbe-6f66-4d7d-a8bf-46d488961982'),
(377,377,1,'How do you personalize care plans?','how-do-you-personalize-care-plans',NULL,'{\"77b43f80-b3db-4c4a-a697-e7337b02c937\": [333], \"ba4b9e07-f61a-405f-8896-aa42437b9c53\": \"Each resident receives a full assessment, allowing us to create a customized care plan that evolves with their needs. By coordinating with a network of providers and specialists, we ensure every resident receives the best care possible.\"}',1,'2025-08-01 18:10:07','2025-08-01 18:10:07','3de691ae-4190-4442-9e3f-2e653f0858f3'),
(378,378,1,'Who do I contact if I have concerns about care?','who-do-i-contact-if-i-have-concerns-about-care',NULL,'{\"77b43f80-b3db-4c4a-a697-e7337b02c937\": [333], \"ba4b9e07-f61a-405f-8896-aa42437b9c53\": \"You can speak to the unit manager or social worker assigned to your loved one’s care. If needed, our administrator is also available. We take every concern seriously and follow up within 24 hours.\"}',1,'2025-08-01 18:10:07','2025-08-01 18:10:17','a2b0836a-a045-47da-b383-5712581d3a93'),
(379,379,1,'Who do I contact if I have concerns about care?','who-do-i-contact-if-i-have-concerns-about-care',NULL,'{\"77b43f80-b3db-4c4a-a697-e7337b02c937\": [333], \"ba4b9e07-f61a-405f-8896-aa42437b9c53\": \"You can speak to the unit manager or social worker assigned to your loved one’s care. If needed, our administrator is also available. We take every concern seriously and follow up within 24 hours.\"}',1,'2025-08-01 18:10:18','2025-08-01 18:10:18','46606543-82f1-454b-9679-833d5f761f31'),
(380,380,1,'What happens if my loved one has a fall or incident?','what-happens-if-my-loved-one-has-a-fall-or-incident',NULL,'{\"77b43f80-b3db-4c4a-a697-e7337b02c937\": [333], \"ba4b9e07-f61a-405f-8896-aa42437b9c53\": \"You will be contacted right away by a nurse or unit manager. We’ll explain what happened, how your loved one is doing, and what actions are being taken.\"}',1,'2025-08-01 18:10:18','2025-08-01 18:10:27','de4f3e14-9713-4a38-9c3d-b21254d4636b'),
(381,381,1,'What happens if my loved one has a fall or incident?','what-happens-if-my-loved-one-has-a-fall-or-incident',NULL,'{\"77b43f80-b3db-4c4a-a697-e7337b02c937\": [333], \"ba4b9e07-f61a-405f-8896-aa42437b9c53\": \"You will be contacted right away by a nurse or unit manager. We’ll explain what happened, how your loved one is doing, and what actions are being taken.\"}',1,'2025-08-01 18:10:31','2025-08-01 18:10:31','d1b4a5a9-8d61-4433-9e7b-f6d8f5df72dd'),
(382,382,1,'What amenities are available to residents?','what-amenities-are-available-to-residents',NULL,'{\"77b43f80-b3db-4c4a-a697-e7337b02c937\": [335], \"ba4b9e07-f61a-405f-8896-aa42437b9c53\": \"Our amenities include dining services, social activities, therapy spaces, outdoor areas, and personalized recreational programs designed to keep residents engaged and comfortable.\"}',1,'2025-08-01 18:10:45','2025-08-01 18:10:52','975a110e-a62f-4292-9243-27125e025aff'),
(383,383,1,'What amenities are available to residents?','what-amenities-are-available-to-residents',NULL,'{\"77b43f80-b3db-4c4a-a697-e7337b02c937\": [335], \"ba4b9e07-f61a-405f-8896-aa42437b9c53\": \"Our amenities include dining services, social activities, therapy spaces, outdoor areas, and personalized recreational programs designed to keep residents engaged and comfortable.\"}',1,'2025-08-01 18:10:53','2025-08-01 18:10:53','ea88c5b1-3144-481e-aafe-0d49624ff1c1'),
(384,384,1,'Can residents personalize their rooms?','can-residents-personalize-their-rooms',NULL,'{\"77b43f80-b3db-4c4a-a697-e7337b02c937\": [335], \"ba4b9e07-f61a-405f-8896-aa42437b9c53\": \"Absolutely! We encourage residents to bring familiar items from home to create a comfortable and personalized space.\"}',1,'2025-08-01 18:10:57','2025-08-01 18:11:03','55cbb58f-d753-4216-a166-a712b1566fa4'),
(385,385,1,'Can residents personalize their rooms?','can-residents-personalize-their-rooms',NULL,'{\"77b43f80-b3db-4c4a-a697-e7337b02c937\": [335], \"ba4b9e07-f61a-405f-8896-aa42437b9c53\": \"Absolutely! We encourage residents to bring familiar items from home to create a comfortable and personalized space.\"}',1,'2025-08-01 18:11:04','2025-08-01 18:11:04','861b3159-20ea-4a53-85cf-f5d1194fddcb'),
(386,386,1,'Are there activities for residents?','are-there-activities-for-residents',NULL,'{\"77b43f80-b3db-4c4a-a697-e7337b02c937\": [335], \"ba4b9e07-f61a-405f-8896-aa42437b9c53\": \"Absolutely! We offer a variety of activities and programs designed to engage residents and promote social interaction. Learn more about our beautiful locations.\"}',1,'2025-08-01 18:11:07','2025-08-01 18:11:16','75861510-eccd-4bf8-bb5f-5360666593c4'),
(387,387,1,'Are there activities for residents?','are-there-activities-for-residents',NULL,'{\"77b43f80-b3db-4c4a-a697-e7337b02c937\": [335], \"ba4b9e07-f61a-405f-8896-aa42437b9c53\": \"Absolutely! We offer a variety of activities and programs designed to engage residents and promote social interaction. Learn more about our beautiful locations.\"}',1,'2025-08-01 18:11:17','2025-08-01 18:11:17','292d25cb-d092-48b3-a896-bd1058a24ab2'),
(388,388,1,'Do residents need money for anything?','do-residents-need-money-for-anything',NULL,'{\"77b43f80-b3db-4c4a-a697-e7337b02c937\": [335], \"ba4b9e07-f61a-405f-8896-aa42437b9c53\": \"Residents don’t need much, but we recommend bringing a small amount of spending money for things like vending machine snacks or occasional personal care services like haircuts or shaves.\"}',1,'2025-08-01 18:11:20','2025-08-01 18:11:27','278fda72-3b9f-44e5-a24f-d76f2f033d46'),
(389,389,1,'Do residents need money for anything?','do-residents-need-money-for-anything',NULL,'{\"77b43f80-b3db-4c4a-a697-e7337b02c937\": [335], \"ba4b9e07-f61a-405f-8896-aa42437b9c53\": \"Residents don’t need much, but we recommend bringing a small amount of spending money for things like vending machine snacks or occasional personal care services like haircuts or shaves.\"}',1,'2025-08-01 18:11:31','2025-08-01 18:11:31','e6519a58-f4b9-4b53-9694-a194792632c2'),
(390,390,1,'What are your visitation policies?','what-are-your-visitation-policies',NULL,'{\"77b43f80-b3db-4c4a-a697-e7337b02c937\": [337], \"ba4b9e07-f61a-405f-8896-aa42437b9c53\": \"We welcome visitors and strive to provide flexible visitation hours. Please contact us for current guidelines to ensure a safe environment for all.\"}',1,'2025-08-01 18:11:35','2025-08-01 18:11:47','6b6e94e6-3e40-4134-8b19-e64339b1402c'),
(391,391,1,'What are your visitation policies?','what-are-your-visitation-policies',NULL,'{\"77b43f80-b3db-4c4a-a697-e7337b02c937\": [337], \"ba4b9e07-f61a-405f-8896-aa42437b9c53\": \"We welcome visitors and strive to provide flexible visitation hours. Please contact us for current guidelines to ensure a safe environment for all.\"}',1,'2025-08-01 18:11:48','2025-08-01 18:11:48','c7890ab9-a810-4140-8251-e1d10d26c1e3'),
(392,392,1,'When is the best time to visit?','when-is-the-best-time-to-visit',NULL,'{\"77b43f80-b3db-4c4a-a697-e7337b02c937\": [337], \"ba4b9e07-f61a-405f-8896-aa42437b9c53\": \"Mid-morning and early afternoons tend to be best. We suggest avoiding therapy hours and personal care times like bathing or rest periods. Our staff can help guide you based on your loved one’s schedule.\"}',1,'2025-08-01 18:11:48','2025-08-01 18:12:01','063c4668-66cb-40d8-bb84-056718bcb666'),
(393,393,1,'When is the best time to visit?','when-is-the-best-time-to-visit',NULL,'{\"77b43f80-b3db-4c4a-a697-e7337b02c937\": [337], \"ba4b9e07-f61a-405f-8896-aa42437b9c53\": \"Mid-morning and early afternoons tend to be best. We suggest avoiding therapy hours and personal care times like bathing or rest periods. Our staff can help guide you based on your loved one’s schedule.\"}',1,'2025-08-01 18:12:02','2025-08-01 18:12:02','f8d01b77-6f3c-4083-b5b7-d107e4895964'),
(394,394,1,'How can I stay informed about my loved one’s care?','how-can-i-stay-informed-about-my-loved-ones-care',NULL,'{\"77b43f80-b3db-4c4a-a697-e7337b02c937\": [337], \"ba4b9e07-f61a-405f-8896-aa42437b9c53\": \"Our team is committed to open communication. We provide regular updates and are always available to discuss care plans and progress.\"}',1,'2025-08-01 18:12:03','2025-08-01 18:12:13','e47dd7f2-4d32-4d1e-a466-ffc5a3d4acbf'),
(395,395,1,'How can I stay informed about my loved one’s care?','how-can-i-stay-informed-about-my-loved-ones-care',NULL,'{\"77b43f80-b3db-4c4a-a697-e7337b02c937\": [337], \"ba4b9e07-f61a-405f-8896-aa42437b9c53\": \"Our team is committed to open communication. We provide regular updates and are always available to discuss care plans and progress.\"}',1,'2025-08-01 18:12:14','2025-08-01 18:12:14','83146ecd-077e-4bf0-9867-80b555221722'),
(396,396,1,'Who gets updates about care?','who-gets-updates-about-care',NULL,'{\"77b43f80-b3db-4c4a-a697-e7337b02c937\": [337], \"ba4b9e07-f61a-405f-8896-aa42437b9c53\": \"We can communicate with more than one family member. If multiple contacts are listed, we encourage group emails or calls to keep everyone in the loop. Let us know who should be included.\"}',1,'2025-08-01 18:12:14','2025-08-01 18:12:23','55356885-f72f-457f-9031-d5fb8ff72f44'),
(397,397,1,'Who gets updates about care?','who-gets-updates-about-care',NULL,'{\"77b43f80-b3db-4c4a-a697-e7337b02c937\": [337], \"ba4b9e07-f61a-405f-8896-aa42437b9c53\": \"We can communicate with more than one family member. If multiple contacts are listed, we encourage group emails or calls to keep everyone in the loop. Let us know who should be included.\"}',1,'2025-08-01 18:12:26','2025-08-01 18:12:26','23be0205-cbd0-4e8c-b999-3792b4a8e093'),
(398,398,1,'Can our family pet come for a visit?','can-our-family-pet-come-for-a-visit',NULL,'{\"77b43f80-b3db-4c4a-a697-e7337b02c937\": [337], \"ba4b9e07-f61a-405f-8896-aa42437b9c53\": \"Yes! We may request vaccination records, and some breed restrictions may apply. Please ask our administrator for more details. Additionally, most centers offer pet therapy because we understand how valuable time with animals can be to emotional and mental health.\"}',1,'2025-08-01 18:12:26','2025-08-01 18:12:33','6dc3b276-8782-4fd5-8c5e-b509c07ac6c0'),
(399,399,1,'Can our family pet come for a visit?','can-our-family-pet-come-for-a-visit',NULL,'{\"77b43f80-b3db-4c4a-a697-e7337b02c937\": [337], \"ba4b9e07-f61a-405f-8896-aa42437b9c53\": \"Yes! We may request vaccination records, and some breed restrictions may apply. Please ask our administrator for more details. Additionally, most centers offer pet therapy because we understand how valuable time with animals can be to emotional and mental health.\"}',1,'2025-08-01 18:12:34','2025-08-01 18:12:34','fd0ec9cd-9f7c-4d0d-9195-a81c7f3da5be'),
(400,400,1,'What should I expect emotionally during the first few days?','what-should-i-expect-emotionally-during-the-first-few-days',NULL,'{\"77b43f80-b3db-4c4a-a697-e7337b02c937\": [339], \"ba4b9e07-f61a-405f-8896-aa42437b9c53\": \"It’s completely normal to feel overwhelmed. Your loved one may seem confused, anxious, or withdrawn at first. Our team is here to support both the patient and the family through this transition.\"}',1,'2025-08-01 18:12:46','2025-08-01 18:12:56','2444b37b-c098-43ee-82b4-f4ad2d62f5c1'),
(401,401,1,'What should I expect emotionally during the first few days?','what-should-i-expect-emotionally-during-the-first-few-days',NULL,'{\"77b43f80-b3db-4c4a-a697-e7337b02c937\": [339], \"ba4b9e07-f61a-405f-8896-aa42437b9c53\": \"It’s completely normal to feel overwhelmed. Your loved one may seem confused, anxious, or withdrawn at first. Our team is here to support both the patient and the family through this transition.\"}',1,'2025-08-01 18:12:57','2025-08-01 18:12:57','63548e7a-78d3-4f77-8416-84d6e7a80331'),
(402,402,1,'How can I help my loved one adjust?','how-can-i-help-my-loved-one-adjust',NULL,'{\"77b43f80-b3db-4c4a-a697-e7337b02c937\": [339], \"ba4b9e07-f61a-405f-8896-aa42437b9c53\": \"Familiar items from home, consistent visits, and staying positive can help. We’re happy to suggest personalized ways to support your loved one’s adjustment.\"}',1,'2025-08-01 18:12:57','2025-08-01 18:13:06','299f9183-b60c-465e-a139-0718f0ab995f'),
(403,403,1,'How can I help my loved one adjust?','how-can-i-help-my-loved-one-adjust',NULL,'{\"77b43f80-b3db-4c4a-a697-e7337b02c937\": [339], \"ba4b9e07-f61a-405f-8896-aa42437b9c53\": \"Familiar items from home, consistent visits, and staying positive can help. We’re happy to suggest personalized ways to support your loved one’s adjustment.\"}',1,'2025-08-01 18:13:07','2025-08-01 18:13:07','d8366d4d-5af6-4969-9d16-9c10a2f9f75a'),
(404,404,1,'What if I feel unprepared or have questions later?','what-if-i-feel-unprepared-or-have-questions-later',NULL,'{\"77b43f80-b3db-4c4a-a697-e7337b02c937\": [339], \"ba4b9e07-f61a-405f-8896-aa42437b9c53\": \"You’re not alone. Our social workers and care team are always available to answer questions, even after admission. Don’t hesitate to ask.\"}',1,'2025-08-01 18:13:07','2025-08-01 18:13:19','63ee28d0-b009-44a7-8284-538e716e8694'),
(405,405,1,'What if I feel unprepared or have questions later?','what-if-i-feel-unprepared-or-have-questions-later',NULL,'{\"77b43f80-b3db-4c4a-a697-e7337b02c937\": [339], \"ba4b9e07-f61a-405f-8896-aa42437b9c53\": \"You’re not alone. Our social workers and care team are always available to answer questions, even after admission. Don’t hesitate to ask.\"}',1,'2025-08-01 18:13:20','2025-08-01 18:13:20','4662d269-8443-48d3-87bb-5ab1ce3e7bfb'),
(406,406,1,'What insurance plans do you accept?','what-insurance-plans-do-you-accept',NULL,'{\"77b43f80-b3db-4c4a-a697-e7337b02c937\": [341], \"ba4b9e07-f61a-405f-8896-aa42437b9c53\": \"We accept a variety of insurance plans, including Medicare, Medicaid, and private insurance. Contact our business office to discuss coverage and payment options.\"}',1,'2025-08-01 18:13:20','2025-08-01 18:13:30','9e31aa6a-3511-457a-85c1-1ea00f399de3'),
(407,407,1,'What insurance plans do you accept?','what-insurance-plans-do-you-accept',NULL,'{\"77b43f80-b3db-4c4a-a697-e7337b02c937\": [341], \"ba4b9e07-f61a-405f-8896-aa42437b9c53\": \"We accept a variety of insurance plans, including Medicare, Medicaid, and private insurance. Contact our business office to discuss coverage and payment options.\"}',1,'2025-08-01 18:13:33','2025-08-01 18:13:33','ed01d9fb-467a-49df-9b82-772d3abb883f'),
(408,408,1,'What if insurance coverage ends but my loved one still needs care?','what-if-insurance-coverage-ends-but-my-loved-one-still-needs-care',NULL,'{\"77b43f80-b3db-4c4a-a697-e7337b02c937\": [341], \"ba4b9e07-f61a-405f-8896-aa42437b9c53\": \"We offer flexible private pay options at discounted rates to ensure continued care and recovery. Our team can discuss available options with you.\"}',1,'2025-08-01 18:13:33','2025-08-01 18:13:42','374b90d4-5ffd-410e-bd96-a94d06fa6499'),
(409,409,1,'What if insurance coverage ends but my loved one still needs care?','what-if-insurance-coverage-ends-but-my-loved-one-still-needs-care',NULL,'{\"77b43f80-b3db-4c4a-a697-e7337b02c937\": [341], \"ba4b9e07-f61a-405f-8896-aa42437b9c53\": \"We offer flexible private pay options at discounted rates to ensure continued care and recovery. Our team can discuss available options with you.\"}',1,'2025-08-01 18:13:42','2025-08-01 18:13:42','861c1478-b067-4a4d-863a-27634b5f48a5'),
(410,410,1,'What happens if my loved one’s needs change and they stay longer than expected?','what-happens-if-my-loved-ones-needs-change-and-they-stay-longer-than-expected',NULL,'{\"77b43f80-b3db-4c4a-a697-e7337b02c937\": [343], \"ba4b9e07-f61a-405f-8896-aa42437b9c53\": \"Our care team will review their progress and discuss whether long-term care is appropriate. We’ll guide you through the decision-making process and next steps, emotionally and logistically.\"}',1,'2025-08-01 18:13:42','2025-08-01 18:13:52','ee0a8f09-e4cf-4033-9e0c-cc7db4224238'),
(411,411,1,'What happens if my loved one’s needs change and they stay longer than expected?','what-happens-if-my-loved-ones-needs-change-and-they-stay-longer-than-expected',NULL,'{\"77b43f80-b3db-4c4a-a697-e7337b02c937\": [343], \"ba4b9e07-f61a-405f-8896-aa42437b9c53\": \"Our care team will review their progress and discuss whether long-term care is appropriate. We’ll guide you through the decision-making process and next steps, emotionally and logistically.\"}',1,'2025-08-01 18:13:53','2025-08-01 18:13:53','fc6efb02-1364-4d01-b9c6-0983e5c6f017'),
(412,412,1,'How do you support residents when they are ready to return home?','how-do-you-support-residents-when-they-are-ready-to-return-home',NULL,'{\"77b43f80-b3db-4c4a-a697-e7337b02c937\": [343], \"ba4b9e07-f61a-405f-8896-aa42437b9c53\": \"We create personalized discharge plans that may include home health resources, therapy recommendations, and education to ensure a smooth and confident transition home.\"}',1,'2025-08-01 18:13:53','2025-08-01 18:14:03','fd650f4f-2a9c-4ff6-98fc-1b483cf372cd'),
(413,413,1,'How do you support residents when they are ready to return home?','how-do-you-support-residents-when-they-are-ready-to-return-home',NULL,'{\"77b43f80-b3db-4c4a-a697-e7337b02c937\": [343], \"ba4b9e07-f61a-405f-8896-aa42437b9c53\": \"We create personalized discharge plans that may include home health resources, therapy recommendations, and education to ensure a smooth and confident transition home.\"}',1,'2025-08-01 18:14:03','2025-08-01 18:14:03','3a693ddf-565f-4aa8-8677-585b95178a98'),
(414,414,1,'Can my loved one return if they need more care after discharge?','can-my-loved-one-return-if-they-need-more-care-after-discharge',NULL,'{\"77b43f80-b3db-4c4a-a697-e7337b02c937\": [343], \"ba4b9e07-f61a-405f-8896-aa42437b9c53\": \"Yes! We welcome returning patients for additional rehabilitation, care support, or respite services as needed.\"}',1,'2025-08-01 18:14:03','2025-08-01 18:14:11','3ced3d03-d4b3-4829-b118-3df0a465f08c'),
(415,415,1,'Can my loved one return if they need more care after discharge?','can-my-loved-one-return-if-they-need-more-care-after-discharge',NULL,'{\"77b43f80-b3db-4c4a-a697-e7337b02c937\": [343], \"ba4b9e07-f61a-405f-8896-aa42437b9c53\": \"Yes! We welcome returning patients for additional rehabilitation, care support, or respite services as needed.\"}',1,'2025-08-01 18:14:13','2025-08-01 18:14:13','ecad96ea-774f-4de2-9f7a-b36900413bdf'),
(417,417,1,'Complete Care at Arbors','ccarbors','locations/ccarbors','{\"075f1904-e0fc-49c8-9cfb-6990ae779dec\": \"Complete Care at Arbors\", \"0783e761-d312-48eb-a4f3-02333736ad99\": \"Complete Care at Arbors, a Toms River NJ skilled nursing facility, ensures a full continuum of care. Our expert physicians and staff deliver outstanding treatment with a focus on our patients’ overall wellbeing.\", \"0be5b641-0a34-4d93-8816-9a4b1ad24ffd\": [\"bariatricCare\", \"infectiousDiseaseCare\", \"neuroStrokeCare\", \"pulmonaryCare\"], \"0d6389a7-9cd0-496d-96dd-72ebf02f7bbb\": {\"number\": \"(732) 914-0090\", \"region\": \"US\"}, \"20f5fa3c-80d5-481b-862d-599d54f0fd29\": \"Our driving purpose is to make a real difference in the lives of our patients, by providing high-quality services and compassionate care every day. Complete Care at Arbors is located at 1750 NJ-37 in Toms River, New Jersey. Our convenient location is just steps away from hospitals and medical centers.\", \"2bdc1e0d-4fd6-448b-b82c-71a75241bd23\": [36, 30, 24, 32, 22, 28, 20, 34, 18, 26], \"31a45631-ecd4-4327-aca7-18b9d213bb16\": \"info@ccarbors.com\", \"3b262689-7127-4814-bab5-a1972e0869d4\": \"ccarbors.com\", \"559340ef-728e-4935-84cc-443bd407f901\": [111, 113, 115, 117, 119, 121], \"688e0d64-8999-47be-a427-f9e9c6e1789e\": [], \"702dab28-10e4-44a1-9271-72e0eda7fa6e\": \"At Complete Care at Arbors, we understand the nuances that uplift the spirit and inspire optimism. With well-appointed, private and semi-private rooms and a host of amenities, Complete Care at Arbors is all about providing care that elevates patient health and wellbeing. Free Wi-Fi lets you keep in touch with family and friends, and we provide cable TV in every room. Residents enjoy full stylist services provided by our convenient on-site beauty salon.\", \"7270a303-7119-43a8-b9bb-8360964189de\": [137, 138, 136], \"85dc9325-7c30-405d-9715-22e9294f7735\": \"At Complete Care at Arbors, a Toms River nursing home, we pride ourselves on the relationships we build with our residents and staff. Through frequent site visits and a hands-on approach from our top leadership, we create strong connections with both the residents and staff in our facilities. By creating a loyal and approachable environment, we ensure everyone feels like family.\", \"92b514e7-6c85-40f3-9885-4ed4138887ea\": [], \"b2903903-6010-4012-bc8c-c8c21f059638\": [86], \"cced3c80-6988-403a-9b5a-14455350e923\": [\"residentialCare\", \"postAcuteCare\", \"longTermCare\"]}',1,'2025-08-20 17:40:11','2025-08-20 17:52:26','87d7dc36-5f5b-4e4e-9c0a-00990b5fcc1d'),
(419,419,1,'Complete Care at Arbors','ccarbors','ccarbors','{\"075f1904-e0fc-49c8-9cfb-6990ae779dec\": \"Complete Care at Arbors\", \"0783e761-d312-48eb-a4f3-02333736ad99\": \"Complete Care at Arbors, a Toms River NJ skilled nursing facility, ensures a full continuum of care. Our expert physicians and staff deliver outstanding treatment with a focus on our patients’ overall wellbeing.\", \"0be5b641-0a34-4d93-8816-9a4b1ad24ffd\": [\"bariatricCare\", \"infectiousDiseaseCare\", \"neuroStrokeCare\", \"pulmonaryCare\"], \"0d6389a7-9cd0-496d-96dd-72ebf02f7bbb\": {\"number\": \"(732) 914-0090\", \"region\": \"US\"}, \"20f5fa3c-80d5-481b-862d-599d54f0fd29\": \"Our driving purpose is to make a real difference in the lives of our patients, by providing high-quality services and compassionate care every day. Complete Care at Arbors is located at 1750 NJ-37 in Toms River, New Jersey. Our convenient location is just steps away from hospitals and medical centers.\", \"2bdc1e0d-4fd6-448b-b82c-71a75241bd23\": [36, 30, 24, 32, 22, 28, 20, 34, 18, 26], \"31a45631-ecd4-4327-aca7-18b9d213bb16\": \"info@ccarbors.com\", \"3b262689-7127-4814-bab5-a1972e0869d4\": \"ccarbors.com\", \"559340ef-728e-4935-84cc-443bd407f901\": [111, 113, 115, 117, 119, 121], \"702dab28-10e4-44a1-9271-72e0eda7fa6e\": \"At Complete Care at Arbors, we understand the nuances that uplift the spirit and inspire optimism. With well-appointed, private and semi-private rooms and a host of amenities, Complete Care at Arbors is all about providing care that elevates patient health and wellbeing. Free Wi-Fi lets you keep in touch with family and friends, and we provide cable TV in every room. Residents enjoy full stylist services provided by our convenient on-site beauty salon.\", \"7270a303-7119-43a8-b9bb-8360964189de\": [137, 138, 136], \"85dc9325-7c30-405d-9715-22e9294f7735\": \"At Complete Care at Arbors, a Toms River nursing home, we pride ourselves on the relationships we build with our residents and staff. Through frequent site visits and a hands-on approach from our top leadership, we create strong connections with both the residents and staff in our facilities. By creating a loyal and approachable environment, we ensure everyone feels like family.\", \"b2903903-6010-4012-bc8c-c8c21f059638\": [86], \"cced3c80-6988-403a-9b5a-14455350e923\": [\"residentialCare\", \"postAcuteCare\", \"longTermCare\"]}',1,'2025-08-20 17:56:29','2025-08-20 17:56:29','3939be28-b756-4ba6-99b8-6a74e4ec4ce1'),
(420,420,1,'Rated 5 Stars from Centers for Medicare & Medicaid Services','rated-5-stars-from-centers-for-medicare-medicaid-services',NULL,'{\"36ce0123-f0b8-45e8-bc0a-878a012a385a\": \"Centers for Medicare & Medicaid Services\", \"71d07053-43eb-40fe-8f9e-ad7480cc3193\": \"Rated 5 Stars\"}',1,'2025-08-20 17:56:29','2025-08-20 17:56:29','0b9feaaf-9646-4e97-aa3c-d7cac4d4307c'),
(421,421,1,'Rated 5 Stars in Quality Measures from Centers for Medicare & Medicaid Services','rated-5-stars-in-quality-measures-from-centers-for-medicare-medicaid-services',NULL,'{\"36ce0123-f0b8-45e8-bc0a-878a012a385a\": \"Centers for Medicare & Medicaid Services\", \"71d07053-43eb-40fe-8f9e-ad7480cc3193\": \"Rated 5 Stars in Quality Measures\"}',1,'2025-08-20 17:56:29','2025-08-20 17:56:29','d8a81d4e-f8dd-4e52-9b57-42dfe0cdadb1'),
(422,422,1,'Menachem Shapiro','menachem-shapiro',NULL,'{\"2b573339-79e1-4bb1-82cf-7c0dfabcab22\": \"Menachem Shapiro\", \"579071f5-918a-4d7a-8c5b-98905ecbe548\": \"Administrator\"}',1,'2025-08-20 17:56:29','2025-08-20 17:56:29','6198301c-8319-4055-8464-0f9943d65607'),
(423,423,1,'Elizabeth Schwear','elizabeth-schwear',NULL,'{\"2b573339-79e1-4bb1-82cf-7c0dfabcab22\": \"Elizabeth Schwear\", \"579071f5-918a-4d7a-8c5b-98905ecbe548\": \"Infection Control\"}',1,'2025-08-20 17:56:29','2025-08-20 17:56:29','471e73d1-509e-450d-911a-c93fad92e5bf'),
(424,424,1,'Chrissy Martin','chrissy-martin',NULL,'{\"2b573339-79e1-4bb1-82cf-7c0dfabcab22\": \"Chrissy Martin\", \"579071f5-918a-4d7a-8c5b-98905ecbe548\": \"Activity Director\"}',1,'2025-08-20 17:56:29','2025-08-20 17:56:29','f2def8bf-04be-43ef-b9e9-bdb4160d3cb9'),
(425,425,1,'Jackie Boyle','jackie-boyle',NULL,'{\"2b573339-79e1-4bb1-82cf-7c0dfabcab22\": \"Jackie Boyle\", \"579071f5-918a-4d7a-8c5b-98905ecbe548\": \"Director of Nursing\"}',1,'2025-08-20 17:56:29','2025-08-20 17:56:29','8e000273-8ea5-4bc0-9db9-c9e966ab6362'),
(426,426,1,'Robert A.','robert-a',NULL,'{\"1e69e1f4-c7b2-4468-8668-aa722b6f7163\": \"Robert A.\", \"ffdd5871-4e4c-4e46-88b5-06b52502357e\": \"We recently had to decide to place Mom in a nursing facility as she could no longer take care of herself. It is a difficult decision to make and choosing Complete Care at Arbors was the very best decision our family made. Mom is content and feels very safe and comfortable. The staff is very attentive, loving and provides excellent care. She is so happy and is thriving under their care. We are so pleased with everything that they do to make our Mom feel like she is home and appreciate all that they do each and every day.\"}',1,'2025-08-20 17:56:29','2025-08-20 17:56:29','e2842050-3e51-442e-8424-0929793b6102'),
(427,427,1,'Bernadette M.','bernadette-m',NULL,'{\"1e69e1f4-c7b2-4468-8668-aa722b6f7163\": \"Bernadette M.\", \"ffdd5871-4e4c-4e46-88b5-06b52502357e\": \"Our family never thought that we would have to place my dad in a nursing home. The time came to make this difficult decision, we are so happy that we placed him at Complete Care at Arbors. The facility is beautiful and he felt right at home, the staff treated him like family.\"}',1,'2025-08-20 17:56:29','2025-08-20 17:56:29','f01f08ce-c631-45e0-a79b-b4fecc4cc666'),
(428,428,1,'Mary O.','mary-o',NULL,'{\"1e69e1f4-c7b2-4468-8668-aa722b6f7163\": \"Mary O.\", \"ffdd5871-4e4c-4e46-88b5-06b52502357e\": \"In the last year our family needed rehab care my father in law. We were very pleased to be able to have him come to Complete Care at Arbors. The care was exceptional from the food to the therapy department to the nursing staff, everyone was pleasant and attentive. He rehabbed quickly and was discharged in better shape than before his illness. We would recommend Complete Care at Arbors to anyone looking for a clean home-like environment for their loved ones.\"}',1,'2025-08-20 17:56:29','2025-08-20 17:56:29','ebbfbd29-859b-478e-9e55-e69e7afb93ee'),
(429,429,1,'Lobby','lobby',NULL,'{\"75178903-a74b-4511-99f4-4fd13bced6e0\": \"Lobby\"}',1,'2025-08-20 17:56:29','2025-08-20 17:56:29','4fc6a3ba-d3c9-4d9b-a58b-dca0a35ac8e4'),
(430,430,1,'Rehab Gym','rehab-gym',NULL,'{\"75178903-a74b-4511-99f4-4fd13bced6e0\": \"Rehab Gym\"}',1,'2025-08-20 17:56:29','2025-08-20 17:56:29','ef49d8f7-8d52-4edf-8b5c-b43abf090f36'),
(431,431,1,'Patient Room','patient-room',NULL,'{\"75178903-a74b-4511-99f4-4fd13bced6e0\": \"Patient Room\"}',1,'2025-08-20 17:56:29','2025-08-20 17:56:29','34ce5d32-a2fd-4685-a807-6d1990bcf5a4'),
(432,432,1,'Recreation Room','recreation-room',NULL,'{\"75178903-a74b-4511-99f4-4fd13bced6e0\": \"Recreation Room\"}',1,'2025-08-20 17:56:29','2025-08-20 17:56:29','23718903-fffb-4771-acff-97d2f5fd3099'),
(433,433,1,'Dining Room','dining-room',NULL,'{\"75178903-a74b-4511-99f4-4fd13bced6e0\": \"Dining Room\"}',1,'2025-08-20 17:56:29','2025-08-20 17:56:29','2fda665e-3dbd-4cd3-b9e1-4f004669ba9f'),
(435,435,1,'Complete Care at Arbors','ccarbors','ccarbors','{\"075f1904-e0fc-49c8-9cfb-6990ae779dec\": \"Complete Care at Arbors\", \"0783e761-d312-48eb-a4f3-02333736ad99\": \"Complete Care at Arbors, a Toms River NJ skilled nursing facility, ensures a full continuum of care. Our expert physicians and staff deliver outstanding treatment with a focus on our patients’ overall wellbeing.\", \"0be5b641-0a34-4d93-8816-9a4b1ad24ffd\": [\"bariatricCare\", \"infectiousDiseaseCare\", \"neuroStrokeCare\", \"pulmonaryCare\"], \"0d6389a7-9cd0-496d-96dd-72ebf02f7bbb\": {\"number\": \"(732) 914-0090\", \"region\": \"US\"}, \"20f5fa3c-80d5-481b-862d-599d54f0fd29\": \"Our driving purpose is to make a real difference in the lives of our patients, by providing high-quality services and compassionate care every day. Complete Care at Arbors is located at 1750 NJ-37 in Toms River, New Jersey. Our convenient location is just steps away from hospitals and medical centers.\", \"2bdc1e0d-4fd6-448b-b82c-71a75241bd23\": [36, 30, 24, 32, 22, 28, 20, 34, 18, 26], \"31a45631-ecd4-4327-aca7-18b9d213bb16\": \"info@ccarbors.com\", \"3b262689-7127-4814-bab5-a1972e0869d4\": \"ccarbors.com\", \"559340ef-728e-4935-84cc-443bd407f901\": [111, 113, 115, 117, 119, 121], \"702dab28-10e4-44a1-9271-72e0eda7fa6e\": \"At Complete Care at Arbors, we understand the nuances that uplift the spirit and inspire optimism. With well-appointed, private and semi-private rooms and a host of amenities, Complete Care at Arbors is all about providing care that elevates patient health and wellbeing. Free Wi-Fi lets you keep in touch with family and friends, and we provide cable TV in every room. Residents enjoy full stylist services provided by our convenient on-site beauty salon.\", \"7270a303-7119-43a8-b9bb-8360964189de\": [137, 138, 136], \"85dc9325-7c30-405d-9715-22e9294f7735\": \"At Complete Care at Arbors, a Toms River nursing home, we pride ourselves on the relationships we build with our residents and staff. Through frequent site visits and a hands-on approach from our top leadership, we create strong connections with both the residents and staff in our facilities. By creating a loyal and approachable environment, we ensure everyone feels like family.\", \"b2903903-6010-4012-bc8c-c8c21f059638\": [86], \"cced3c80-6988-403a-9b5a-14455350e923\": [\"residentialCare\", \"postAcuteCare\", \"longTermCare\"]}',1,'2025-08-20 18:04:55','2025-08-20 18:04:55','c311b69d-111e-4ec6-8a5f-b6aefa079594'),
(437,437,1,'Complete Care at Arbors','ccarbors','ccarbors','{\"075f1904-e0fc-49c8-9cfb-6990ae779dec\": \"Complete Care at Arbors\", \"0783e761-d312-48eb-a4f3-02333736ad99\": \"Complete Care at Arbors, a Toms River NJ skilled nursing facility, ensures a full continuum of care. Our expert physicians and staff deliver outstanding treatment with a focus on our patients’ overall wellbeing.\", \"0be5b641-0a34-4d93-8816-9a4b1ad24ffd\": [\"bariatricCare\", \"infectiousDiseaseCare\", \"neuroStrokeCare\", \"pulmonaryCare\"], \"0d6389a7-9cd0-496d-96dd-72ebf02f7bbb\": {\"number\": \"(732) 914-0090\", \"region\": \"US\"}, \"20f5fa3c-80d5-481b-862d-599d54f0fd29\": \"Our driving purpose is to make a real difference in the lives of our patients, by providing high-quality services and compassionate care every day. Complete Care at Arbors is located at 1750 NJ-37 in Toms River, New Jersey. Our convenient location is just steps away from hospitals and medical centers.\", \"2bdc1e0d-4fd6-448b-b82c-71a75241bd23\": [36, 30, 24, 32, 22, 28, 20, 34, 18, 26], \"31a45631-ecd4-4327-aca7-18b9d213bb16\": \"info@ccarbors.com\", \"3b262689-7127-4814-bab5-a1972e0869d4\": \"ccarbors.com\", \"559340ef-728e-4935-84cc-443bd407f901\": [111, 113, 115, 117, 119, 121], \"702dab28-10e4-44a1-9271-72e0eda7fa6e\": \"At Complete Care at Arbors, we understand the nuances that uplift the spirit and inspire optimism. With well-appointed, private and semi-private rooms and a host of amenities, Complete Care at Arbors is all about providing care that elevates patient health and wellbeing. Free Wi-Fi lets you keep in touch with family and friends, and we provide cable TV in every room. Residents enjoy full stylist services provided by our convenient on-site beauty salon.\", \"7270a303-7119-43a8-b9bb-8360964189de\": [137, 138, 136], \"7a0d2797-bfc8-4d68-b107-61c1dd081ea0\": \"Arbors\", \"85dc9325-7c30-405d-9715-22e9294f7735\": \"At Complete Care at Arbors, a Toms River nursing home, we pride ourselves on the relationships we build with our residents and staff. Through frequent site visits and a hands-on approach from our top leadership, we create strong connections with both the residents and staff in our facilities. By creating a loyal and approachable environment, we ensure everyone feels like family.\", \"b2903903-6010-4012-bc8c-c8c21f059638\": [86], \"cced3c80-6988-403a-9b5a-14455350e923\": [\"residentialCare\", \"postAcuteCare\", \"longTermCare\"]}',1,'2025-08-20 18:05:00','2025-08-20 18:05:00','fce00060-cfa2-4180-a457-2ffe39864589'),
(439,439,1,'Complete Care at Arbors','ccarbors','ccarbors','{\"075f1904-e0fc-49c8-9cfb-6990ae779dec\": \"Complete Care at Arbors\", \"0783e761-d312-48eb-a4f3-02333736ad99\": \"Complete Care at Arbors, a Toms River NJ skilled nursing facility, ensures a full continuum of care. Our expert physicians and staff deliver outstanding treatment with a focus on our patients’ overall wellbeing.\", \"0be5b641-0a34-4d93-8816-9a4b1ad24ffd\": [\"bariatricCare\", \"infectiousDiseaseCare\", \"neuroStrokeCare\", \"pulmonaryCare\"], \"0d6389a7-9cd0-496d-96dd-72ebf02f7bbb\": {\"number\": \"(732) 914-0090\", \"region\": \"US\"}, \"19b0086c-bc10-46cc-9f45-ffc5746e8681\": \"residential\", \"20f5fa3c-80d5-481b-862d-599d54f0fd29\": \"Our driving purpose is to make a real difference in the lives of our patients, by providing high-quality services and compassionate care every day. Complete Care at Arbors is located at 1750 NJ-37 in Toms River, New Jersey. Our convenient location is just steps away from hospitals and medical centers.\", \"2bdc1e0d-4fd6-448b-b82c-71a75241bd23\": [36, 30, 24, 32, 22, 28, 20, 34, 18, 26], \"31a45631-ecd4-4327-aca7-18b9d213bb16\": \"info@ccarbors.com\", \"3b262689-7127-4814-bab5-a1972e0869d4\": \"ccarbors.com\", \"559340ef-728e-4935-84cc-443bd407f901\": [111, 113, 115, 117, 119, 121], \"702dab28-10e4-44a1-9271-72e0eda7fa6e\": \"At Complete Care at Arbors, we understand the nuances that uplift the spirit and inspire optimism. With well-appointed, private and semi-private rooms and a host of amenities, Complete Care at Arbors is all about providing care that elevates patient health and wellbeing. Free Wi-Fi lets you keep in touch with family and friends, and we provide cable TV in every room. Residents enjoy full stylist services provided by our convenient on-site beauty salon.\", \"7270a303-7119-43a8-b9bb-8360964189de\": [137, 138, 136], \"7a0d2797-bfc8-4d68-b107-61c1dd081ea0\": \"Arbors\", \"85dc9325-7c30-405d-9715-22e9294f7735\": \"At Complete Care at Arbors, a Toms River nursing home, we pride ourselves on the relationships we build with our residents and staff. Through frequent site visits and a hands-on approach from our top leadership, we create strong connections with both the residents and staff in our facilities. By creating a loyal and approachable environment, we ensure everyone feels like family.\", \"b2903903-6010-4012-bc8c-c8c21f059638\": [86], \"cced3c80-6988-403a-9b5a-14455350e923\": [\"residentialCare\", \"postAcuteCare\", \"longTermCare\"]}',1,'2025-08-20 18:13:04','2025-08-20 18:13:04','d1159045-49af-4c4b-be34-1555eb3dcdf8'),
(445,445,1,'Ashley Lewis','ashley-lewis',NULL,'{\"2b573339-79e1-4bb1-82cf-7c0dfabcab22\": \"Ashley Lewis\", \"50d484f9-ea00-4870-8b7a-a1c7400f42ab\": [634]}',1,'2025-08-20 21:24:25','2025-09-03 22:27:30','5784c4d7-577c-49f3-9f0e-7be11f765743'),
(446,446,1,'Complete Care at Arbors','ccarbors','ccarbors','{\"075f1904-e0fc-49c8-9cfb-6990ae779dec\": \"Complete Care at Arbors\", \"0783e761-d312-48eb-a4f3-02333736ad99\": \"Complete Care at Arbors, a Toms River NJ skilled nursing facility, ensures a full continuum of care. Our expert physicians and staff deliver outstanding treatment with a focus on our patients’ overall wellbeing.\", \"0be5b641-0a34-4d93-8816-9a4b1ad24ffd\": [\"bariatricCare\", \"infectiousDiseaseCare\", \"neuroStrokeCare\", \"pulmonaryCare\"], \"0d6389a7-9cd0-496d-96dd-72ebf02f7bbb\": {\"number\": \"(732) 914-0090\", \"region\": \"US\"}, \"19b0086c-bc10-46cc-9f45-ffc5746e8681\": \"residential\", \"2bdc1e0d-4fd6-448b-b82c-71a75241bd23\": [36, 30, 24, 32, 22, 28, 20, 34, 18, 26], \"31a45631-ecd4-4327-aca7-18b9d213bb16\": \"info@ccarbors.com\", \"3b262689-7127-4814-bab5-a1972e0869d4\": \"ccarbors.com\", \"559340ef-728e-4935-84cc-443bd407f901\": [111, 113, 115, 117, 119, 121], \"702dab28-10e4-44a1-9271-72e0eda7fa6e\": \"At Complete Care at Arbors, we understand the nuances that uplift the spirit and inspire optimism. With well-appointed, private and semi-private rooms and a host of amenities, Complete Care at Arbors is all about providing care that elevates patient health and wellbeing. Free Wi-Fi lets you keep in touch with family and friends, and we provide cable TV in every room. Residents enjoy full stylist services provided by our convenient on-site beauty salon.\", \"7270a303-7119-43a8-b9bb-8360964189de\": [137, 138, 136], \"7a0d2797-bfc8-4d68-b107-61c1dd081ea0\": \"Arbors\", \"85dc9325-7c30-405d-9715-22e9294f7735\": \"At Complete Care at Arbors, a Toms River nursing home, we pride ourselves on the relationships we build with our residents and staff. Through frequent site visits and a hands-on approach from our top leadership, we create strong connections with both the residents and staff in our facilities. By creating a loyal and approachable environment, we ensure everyone feels like family.\", \"b2903903-6010-4012-bc8c-c8c21f059638\": [86], \"cced3c80-6988-403a-9b5a-14455350e923\": [\"residentialCare\", \"postAcuteCare\", \"longTermCare\"]}',1,'2025-08-20 21:24:25','2025-08-20 21:24:25','1a399db9-5d84-45b9-b234-189955e8dafd'),
(447,447,1,'Menachem Shapiro','menachem-shapiro',NULL,'{\"2b573339-79e1-4bb1-82cf-7c0dfabcab22\": \"Menachem Shapiro\", \"6859b0cf-ccd8-409d-84f9-b76fcac3eda0\": \"mshapiro@ccarbors.com\"}',1,'2025-08-20 21:24:25','2025-08-20 21:24:25','33f13a00-f4ce-49ea-a626-1724fcc2d755'),
(448,448,1,'Ashley Lewis','ashley-lewis',NULL,'{\"2b573339-79e1-4bb1-82cf-7c0dfabcab22\": \"Ashley Lewis\"}',1,'2025-08-20 21:24:25','2025-08-20 21:24:25','fb147260-f472-4a39-9f9c-6d46faa88354'),
(450,450,1,'Complete Care at Arbors','ccarbors','ccarbors','{\"075f1904-e0fc-49c8-9cfb-6990ae779dec\": \"Complete Care at Arbors\", \"0783e761-d312-48eb-a4f3-02333736ad99\": \"Complete Care at Arbors, a Toms River NJ skilled nursing facility, ensures a full continuum of care. Our expert physicians and staff deliver outstanding treatment with a focus on our patients’ overall wellbeing.\", \"0be5b641-0a34-4d93-8816-9a4b1ad24ffd\": [\"bariatricCare\", \"infectiousDiseaseCare\", \"neuroStrokeCare\", \"pulmonaryCare\"], \"0d6389a7-9cd0-496d-96dd-72ebf02f7bbb\": {\"number\": \"(732) 914-0090\", \"region\": \"US\"}, \"19b0086c-bc10-46cc-9f45-ffc5746e8681\": \"residential\", \"2bdc1e0d-4fd6-448b-b82c-71a75241bd23\": [36, 30, 24, 32, 22, 28, 20, 34, 18, 26], \"31a45631-ecd4-4327-aca7-18b9d213bb16\": \"info@ccarbors.com\", \"3b262689-7127-4814-bab5-a1972e0869d4\": \"ccarbors.com\", \"559340ef-728e-4935-84cc-443bd407f901\": [111, 113, 115, 117, 119, 121], \"702dab28-10e4-44a1-9271-72e0eda7fa6e\": \"At Complete Care at Arbors, we understand the nuances that uplift the spirit and inspire optimism. With well-appointed, private and semi-private rooms and a host of amenities, Complete Care at Arbors is all about providing care that elevates patient health and wellbeing. Free Wi-Fi lets you keep in touch with family and friends, and we provide cable TV in every room. Residents enjoy full stylist services provided by our convenient on-site beauty salon.\", \"7270a303-7119-43a8-b9bb-8360964189de\": [137, 138, 136], \"7a0d2797-bfc8-4d68-b107-61c1dd081ea0\": \"Arbors\", \"85dc9325-7c30-405d-9715-22e9294f7735\": \"At Complete Care at Arbors, a Toms River nursing home, we pride ourselves on the relationships we build with our residents and staff. Through frequent site visits and a hands-on approach from our top leadership, we create strong connections with both the residents and staff in our facilities. By creating a loyal and approachable environment, we ensure everyone feels like family.\", \"b2903903-6010-4012-bc8c-c8c21f059638\": [86], \"cced3c80-6988-403a-9b5a-14455350e923\": [\"residentialCare\", \"postAcuteCare\", \"longTermCare\"]}',1,'2025-08-20 21:24:35','2025-08-20 21:24:35','51f66209-20af-4a5c-bce8-60593c2bbc9f'),
(452,452,1,'Rehabilitation Program','cardiac-care',NULL,NULL,1,'2025-08-20 21:57:06','2025-08-20 21:57:06','28bec844-2b06-4abc-b323-f4952010739a'),
(453,453,1,'Rehabilitation Program','rehabilitation-program',NULL,'{\"a2de05eb-1437-41e9-bc0a-6f2defdc0d4e\": \"We provide extensive rehabilitation services up to seven days a week, tailored to individual needs and goals. In order to help progress and recovery, we adjust therapies based on the patient’s abilities and tolerance so their quality of life can continue to improve after transitioning home.\"}',1,'2025-08-20 21:57:13','2025-08-20 21:57:20','71b082bb-85b8-4cab-8be0-c07fc955d9d1'),
(454,454,1,'Rehabilitation Program','rehabilitation-program',NULL,'{\"a2de05eb-1437-41e9-bc0a-6f2defdc0d4e\": \"We provide extensive rehabilitation services up to seven days a week, tailored to individual needs and goals. In order to help progress and recovery, we adjust therapies based on the patient’s abilities and tolerance so their quality of life can continue to improve after transitioning home.\"}',1,'2025-08-20 21:57:20','2025-08-20 21:57:20','ec496528-1786-409f-bfb1-1ae87e16d57e'),
(455,455,1,'Physical Therapy','physical-therapy',NULL,'{\"a2de05eb-1437-41e9-bc0a-6f2defdc0d4e\": \"Physical therapy focuses on improving mobility, strength, and coordination, helping patients recover from surgery, injury, or illness.\"}',1,'2025-08-20 21:57:25','2025-08-20 21:57:31','6d41e3ac-a19b-4b3f-bcbb-7e21bf869540'),
(456,456,1,'Physical Therapy','physical-therapy',NULL,'{\"a2de05eb-1437-41e9-bc0a-6f2defdc0d4e\": \"Physical therapy focuses on improving mobility, strength, and coordination, helping patients recover from surgery, injury, or illness.\"}',1,'2025-08-20 21:57:32','2025-08-20 21:57:32','519d273e-d91c-46dd-be1f-e7b40d0994c5'),
(457,457,1,'Occupational Therapy','occupational-therapy',NULL,'{\"a2de05eb-1437-41e9-bc0a-6f2defdc0d4e\": \"Occupational therapy addresses daily living skills, assisting patients in regaining their ability to perform tasks such as dressing, cooking, and bathing.\"}',1,'2025-08-20 21:58:35','2025-08-20 21:58:57','9d9b0848-819a-469f-b841-d3ff2f090c7a'),
(458,458,1,'Occupational Therapy','occupational-therapy',NULL,'{\"a2de05eb-1437-41e9-bc0a-6f2defdc0d4e\": \"Occupational therapy addresses daily living skills, assisting patients in regaining their ability to perform tasks such as dressing, cooking, and bathing.\"}',1,'2025-08-20 21:58:42','2025-08-20 21:58:42','8e0c85d8-7da9-47c3-acae-b493b36330ff'),
(459,459,1,'Rehabilitation Program','rehabilitation-program',NULL,'{\"a2de05eb-1437-41e9-bc0a-6f2defdc0d4e\": \"We provide extensive rehabilitation services up to seven days a week, tailored to individual needs and goals. In order to help progress and recovery, we adjust therapies based on the patient’s abilities and tolerance so their quality of life can continue to improve after transitioning home.\"}',1,'2025-08-20 21:58:47','2025-08-20 21:58:56','a1b8582e-2b58-4b41-a3a9-264293d0eae4'),
(460,460,1,'Rehabilitation Program','rehabilitation-program',NULL,'{\"a2de05eb-1437-41e9-bc0a-6f2defdc0d4e\": \"We provide extensive rehabilitation services up to seven days a week, tailored to individual needs and goals. In order to help progress and recovery, we adjust therapies based on the patient’s abilities and tolerance so their quality of life can continue to improve after transitioning home.\"}',1,'2025-08-20 21:58:54','2025-08-20 21:58:54','31585a9a-536b-4c2e-b8d6-82adb5eb48be'),
(461,461,1,'Physical Therapy','physical-therapy',NULL,'{\"a2de05eb-1437-41e9-bc0a-6f2defdc0d4e\": \"Physical therapy focuses on improving mobility, strength, and coordination, helping patients recover from surgery, injury, or illness.\"}',1,'2025-08-20 21:59:02','2025-08-20 21:59:17','f494f769-633e-4612-99d0-497e04d911e6'),
(462,462,1,'Physical Therapy','physical-therapy',NULL,'{\"a2de05eb-1437-41e9-bc0a-6f2defdc0d4e\": \"Physical therapy focuses on improving mobility, strength, and coordination, helping patients recover from surgery, injury, or illness.\"}',1,'2025-08-20 21:59:06','2025-08-20 21:59:06','9d4fda35-9d25-48c7-b9be-d4658dcf244f'),
(463,463,1,'Speech Therapy','speech-therapy',NULL,'{\"a2de05eb-1437-41e9-bc0a-6f2defdc0d4e\": \"Speech therapy supports communication and swallowing difficulties, helping patients overcome challenges related to speech, language, or cognitive function.\"}',1,'2025-08-20 21:59:10','2025-08-20 21:59:18','e30f0999-38e3-455b-9692-610ddb4bff93'),
(464,464,1,'Speech Therapy','speech-therapy',NULL,'{\"a2de05eb-1437-41e9-bc0a-6f2defdc0d4e\": \"Speech therapy supports communication and swallowing difficulties, helping patients overcome challenges related to speech, language, or cognitive function.\"}',1,'2025-08-20 21:59:15','2025-08-20 21:59:15','5c356ba9-f6a9-4a4f-8e72-958467d53c8b'),
(465,465,1,'Post-Acute Care and Skilled Nursing Services','post-acute-care-and-skilled-nursing-services',NULL,'{\"a2de05eb-1437-41e9-bc0a-6f2defdc0d4e\": \"For those recovering from illness, injury, or surgery, our comprehensive Post-Acute Rehabilitation services help patients regain their strength and transition home as soon as possible. We offer an extensive range of care services with compassionate, certified professionals helping our patients recover in comfort.\"}',1,'2025-08-20 21:59:23','2025-08-20 21:59:33','d6dde952-a8e5-4681-a523-adfbe312f5ed'),
(466,466,1,'Post-Acute Care and Skilled Nursing Services','post-acute-care-and-skilled-nursing-services',NULL,'{\"a2de05eb-1437-41e9-bc0a-6f2defdc0d4e\": \"For those recovering from illness, injury, or surgery, our comprehensive Post-Acute Rehabilitation services help patients regain their strength and transition home as soon as possible. We offer an extensive range of care services with compassionate, certified professionals helping our patients recover in comfort.\"}',1,'2025-08-20 21:59:33','2025-08-20 21:59:33','2d74ecd3-7858-4e9f-9b99-99738d963255'),
(467,467,1,'Primary Care','primary-care',NULL,'{\"a2de05eb-1437-41e9-bc0a-6f2defdc0d4e\": \"Our dedicated team provides comprehensive bedside primary care to manage chronic conditions and support overall health, including chronic care management, diabetes, and pain management. Our team also offers expert care for patients with feeding tubes and other complex medical needs, ensuring personalized, compassionate bedside support.\"}',1,'2025-08-20 21:59:39','2025-08-20 21:59:50','bfe20fd3-7f18-4538-a39e-e5c5ce2edb75'),
(468,468,1,'Primary Care','primary-care',NULL,'{\"a2de05eb-1437-41e9-bc0a-6f2defdc0d4e\": \"Our dedicated team provides comprehensive bedside primary care to manage chronic conditions and support overall health, including chronic care management, diabetes, and pain management. Our team also offers expert care for patients with feeding tubes and other complex medical needs, ensuring personalized, compassionate bedside support.\"}',1,'2025-08-20 21:59:45','2025-08-20 21:59:45','7d1a9975-083d-4ba4-af8f-ea50a374e276'),
(469,469,1,'Orthopedic & Post-Surgical Care','orthopedic-post-surgical-care',NULL,'{\"a2de05eb-1437-41e9-bc0a-6f2defdc0d4e\": \"Our compassionate and certified team is here to help you regain motor skills and use assistive devices for independent living. We offer rehabilitation programs for those recovering from trauma, illness, or surgery, as well as support for conditions like arthritis, osteoporosis, and more.\"}',1,'2025-08-20 21:59:56','2025-08-20 22:09:02','1c034c29-59ff-47c7-aca7-9c2b653b9256'),
(470,470,1,'Orthopedic & Post-Surgical Care','orthopedic-post-surgical-care',NULL,'{\"a2de05eb-1437-41e9-bc0a-6f2defdc0d4e\": \"Our compassionate and certified team is here to help you regain motor skills and use assistive devices for independent living. We offer rehabilitation programs for those recovering from trauma, illness, or surgery, as well as support for conditions like arthritis, osteoporosis, and more.\"}',1,'2025-08-20 22:00:03','2025-08-20 22:00:03','4cabac51-4863-4972-a2ae-912436aeb9a0'),
(471,471,1,'Cardiac Care','cardiac-care',NULL,'{\"a2de05eb-1437-41e9-bc0a-6f2defdc0d4e\": \"We provide a safe and supportive environment for those recovering from heart-related conditions, including heart attacks, strokes, angina, heart failure, dysrhythmia, and more. Our focus is on helping you rehabilitate and regain your health.\"}',1,'2025-08-20 22:00:03','2025-08-20 22:09:06','54963402-ae49-4fc7-89e6-2590a47e9f44'),
(472,472,1,'Cardiac Care','cardiac-care',NULL,'{\"a2de05eb-1437-41e9-bc0a-6f2defdc0d4e\": \"We provide a safe and supportive environment for those recovering from heart-related conditions, including heart attacks, strokes, angina, heart failure, dysrhythmia, and more. Our focus is on helping you rehabilitate and regain your health.\"}',1,'2025-08-20 22:00:11','2025-08-20 22:00:11','9919a568-3016-49e3-af49-dd45a58029e9'),
(473,473,1,'Neuro & Stroke Care','neuro-stroke-care',NULL,'{\"a2de05eb-1437-41e9-bc0a-6f2defdc0d4e\": \"We specialize in stroke recovery services aimed at minimizing brain injury, promoting healthy functioning, and reducing the risk of recurrence or future hospitalization.\"}',1,'2025-08-20 22:00:11','2025-08-20 22:08:43','58ab2947-9afd-4aa5-972d-97921c891e0b'),
(474,474,1,'Neuro & Stroke Care','neuro-stroke-care',NULL,'{\"a2de05eb-1437-41e9-bc0a-6f2defdc0d4e\": \"We specialize in stroke recovery services aimed at minimizing brain injury, promoting healthy functioning, and reducing the risk of recurrence or future hospitalization.\"}',1,'2025-08-20 22:00:22','2025-08-20 22:00:22','223c6c49-dd84-4efa-9549-cd38554e7c9c'),
(475,475,1,'Pulmonary Care','pulmonary-care',NULL,'{\"a2de05eb-1437-41e9-bc0a-6f2defdc0d4e\": \"We provide specialized pulmonary care for individuals facing diseases or damage to the lungs, trachea, diaphragm, and other components of the pulmonary system. Our team includes leading respiratory care physicians and specialists, utilizing cutting-edge technology and evidence-based practices to ensure the best possible outcomes.\"}',1,'2025-08-20 22:00:31','2025-08-20 22:08:48','3791b162-cdcc-408e-b4ff-1fc3512f8025'),
(476,476,1,'Pulmonary Care','pulmonary-care',NULL,'{\"a2de05eb-1437-41e9-bc0a-6f2defdc0d4e\": \"We provide specialized pulmonary care for individuals facing diseases or damage to the lungs, trachea, diaphragm, and other components of the pulmonary system. Our team includes leading respiratory care physicians and specialists, utilizing cutting-edge technology and evidence-based practices to ensure the best possible outcomes.\"}',1,'2025-08-20 22:00:38','2025-08-20 22:00:38','19415ba5-9727-4222-a6df-104c4be88800'),
(477,477,1,'Wound Care','wound-care',NULL,'{\"a2de05eb-1437-41e9-bc0a-6f2defdc0d4e\": \"Our dedicated wound care team focuses on promoting healing and preventing both existing and in-house acquired wounds. We specialize in the treatment of chronic wounds, pressure ulcers, surgical wounds, and diabetic foot ulcers, using advanced techniques and therapies tailored to each patient\'s needs.\"}',1,'2025-08-20 22:00:42','2025-08-20 22:08:50','709e7676-94b6-466c-a7a6-4415576b83d3'),
(478,478,1,'Wound Care','wound-care',NULL,'{\"a2de05eb-1437-41e9-bc0a-6f2defdc0d4e\": \"Our dedicated wound care team focuses on promoting healing and preventing both existing and in-house acquired wounds. We specialize in the treatment of chronic wounds, pressure ulcers, surgical wounds, and diabetic foot ulcers, using advanced techniques and therapies tailored to each patient\'s needs.\"}',1,'2025-08-20 22:00:46','2025-08-20 22:00:46','4f935120-4647-4d65-95b6-92a0d9f95572'),
(479,479,1,'Renal Care','renal-care',NULL,'{\"a2de05eb-1437-41e9-bc0a-6f2defdc0d4e\": \"For patients with chronic kidney disease, kidney failure, and end-stage renal disease (ESRD), we offer comprehensive disease management and dialysis services, including hemodialysis management, to ensure patients receive the highest level of care. Our dedicated team works closely with each patient to create individualized care plans that focus on improving kidney function, managing symptoms, and enhancing overall quality of life.\"}',1,'2025-08-20 22:00:52','2025-08-20 22:08:51','4a46d8a8-5ed6-46b1-a54b-6997737c1065'),
(480,480,1,'Renal Care','renal-care',NULL,'{\"a2de05eb-1437-41e9-bc0a-6f2defdc0d4e\": \"For patients with chronic kidney disease, kidney failure, and end-stage renal disease (ESRD), we offer comprehensive disease management and dialysis services, including hemodialysis management, to ensure patients receive the highest level of care. Our dedicated team works closely with each patient to create individualized care plans that focus on improving kidney function, managing symptoms, and enhancing overall quality of life.\"}',1,'2025-08-20 22:00:59','2025-08-20 22:00:59','11fb480f-1594-4c6f-b71c-f250daf4091d'),
(481,481,1,'Palliative Care','palliative-care',NULL,'{\"a2de05eb-1437-41e9-bc0a-6f2defdc0d4e\": \"Palliative Care provides comfort and support to patients facing serious illness. We focus on managing symptoms, such as pain, nausea, and fatigue, while enhancing quality of life through compassionate care. Our interdisciplinary team works closely with patients and their families to address physical, emotional, and spiritual needs, ensuring a holistic approach to care.\"}',1,'2025-08-20 22:01:02','2025-08-20 22:08:52','85ba8bc3-e2de-41a6-b419-2aca5e1e6f6c'),
(482,482,1,'Palliative Care','palliative-care',NULL,'{\"a2de05eb-1437-41e9-bc0a-6f2defdc0d4e\": \"Palliative Care provides comfort and support to patients facing serious illness. We focus on managing symptoms, such as pain, nausea, and fatigue, while enhancing quality of life through compassionate care. Our interdisciplinary team works closely with patients and their families to address physical, emotional, and spiritual needs, ensuring a holistic approach to care.\"}',1,'2025-08-20 22:01:08','2025-08-20 22:01:08','0987bc20-7692-4f06-8e92-d776a3f12910'),
(483,483,1,'Bariatric Care','bariatric-care',NULL,'{\"a2de05eb-1437-41e9-bc0a-6f2defdc0d4e\": \"We provide specialized support for individuals managing obesity and related health conditions. Our personalized care plans address both medical and mobility needs, utilizing specialized equipment to ensure comfort and safety. Our facility is equipped with bariatric-friendly tools, including larger beds, chairs, and medical equipment, as well as the capability to use Hoyer lifts for safe patient transfers.\"}',1,'2025-08-20 22:01:12','2025-08-20 22:08:53','5937bec4-911f-4fcf-9c72-aaf50c8faf96'),
(484,484,1,'Bariatric Care','bariatric-care',NULL,'{\"a2de05eb-1437-41e9-bc0a-6f2defdc0d4e\": \"We provide specialized support for individuals managing obesity and related health conditions. Our personalized care plans address both medical and mobility needs, utilizing specialized equipment to ensure comfort and safety. Our facility is equipped with bariatric-friendly tools, including larger beds, chairs, and medical equipment, as well as the capability to use Hoyer lifts for safe patient transfers.\"}',1,'2025-08-20 22:01:17','2025-08-20 22:01:17','71cebbf9-3566-4bda-80eb-32aab432c133'),
(485,485,1,'Psychology/Psychiatric Care','psychology-psychiatric-care',NULL,'{\"a2de05eb-1437-41e9-bc0a-6f2defdc0d4e\": \"Our Psychology and Psychiatric Care team provides compassionate support for patients experiencing mild mental health concerns, such as anxiety, depression, and stress. We focus on enhancing emotional well-being and mental resilience, offering individualized care that complements physical treatments. By addressing both mental and physical health, we support holistic recovery and promote a sense of balance and well-being for all patients.\"}',1,'2025-08-20 22:01:22','2025-08-20 22:08:54','1995a6b0-aa08-4965-a22b-b3baff29f352'),
(486,486,1,'Psychology/Psychiatric Care','psychology-psychiatric-care',NULL,'{\"a2de05eb-1437-41e9-bc0a-6f2defdc0d4e\": \"Our Psychology and Psychiatric Care team provides compassionate support for patients experiencing mild mental health concerns, such as anxiety, depression, and stress. We focus on enhancing emotional well-being and mental resilience, offering individualized care that complements physical treatments. By addressing both mental and physical health, we support holistic recovery and promote a sense of balance and well-being for all patients.\"}',1,'2025-08-20 22:01:30','2025-08-20 22:01:30','ca222f0e-4f34-4237-b0f7-dc4131bfd34d'),
(487,487,1,'Long-Term Care Services','long-term-care-services',NULL,'{\"a2de05eb-1437-41e9-bc0a-6f2defdc0d4e\": \"For patients with additional care requirements, we offer comprehensive Long-Term Care services that provide individuals with extra comfort, safety, and compassion.\"}',1,'2025-08-20 22:01:56','2025-08-20 22:02:03','0947b9dd-9783-4329-95e6-aff05a2660b5'),
(488,488,1,'Long-Term Care Services','long-term-care-services',NULL,'{\"a2de05eb-1437-41e9-bc0a-6f2defdc0d4e\": \"For patients with additional care requirements, we offer comprehensive Long-Term Care services that provide individuals with extra comfort, safety, and compassion.\"}',1,'2025-08-20 22:02:03','2025-08-20 22:02:03','93fe4875-e61e-48dd-85a0-3950d5427572'),
(489,489,1,'Geriatric Care','geriatric-care',NULL,'{\"a2de05eb-1437-41e9-bc0a-6f2defdc0d4e\": \"Our team is dedicated to providing compassionate, round-the-clock care at the bedside for elderly patients with a variety of health needs. We focus on promoting independence and comfort while managing age-related conditions. Our services include falls prevention, wound care, and proactive health management to ensure safety and improve quality of life.\"}',1,'2025-08-20 22:02:05','2025-08-20 22:02:36','8bb85901-bc19-4b6d-ab4b-b84c2474ed08'),
(490,490,1,'Geriatric Care','geriatric-care',NULL,'{\"a2de05eb-1437-41e9-bc0a-6f2defdc0d4e\": \"Our team is dedicated to providing compassionate, round-the-clock care at the bedside for elderly patients with a variety of health needs. We focus on promoting independence and comfort while managing age-related conditions. Our services include falls prevention, wound care, and proactive health management to ensure safety and improve quality of life.\"}',1,'2025-08-20 22:02:13','2025-08-20 22:02:13','ad309d23-addc-4975-a74c-6f9a8e69eb5a'),
(491,491,1,'Memory Care','memory-care',NULL,'{\"a2de05eb-1437-41e9-bc0a-6f2defdc0d4e\": \"Our memory care programming provides residents with dementia, Alzheimer’s disease, and other memory impairments with a full range of treatments and services. We focus on creating a warm, comfortable, and familiar environment where residents can enjoy routine while engaging with their community.\"}',1,'2025-08-20 22:02:13','2025-08-20 22:02:37','74605853-1c83-4877-ac00-0f3a4d64ff4f'),
(492,492,1,'Memory Care','memory-care',NULL,'{\"a2de05eb-1437-41e9-bc0a-6f2defdc0d4e\": \"Our memory care programming provides residents with dementia, Alzheimer’s disease, and other memory impairments with a full range of treatments and services. We focus on creating a warm, comfortable, and familiar environment where residents can enjoy routine while engaging with their community.\"}',1,'2025-08-20 22:02:19','2025-08-20 22:02:19','b51636f8-d7a6-4b8e-8142-85d4d9ece22c'),
(493,493,1,'Hospice Care','hospice-care',NULL,'{\"a2de05eb-1437-41e9-bc0a-6f2defdc0d4e\": \"Our approach to hospice emphasizes effective management of symptoms and side effects related to both the disease and its treatment, while also addressing emotional, psychological, and spiritual needs.  We provide compassionate, end-of-life care focused on comfort, dignity, and quality of life for patients with terminal illnesses. Our team works closely with patients and their loved ones to ensure peace of mind during this challenging time, helping to create a supportive and peaceful environment.\"}',1,'2025-08-20 22:02:23','2025-08-20 22:02:38','4e2c0696-d1b1-4c5d-8330-6b3806641c53'),
(494,494,1,'Hospice Care','hospice-care',NULL,'{\"a2de05eb-1437-41e9-bc0a-6f2defdc0d4e\": \"Our approach to hospice emphasizes effective management of symptoms and side effects related to both the disease and its treatment, while also addressing emotional, psychological, and spiritual needs.  We provide compassionate, end-of-life care focused on comfort, dignity, and quality of life for patients with terminal illnesses. Our team works closely with patients and their loved ones to ensure peace of mind during this challenging time, helping to create a supportive and peaceful environment.\"}',1,'2025-08-20 22:02:28','2025-08-20 22:02:28','4ba382da-c805-485c-a286-141609fd9256'),
(495,495,1,'Respite Care','respite-care',NULL,'{\"a2de05eb-1437-41e9-bc0a-6f2defdc0d4e\": \"Our Respite Care service offers short-term relief for caregivers, providing a temporary stay for patients in need of care. Whether due to a family emergency, a break, or other personal reasons, our team ensures that patients receive compassionate care and attention during their short stay. We focus on maintaining the patient’s comfort, safety, and well-being while offering caregivers peace of mind.\"}',1,'2025-08-20 22:02:28','2025-08-20 22:02:39','5a9dc52b-366b-4741-83a1-19c79e2f4e1d'),
(496,496,1,'Respite Care','respite-care',NULL,'{\"a2de05eb-1437-41e9-bc0a-6f2defdc0d4e\": \"Our Respite Care service offers short-term relief for caregivers, providing a temporary stay for patients in need of care. Whether due to a family emergency, a break, or other personal reasons, our team ensures that patients receive compassionate care and attention during their short stay. We focus on maintaining the patient’s comfort, safety, and well-being while offering caregivers peace of mind.\"}',1,'2025-08-20 22:02:34','2025-08-20 22:02:34','af1ba6d4-6392-4365-9957-cc76c55f0483'),
(497,497,1,'Advanced Clinical Specialties','advanced-clinical-specialties',NULL,'{\"a2de05eb-1437-41e9-bc0a-6f2defdc0d4e\": \"We offer a range of specialty services to help patients with advanced conditions progress safely in their recovery and receive care that accommodates their individual needs. All programs and services are provided by accredited professionals and caring staff.\"}',1,'2025-08-20 22:02:53','2025-08-20 22:03:04','e9b4533c-64d1-4d18-b220-b21c86e17211'),
(498,498,1,'Advanced Clinical Specialties','advanced-clinical-specialties',NULL,'{\"a2de05eb-1437-41e9-bc0a-6f2defdc0d4e\": \"We offer a range of specialty services to help patients with advanced conditions progress safely in their recovery and receive care that accommodates their individual needs. All programs and services are provided by accredited professionals and caring staff.\"}',1,'2025-08-20 22:02:59','2025-08-20 22:02:59','c45d5fd8-45ee-4d1b-bef1-01144a88e0b4'),
(499,499,1,'Acquired Traumatic Brain Injuries','acquired-traumatic-brain-injuries',NULL,NULL,1,'2025-08-20 22:12:20','2025-08-20 22:12:22','50cbf76d-a519-413b-ab3b-88da28504fdf'),
(500,500,1,'Acquired Traumatic Brain Injuries','acquired-traumatic-brain-injuries',NULL,NULL,1,'2025-08-20 22:12:23','2025-08-20 22:12:23','bbe405f7-bf56-4ec4-9fde-d5985961e42b'),
(501,501,1,'Behavioral Programming','behavioral-programming',NULL,NULL,1,'2025-08-20 22:12:23','2025-08-20 22:12:28','09702f87-909b-4313-b171-553883833a54'),
(502,502,1,'Behavioral Programming','behavioral-programming',NULL,NULL,1,'2025-08-20 22:12:28','2025-08-20 22:12:28','86eb952c-e64a-4007-b2c7-c0dfaaeda2d8'),
(503,503,1,'Ventilator Unit','ventilator-unit',NULL,NULL,1,'2025-08-20 22:12:32','2025-08-20 22:12:33','3d0a00ab-1304-41fd-a9a1-8b928111d7f3'),
(504,504,1,'Ventilator Unit','ventilator-unit',NULL,NULL,1,'2025-08-20 22:12:34','2025-08-20 22:12:34','ee55bd3e-ff0d-4324-af7f-28f80db6ca0f'),
(505,505,1,NULL,'__temp_deknzzudrgokojetknlijflesrnvjaayzhuo',NULL,NULL,1,'2025-08-20 22:12:34','2025-08-20 22:12:34','2d9c249e-7e79-40c3-83a9-862b2c6aca8a'),
(506,506,1,'On-Site Dialysis Unit','on-site-dialysis-unit',NULL,NULL,1,'2025-08-20 22:12:49','2025-08-20 22:12:50','b43b8cc5-c98a-4a4a-99ca-0d2cb2cc4bed'),
(507,507,1,'On-Site Dialysis Unit','on-site-dialysis-unit',NULL,NULL,1,'2025-08-20 22:12:50','2025-08-20 22:12:50','f10450ea-4856-47ba-8eb1-909a8a473b25'),
(508,508,1,'Oasis – Enhanced Specialized Rehab','oasis-enhanced-specialized-rehab',NULL,NULL,1,'2025-08-20 22:12:50','2025-08-20 22:12:54','2adf8f61-88f9-4952-9cf0-7478c60624e0'),
(509,509,1,'Oasis – Enhanced Specialized Rehab','oasis-enhanced-specialized-rehab',NULL,NULL,1,'2025-08-20 22:12:54','2025-08-20 22:12:54','a5895f05-3415-42da-97d8-00f516083e83'),
(510,510,1,'Substance Abuse Recovery Program','substance-abuse-recovery-program',NULL,NULL,1,'2025-08-20 22:12:54','2025-08-20 22:12:57','1d30be1d-10cc-48c9-ba73-f08a54b8580e'),
(511,511,1,'Substance Abuse Recovery Program','substance-abuse-recovery-program',NULL,NULL,1,'2025-08-20 22:12:57','2025-08-20 22:12:57','c01bbc4a-d32f-47af-ade5-30464bae3af0'),
(512,512,1,'Advanced Cardiac Capabilities','advanced-cardiac-capabilities',NULL,NULL,1,'2025-08-20 22:12:57','2025-08-20 22:13:00','e1c63bd6-1266-47f5-b9bb-5a755978f890'),
(513,513,1,'Advanced Cardiac Capabilities','advanced-cardiac-capabilities',NULL,NULL,1,'2025-08-20 22:13:01','2025-08-20 22:13:01','dc3ac253-9928-446d-a7d2-06945a3e82b9'),
(514,514,1,'Advanced Pulmonary Capabilities','advanced-pulmonary-capabilities',NULL,NULL,1,'2025-08-20 22:13:01','2025-08-20 22:13:04','04b3f992-72b7-4843-a724-fb38703f2882'),
(515,515,1,'Advanced Pulmonary Capabilities','advanced-pulmonary-capabilities',NULL,NULL,1,'2025-08-20 22:13:04','2025-08-20 22:13:04','e01686f1-41e4-4d8b-aa7b-24cc6b10d98f'),
(516,516,1,'Parkinson\'s Disease Management','parkinsons-disease-management',NULL,NULL,1,'2025-08-20 22:13:04','2025-08-20 22:13:07','c0cf2579-34a6-4b6b-b7bd-f3f7b3ce9c4b'),
(517,517,1,'Parkinson\'s Disease Management','parkinsons-disease-management',NULL,NULL,1,'2025-08-20 22:13:07','2025-08-20 22:13:07','b48b1a41-f623-4428-9ce0-81622f0a8448'),
(518,518,1,'Advanced Pain Management','advanced-pain-management',NULL,NULL,1,'2025-08-20 22:13:07','2025-08-20 22:13:10','c484a0c9-701d-4f3d-bae8-9ecc9b4ea32a'),
(519,519,1,'Advanced Pain Management','advanced-pain-management',NULL,NULL,1,'2025-08-20 22:13:10','2025-08-20 22:13:10','53b853b1-93ac-4668-9a01-a64cb7c618b6'),
(520,520,1,'Specialized Infectious Disease Pathogen Care','specialized-infectious-disease-pathogen-care',NULL,NULL,1,'2025-08-20 22:13:10','2025-08-20 22:13:12','e8a76e85-ceff-454a-b6fa-1a132962a65d'),
(521,521,1,'Specialized Infectious Disease Pathogen Care','specialized-infectious-disease-pathogen-care',NULL,NULL,1,'2025-08-20 22:13:13','2025-08-20 22:13:13','16adf247-c0bd-47ea-933a-19e3638175b2'),
(522,522,1,'Secured Memory Care Units','secured-memory-care-units',NULL,NULL,1,'2025-08-20 22:13:13','2025-08-20 22:13:15','7e4c078c-7a72-46c5-9248-36745924e1a0'),
(523,523,1,'Secured Memory Care Units','secured-memory-care-units',NULL,NULL,1,'2025-08-20 22:13:15','2025-08-20 22:13:15','7ac14140-7dfe-4ed6-8b98-58ecda79a95a'),
(524,524,1,'Supportive Care','supportive-care',NULL,NULL,1,'2025-08-20 22:13:15','2025-08-20 22:13:18','278b1e70-6b11-4479-b4cb-4c8c8e261732'),
(525,525,1,'Supportive Care','supportive-care',NULL,NULL,1,'2025-08-20 22:13:18','2025-08-20 22:13:18','3b3c7d7f-c4cf-45a3-961a-87f5d90a08c8'),
(528,528,1,'Complete Care at Arbors','ccarbors','ccarbors','{\"075f1904-e0fc-49c8-9cfb-6990ae779dec\": \"Complete Care at Arbors\", \"0be5b641-0a34-4d93-8816-9a4b1ad24ffd\": [\"bariatricCare\", \"infectiousDiseaseCare\", \"neuroStrokeCare\", \"pulmonaryCare\"], \"0d6389a7-9cd0-496d-96dd-72ebf02f7bbb\": {\"number\": \"(732) 914-0090\", \"region\": \"US\"}, \"19b0086c-bc10-46cc-9f45-ffc5746e8681\": \"ltc\", \"31a45631-ecd4-4327-aca7-18b9d213bb16\": \"info@ccarbors.com\", \"3b262689-7127-4814-bab5-a1972e0869d4\": \"ccarbors.com\", \"559340ef-728e-4935-84cc-443bd407f901\": [111, 113, 115, 117, 119, 121], \"702dab28-10e4-44a1-9271-72e0eda7fa6e\": \"At Complete Care at Arbors, we understand the nuances that uplift the spirit and inspire optimism. With well-appointed, private and semi-private rooms and a host of amenities, Complete Care at Arbors is all about providing care that elevates patient health and wellbeing. Free Wi-Fi lets you keep in touch with family and friends, and we provide cable TV in every room. Residents enjoy full stylist services provided by our convenient on-site beauty salon.\", \"7270a303-7119-43a8-b9bb-8360964189de\": [137, 138, 136], \"7a0d2797-bfc8-4d68-b107-61c1dd081ea0\": \"Arbors\", \"85dc9325-7c30-405d-9715-22e9294f7735\": \"At Complete Care at Arbors, a Toms River nursing home, we pride ourselves on the relationships we build with our residents and staff. Through frequent site visits and a hands-on approach from our top leadership, we create strong connections with both the residents and staff in our facilities. By creating a loyal and approachable environment, we ensure everyone feels like family.\", \"b2903903-6010-4012-bc8c-c8c21f059638\": [86], \"cced3c80-6988-403a-9b5a-14455350e923\": [\"residentialCare\", \"postAcuteCare\", \"longTermCare\"]}',1,'2025-08-20 22:17:19','2025-08-20 22:17:19','ce009e78-af5d-4be7-8653-c31331b5e660'),
(530,530,1,'Life Vest','life-vest',NULL,NULL,1,'2025-08-20 22:17:42','2025-08-20 22:18:26','4853a6a3-b439-4629-98a7-dfc72e075a3c'),
(531,531,1,'Life Vest','life-vest',NULL,NULL,1,'2025-08-20 22:17:46','2025-08-20 22:17:46','050d4668-9b87-4c04-84ea-f1645595a97d'),
(532,532,1,'Pleurex Catheter','pleurex-catheter',NULL,NULL,1,'2025-08-20 22:17:53','2025-08-20 22:18:26','c17d5553-f91b-49aa-9f91-1ea21a0752d7'),
(533,533,1,'Pleurex Catheter','pleurex-catheter',NULL,NULL,1,'2025-08-20 22:18:02','2025-08-20 22:18:02','1e56b488-c021-4425-bb1d-04590779a2bf'),
(534,534,1,'Pacemaker Assessment/Monitoring','pacemaker-assement-monitoring',NULL,NULL,1,'2025-08-20 22:18:14','2025-08-20 22:18:29','b8eae01b-1a2f-4367-b30c-701c44ba4c71'),
(535,535,1,'Pacemaker Assement/Monitoring','pacemaker-assement-monitoring',NULL,NULL,1,'2025-08-20 22:18:21','2025-08-20 22:18:21','f2410329-a14e-49d9-9abb-7949815833ca'),
(536,536,1,'Pacemaker Assessment/Monitoring','pacemaker-assement-monitoring',NULL,NULL,1,'2025-08-20 22:18:29','2025-08-20 22:18:29','56b6c600-aa64-4758-9125-5bad657be06a'),
(537,537,1,'Complete Care at Arbors','ccarbors','ccarbors','{\"075f1904-e0fc-49c8-9cfb-6990ae779dec\": \"Complete Care at Arbors\", \"0be5b641-0a34-4d93-8816-9a4b1ad24ffd\": [\"bariatricCare\", \"infectiousDiseaseCare\", \"neuroStrokeCare\", \"pulmonaryCare\"], \"0d6389a7-9cd0-496d-96dd-72ebf02f7bbb\": {\"number\": \"(732) 914-0090\", \"region\": \"US\"}, \"19b0086c-bc10-46cc-9f45-ffc5746e8681\": \"ltc\", \"31a45631-ecd4-4327-aca7-18b9d213bb16\": \"info@ccarbors.com\", \"3b262689-7127-4814-bab5-a1972e0869d4\": \"ccarbors.com\", \"559340ef-728e-4935-84cc-443bd407f901\": [111, 113, 115, 117, 119, 121], \"702dab28-10e4-44a1-9271-72e0eda7fa6e\": \"At Complete Care at Arbors, we understand the nuances that uplift the spirit and inspire optimism. With well-appointed, private and semi-private rooms and a host of amenities, Complete Care at Arbors is all about providing care that elevates patient health and wellbeing. Free Wi-Fi lets you keep in touch with family and friends, and we provide cable TV in every room. Residents enjoy full stylist services provided by our convenient on-site beauty salon.\", \"7270a303-7119-43a8-b9bb-8360964189de\": [137, 138, 136], \"7a0d2797-bfc8-4d68-b107-61c1dd081ea0\": \"Arbors\", \"85dc9325-7c30-405d-9715-22e9294f7735\": \"At Complete Care at Arbors, a Toms River nursing home, we pride ourselves on the relationships we build with our residents and staff. Through frequent site visits and a hands-on approach from our top leadership, we create strong connections with both the residents and staff in our facilities. By creating a loyal and approachable environment, we ensure everyone feels like family.\", \"b2903903-6010-4012-bc8c-c8c21f059638\": [86], \"cced3c80-6988-403a-9b5a-14455350e923\": [\"residentialCare\", \"postAcuteCare\", \"longTermCare\"], \"f352e58c-d152-4a45-9615-d0526b009523\": [534, 530, 532]}',1,'2025-08-20 22:19:43','2025-08-20 22:19:43','7c1d2888-4404-493d-9964-33eda28c75a4'),
(541,541,1,'Complete Care at Arbors','ccarbors','ccarbors','{\"075f1904-e0fc-49c8-9cfb-6990ae779dec\": \"Complete Care at Arbors\", \"0be5b641-0a34-4d93-8816-9a4b1ad24ffd\": [\"bariatricCare\", \"infectiousDiseaseCare\", \"neuroStrokeCare\", \"pulmonaryCare\"], \"0d6389a7-9cd0-496d-96dd-72ebf02f7bbb\": {\"number\": \"(732) 914-0090\", \"region\": \"US\"}, \"19b0086c-bc10-46cc-9f45-ffc5746e8681\": \"ltc\", \"31a45631-ecd4-4327-aca7-18b9d213bb16\": \"info@ccarbors.com\", \"3b262689-7127-4814-bab5-a1972e0869d4\": \"ccarbors.com\", \"559340ef-728e-4935-84cc-443bd407f901\": [111, 113, 115, 117, 119, 121], \"702dab28-10e4-44a1-9271-72e0eda7fa6e\": \"At Complete Care at Arbors, we understand the nuances that uplift the spirit and inspire optimism. With well-appointed, private and semi-private rooms and a host of amenities, Complete Care at Arbors is all about providing care that elevates patient health and wellbeing. Free Wi-Fi lets you keep in touch with family and friends, and we provide cable TV in every room. Residents enjoy full stylist services provided by our convenient on-site beauty salon.\", \"7270a303-7119-43a8-b9bb-8360964189de\": [137, 138, 136], \"7a0d2797-bfc8-4d68-b107-61c1dd081ea0\": \"Arbors\", \"85dc9325-7c30-405d-9715-22e9294f7735\": \"At Complete Care at Arbors, a Toms River nursing home, we pride ourselves on the relationships we build with our residents and staff. Through frequent site visits and a hands-on approach from our top leadership, we create strong connections with both the residents and staff in our facilities. By creating a loyal and approachable environment, we ensure everyone feels like family.\", \"b2903903-6010-4012-bc8c-c8c21f059638\": [86], \"cced3c80-6988-403a-9b5a-14455350e923\": [\"residentialCare\", \"postAcuteCare\", \"longTermCare\"], \"f352e58c-d152-4a45-9615-d0526b009523\": [534, 530, 532]}',1,'2025-08-20 22:23:31','2025-08-20 22:23:31','d7c3f176-7c8b-42af-b9ce-13342e287655'),
(543,543,1,'Complete Care at Arbors','ccarbors','ccarbors','{\"075f1904-e0fc-49c8-9cfb-6990ae779dec\": \"Complete Care at Arbors\", \"0be5b641-0a34-4d93-8816-9a4b1ad24ffd\": [\"bariatricCare\", \"infectiousDiseaseCare\", \"neuroStrokeCare\", \"pulmonaryCare\"], \"0d6389a7-9cd0-496d-96dd-72ebf02f7bbb\": {\"number\": \"(732) 914-0090\", \"region\": \"US\"}, \"19b0086c-bc10-46cc-9f45-ffc5746e8681\": \"ltc\", \"31a45631-ecd4-4327-aca7-18b9d213bb16\": \"info@ccarbors.com\", \"3b262689-7127-4814-bab5-a1972e0869d4\": \"ccarbors.com\", \"559340ef-728e-4935-84cc-443bd407f901\": [111, 113, 115, 117, 119, 121], \"702dab28-10e4-44a1-9271-72e0eda7fa6e\": \"At Complete Care at Arbors, we understand the nuances that uplift the spirit and inspire optimism. With well-appointed, private and semi-private rooms and a host of amenities, Complete Care at Arbors is all about providing care that elevates patient health and wellbeing. Free Wi-Fi lets you keep in touch with family and friends, and we provide cable TV in every room. Residents enjoy full stylist services provided by our convenient on-site beauty salon.\", \"7270a303-7119-43a8-b9bb-8360964189de\": [137, 138, 136], \"7a0d2797-bfc8-4d68-b107-61c1dd081ea0\": \"Arbors\", \"85dc9325-7c30-405d-9715-22e9294f7735\": \"At Complete Care at Arbors, a Toms River nursing home, we pride ourselves on the relationships we build with our residents and staff. Through frequent site visits and a hands-on approach from our top leadership, we create strong connections with both the residents and staff in our facilities. By creating a loyal and approachable environment, we ensure everyone feels like family.\", \"b2903903-6010-4012-bc8c-c8c21f059638\": [86], \"cced3c80-6988-403a-9b5a-14455350e923\": [\"postAcuteCare\", \"longTermCare\"], \"f352e58c-d152-4a45-9615-d0526b009523\": [534, 530, 532]}',1,'2025-08-20 22:23:42','2025-08-20 22:23:42','636a3c6c-fd1b-45a2-9f5d-8613d994623f'),
(545,545,1,'Arbors Cover Photo',NULL,NULL,NULL,1,'2025-09-02 20:43:21','2025-09-02 20:43:21','7fb3dfcb-629f-4a71-936f-43837ea18811'),
(546,546,1,'Complete Care at Arbors','ccarbors','ccarbors','{\"075f1904-e0fc-49c8-9cfb-6990ae779dec\": \"Complete Care at Arbors\", \"0be5b641-0a34-4d93-8816-9a4b1ad24ffd\": [\"bariatricCare\", \"infectiousDiseaseCare\", \"neuroStrokeCare\", \"pulmonaryCare\"], \"0d6389a7-9cd0-496d-96dd-72ebf02f7bbb\": {\"number\": \"(732) 914-0090\", \"region\": \"US\"}, \"10d5be16-947c-4646-b2d0-3619f2760ace\": [545], \"19b0086c-bc10-46cc-9f45-ffc5746e8681\": \"ltc\", \"31a45631-ecd4-4327-aca7-18b9d213bb16\": \"info@ccarbors.com\", \"3b262689-7127-4814-bab5-a1972e0869d4\": \"ccarbors.com\", \"559340ef-728e-4935-84cc-443bd407f901\": [111, 113, 115, 117, 119, 121], \"702dab28-10e4-44a1-9271-72e0eda7fa6e\": \"At Complete Care at Arbors, we understand the nuances that uplift the spirit and inspire optimism. With well-appointed, private and semi-private rooms and a host of amenities, Complete Care at Arbors is all about providing care that elevates patient health and wellbeing. Free Wi-Fi lets you keep in touch with family and friends, and we provide cable TV in every room. Residents enjoy full stylist services provided by our convenient on-site beauty salon.\", \"7a0d2797-bfc8-4d68-b107-61c1dd081ea0\": \"Arbors\", \"b2903903-6010-4012-bc8c-c8c21f059638\": [86], \"cced3c80-6988-403a-9b5a-14455350e923\": [\"postAcuteCare\", \"longTermCare\"], \"f352e58c-d152-4a45-9615-d0526b009523\": [534, 530, 532]}',1,'2025-09-02 20:43:30','2025-09-02 20:43:30','1627511b-478d-46d7-9575-9b8ce06328a6'),
(548,548,1,'Arbors flyer',NULL,NULL,NULL,1,'2025-09-02 21:15:29','2025-09-02 21:15:29','b7100d85-f6df-4c72-bad6-28606d616300'),
(549,549,1,'Complete Care at Arbors','ccarbors','ccarbors','{\"075f1904-e0fc-49c8-9cfb-6990ae779dec\": \"Complete Care at Arbors\", \"0be5b641-0a34-4d93-8816-9a4b1ad24ffd\": [\"bariatricCare\", \"infectiousDiseaseCare\", \"neuroStrokeCare\", \"pulmonaryCare\"], \"0d6389a7-9cd0-496d-96dd-72ebf02f7bbb\": {\"number\": \"(732) 914-0090\", \"region\": \"US\"}, \"10d5be16-947c-4646-b2d0-3619f2760ace\": [545], \"19b0086c-bc10-46cc-9f45-ffc5746e8681\": \"ltc\", \"31a45631-ecd4-4327-aca7-18b9d213bb16\": \"info@ccarbors.com\", \"3b262689-7127-4814-bab5-a1972e0869d4\": \"ccarbors.com\", \"559340ef-728e-4935-84cc-443bd407f901\": [111, 113, 115, 117, 119, 121], \"702dab28-10e4-44a1-9271-72e0eda7fa6e\": \"At Complete Care at Arbors, we understand the nuances that uplift the spirit and inspire optimism. With well-appointed, private and semi-private rooms and a host of amenities, Complete Care at Arbors is all about providing care that elevates patient health and wellbeing. Free Wi-Fi lets you keep in touch with family and friends, and we provide cable TV in every room. Residents enjoy full stylist services provided by our convenient on-site beauty salon.\", \"7a0d2797-bfc8-4d68-b107-61c1dd081ea0\": \"Arbors\", \"a8f7b1eb-08e8-44fa-9777-c9a0daa85c5f\": [548], \"b2903903-6010-4012-bc8c-c8c21f059638\": [86], \"cced3c80-6988-403a-9b5a-14455350e923\": [\"postAcuteCare\", \"longTermCare\"], \"f352e58c-d152-4a45-9615-d0526b009523\": [534, 530, 532]}',1,'2025-09-02 21:15:32','2025-09-02 21:15:32','82025c5d-3b37-4e5a-b1fa-505c3acbbb47'),
(553,553,1,'Complete Care at Arbors','ccarbors','ccarbors','{\"075f1904-e0fc-49c8-9cfb-6990ae779dec\": \"Complete Care at Arbors\", \"0be5b641-0a34-4d93-8816-9a4b1ad24ffd\": [\"bariatricCare\", \"infectiousDiseaseCare\", \"neuroStrokeCare\", \"pulmonaryCare\"], \"0d6389a7-9cd0-496d-96dd-72ebf02f7bbb\": {\"number\": \"(732) 914-0090\", \"region\": \"US\"}, \"10d5be16-947c-4646-b2d0-3619f2760ace\": [545], \"19b0086c-bc10-46cc-9f45-ffc5746e8681\": \"ltc\", \"31a45631-ecd4-4327-aca7-18b9d213bb16\": \"info@ccarbors.com\", \"3b262689-7127-4814-bab5-a1972e0869d4\": \"ccarbors.com\", \"403d1895-f32e-4164-8084-b11fdea310cb\": {\"type\": \"url\", \"value\": \"https://www.facebook.com/Complete-Care-at-Arbors-116083393100113/\"}, \"559340ef-728e-4935-84cc-443bd407f901\": [111, 113, 115, 117, 119, 121], \"5e40a449-23c9-418a-a0d6-36ff8f57583d\": {\"type\": \"url\", \"value\": \"https://www.glassdoor.com/Overview/Working-at-Complete-Care-at-Arbors-EI_IE7548214.11,34.htm\"}, \"702dab28-10e4-44a1-9271-72e0eda7fa6e\": \"At Complete Care at Arbors, we understand the nuances that uplift the spirit and inspire optimism. With well-appointed, private and semi-private rooms and a host of amenities, Complete Care at Arbors is all about providing care that elevates patient health and wellbeing. Free Wi-Fi lets you keep in touch with family and friends, and we provide cable TV in every room. Residents enjoy full stylist services provided by our convenient on-site beauty salon.\", \"7a0d2797-bfc8-4d68-b107-61c1dd081ea0\": \"Arbors\", \"8e701860-42c4-437f-a61c-a48f2ecf1b99\": {\"type\": \"url\", \"value\": \"https://www.linkedin.com/company/94146224/\"}, \"a8f7b1eb-08e8-44fa-9777-c9a0daa85c5f\": [548], \"b2903903-6010-4012-bc8c-c8c21f059638\": [86], \"cced3c80-6988-403a-9b5a-14455350e923\": [\"postAcuteCare\", \"longTermCare\"], \"f352e58c-d152-4a45-9615-d0526b009523\": [534, 530, 532]}',1,'2025-09-02 21:46:06','2025-09-02 21:46:06','563987fa-794d-4c17-9963-e7d8f5c22170'),
(554,554,1,NULL,NULL,NULL,'{\"08bdc0bd-b069-4092-acf0-a644868be0ef\": {\"type\": \"url\", \"value\": \"https://www.linkedin.com/company/complete-care-official/\"}, \"88944c2f-1fe8-4b2a-9ead-e286abcf9631\": {\"type\": \"url\", \"value\": \"https://www.instagram.com/completecareofficial/\"}, \"d949ad26-a1c5-46fc-8ff6-c97efaf5f3fc\": {\"type\": \"url\", \"value\": \"https://www.tiktok.com/@completelycaring\"}, \"f848018e-5001-479b-8e8b-55661313d1e1\": {\"type\": \"url\", \"value\": \"https://www.facebook.com/completecareofficial/\"}}',1,'2025-09-02 21:50:29','2025-09-02 21:50:52','5762437d-5175-4f3f-aa2f-5793a002dce2'),
(555,555,1,'Daily Housekeeping','daily-housekeeping',NULL,'{\"af4c29fe-7284-4a39-93a8-6ee23005762f\": \"Daily Housekeeping\"}',1,'2025-09-02 22:24:40','2025-09-02 22:24:46','ea42e030-4fa3-46d8-a89a-45941c710e0c'),
(556,556,1,'Daily Housekeeping','daily-housekeeping',NULL,'{\"af4c29fe-7284-4a39-93a8-6ee23005762f\": \"Daily Housekeeping\"}',1,'2025-09-02 22:24:46','2025-09-02 22:24:46','a3dceab1-4e69-4bcd-9ac1-82ce5a303e13'),
(557,557,1,'Laundry Service','laundry-service',NULL,'{\"af4c29fe-7284-4a39-93a8-6ee23005762f\": \"Laundry Service\"}',1,'2025-09-02 22:24:46','2025-09-02 22:24:52','8ecbc561-efeb-4efc-8eda-770125c5e652'),
(558,558,1,'Laundry Service','laundry-service',NULL,'{\"af4c29fe-7284-4a39-93a8-6ee23005762f\": \"Laundry Service\"}',1,'2025-09-02 22:24:52','2025-09-02 22:24:52','af9b8b10-a16a-4601-ba79-2d3bea710263'),
(559,559,1,'Complimentary Wifi','complimentary-wifi',NULL,'{\"af4c29fe-7284-4a39-93a8-6ee23005762f\": \"Complimentary Wifi\"}',1,'2025-09-02 22:24:52','2025-09-02 22:24:59','886d2555-3877-4b36-aecb-352b871ffe95'),
(560,560,1,'Complimentary Wifi','complimentary-wifi',NULL,'{\"af4c29fe-7284-4a39-93a8-6ee23005762f\": \"Complimentary Wifi\"}',1,'2025-09-02 22:24:59','2025-09-02 22:24:59','ed44d23d-25f7-4038-b804-d8b974267ba9'),
(561,561,1,'Patios & Lounge Areas','patios-lounge-areas',NULL,'{\"af4c29fe-7284-4a39-93a8-6ee23005762f\": \"Patios & Lounge Areas\"}',1,'2025-09-02 22:24:59','2025-09-02 22:25:02','e202f234-df18-46d2-bde7-355983598174'),
(562,562,1,'Patios & Lounge Areas','patios-lounge-areas',NULL,'{\"af4c29fe-7284-4a39-93a8-6ee23005762f\": \"Patios & Lounge Areas\"}',1,'2025-09-02 22:25:02','2025-09-02 22:25:02','7965c49a-7c8c-4423-9f9d-91924f60b381'),
(563,563,1,'Beauty Services','beauty-services',NULL,'{\"af4c29fe-7284-4a39-93a8-6ee23005762f\": \"Beauty Services\"}',1,'2025-09-02 22:25:02','2025-09-02 22:25:06','80bfc14c-bb0c-4b01-a3f6-3735ec0db11c'),
(564,564,1,'Beauty Services','beauty-services',NULL,'{\"af4c29fe-7284-4a39-93a8-6ee23005762f\": \"Beauty Services\"}',1,'2025-09-02 22:25:06','2025-09-02 22:25:06','b66cdbff-490b-405f-9103-bee90eeaf9f0'),
(566,566,1,'Complete Care at Arbors','ccarbors','ccarbors','{\"075f1904-e0fc-49c8-9cfb-6990ae779dec\": \"Complete Care at Arbors\", \"0be5b641-0a34-4d93-8816-9a4b1ad24ffd\": [\"bariatricCare\", \"infectiousDiseaseCare\", \"neuroStrokeCare\", \"pulmonaryCare\"], \"0d6389a7-9cd0-496d-96dd-72ebf02f7bbb\": {\"number\": \"(732) 914-0090\", \"region\": \"US\"}, \"10d5be16-947c-4646-b2d0-3619f2760ace\": [545], \"19b0086c-bc10-46cc-9f45-ffc5746e8681\": \"ltc\", \"31a45631-ecd4-4327-aca7-18b9d213bb16\": \"info@ccarbors.com\", \"3b262689-7127-4814-bab5-a1972e0869d4\": \"ccarbors.com\", \"403d1895-f32e-4164-8084-b11fdea310cb\": {\"type\": \"url\", \"value\": \"https://www.facebook.com/Complete-Care-at-Arbors-116083393100113/\"}, \"559340ef-728e-4935-84cc-443bd407f901\": [111, 555, 557, 559, 561, 563], \"5e40a449-23c9-418a-a0d6-36ff8f57583d\": {\"type\": \"url\", \"value\": \"https://www.glassdoor.com/Overview/Working-at-Complete-Care-at-Arbors-EI_IE7548214.11,34.htm\"}, \"702dab28-10e4-44a1-9271-72e0eda7fa6e\": \"At Complete Care at Arbors, we understand the nuances that uplift the spirit and inspire optimism. With well-appointed, private and semi-private rooms and a host of amenities, Complete Care at Arbors is all about providing care that elevates patient health and wellbeing. Free Wi-Fi lets you keep in touch with family and friends, and we provide cable TV in every room. Residents enjoy full stylist services provided by our convenient on-site beauty salon.\", \"7a0d2797-bfc8-4d68-b107-61c1dd081ea0\": \"Arbors\", \"8e701860-42c4-437f-a61c-a48f2ecf1b99\": {\"type\": \"url\", \"value\": \"https://www.linkedin.com/company/94146224/\"}, \"a8f7b1eb-08e8-44fa-9777-c9a0daa85c5f\": [548], \"b2903903-6010-4012-bc8c-c8c21f059638\": [86], \"cced3c80-6988-403a-9b5a-14455350e923\": [\"postAcuteCare\", \"longTermCare\"], \"f352e58c-d152-4a45-9615-d0526b009523\": [534, 530, 532]}',1,'2025-09-02 22:26:19','2025-09-02 22:26:19','b8fad205-eec9-4a83-b26d-ec20a32dbcae'),
(568,568,1,'Complete Care at Arbors','ccarbors','ccarbors','{\"075f1904-e0fc-49c8-9cfb-6990ae779dec\": \"Complete Care at Arbors\", \"0be5b641-0a34-4d93-8816-9a4b1ad24ffd\": [\"bariatricCare\", \"infectiousDiseaseCare\", \"neuroStrokeCare\", \"pulmonaryCare\"], \"0d6389a7-9cd0-496d-96dd-72ebf02f7bbb\": {\"number\": \"(732) 914-0090\", \"region\": \"US\"}, \"10d5be16-947c-4646-b2d0-3619f2760ace\": [545], \"19b0086c-bc10-46cc-9f45-ffc5746e8681\": \"ltc\", \"31a45631-ecd4-4327-aca7-18b9d213bb16\": \"info@ccarbors.com\", \"3b262689-7127-4814-bab5-a1972e0869d4\": \"ccarbors.com\", \"403d1895-f32e-4164-8084-b11fdea310cb\": {\"type\": \"url\", \"value\": \"https://www.facebook.com/Complete-Care-at-Arbors-116083393100113/\"}, \"559340ef-728e-4935-84cc-443bd407f901\": [111, 555, 557, 559, 561, 563], \"5e40a449-23c9-418a-a0d6-36ff8f57583d\": {\"type\": \"url\", \"value\": \"https://www.glassdoor.com/Overview/Working-at-Complete-Care-at-Arbors-EI_IE7548214.11,34.htm\"}, \"7a0d2797-bfc8-4d68-b107-61c1dd081ea0\": \"Arbors\", \"8e701860-42c4-437f-a61c-a48f2ecf1b99\": {\"type\": \"url\", \"value\": \"https://www.linkedin.com/company/94146224/\"}, \"a8f7b1eb-08e8-44fa-9777-c9a0daa85c5f\": [548], \"b2903903-6010-4012-bc8c-c8c21f059638\": [86], \"cced3c80-6988-403a-9b5a-14455350e923\": [\"postAcuteCare\", \"longTermCare\"], \"f352e58c-d152-4a45-9615-d0526b009523\": [534, 530, 532]}',1,'2025-09-02 22:26:44','2025-09-02 22:26:44','c2b44f1f-055d-474c-a9c6-eb343a9bb88b'),
(570,570,1,'Complete Care at Arbors','ccarbors','ccarbors','{\"075f1904-e0fc-49c8-9cfb-6990ae779dec\": \"Complete Care at Arbors\", \"0be5b641-0a34-4d93-8816-9a4b1ad24ffd\": [\"bariatricCare\", \"infectiousDiseaseCare\", \"neuroStrokeCare\", \"pulmonaryCare\"], \"0d6389a7-9cd0-496d-96dd-72ebf02f7bbb\": {\"number\": \"(732) 914-0090\", \"region\": \"US\"}, \"10d5be16-947c-4646-b2d0-3619f2760ace\": [545], \"19b0086c-bc10-46cc-9f45-ffc5746e8681\": \"ltc\", \"31a45631-ecd4-4327-aca7-18b9d213bb16\": \"info@ccarbors.com\", \"3b262689-7127-4814-bab5-a1972e0869d4\": \"ccarbors.com\", \"403d1895-f32e-4164-8084-b11fdea310cb\": {\"type\": \"url\", \"value\": \"https://www.facebook.com/Complete-Care-at-Arbors-116083393100113/\"}, \"559340ef-728e-4935-84cc-443bd407f901\": [111, 555, 557, 559, 561, 563], \"5e40a449-23c9-418a-a0d6-36ff8f57583d\": {\"type\": \"url\", \"value\": \"https://www.glassdoor.com/Overview/Working-at-Complete-Care-at-Arbors-EI_IE7548214.11,34.htm\"}, \"7a0d2797-bfc8-4d68-b107-61c1dd081ea0\": \"Arbors\", \"8e701860-42c4-437f-a61c-a48f2ecf1b99\": {\"type\": \"url\", \"value\": \"https://www.linkedin.com/company/94146224/\"}, \"a8f7b1eb-08e8-44fa-9777-c9a0daa85c5f\": [548], \"b2903903-6010-4012-bc8c-c8c21f059638\": [86], \"cced3c80-6988-403a-9b5a-14455350e923\": [\"postAcuteCare\", \"longTermCare\"], \"f352e58c-d152-4a45-9615-d0526b009523\": [534, 530, 532]}',1,'2025-09-02 22:27:53','2025-09-02 22:27:53','099f6a87-f700-4449-9ffb-99545d6f266b'),
(575,575,1,'Complete Care at Arbors','ccarbors','ccarbors','{\"075f1904-e0fc-49c8-9cfb-6990ae779dec\": \"Complete Care at Arbors\", \"0be5b641-0a34-4d93-8816-9a4b1ad24ffd\": [\"bariatricCare\", \"infectiousDiseaseCare\", \"neuroStrokeCare\", \"pulmonaryCare\"], \"0d6389a7-9cd0-496d-96dd-72ebf02f7bbb\": {\"number\": \"(732) 914-0090\", \"region\": \"US\"}, \"10d5be16-947c-4646-b2d0-3619f2760ace\": [545], \"19b0086c-bc10-46cc-9f45-ffc5746e8681\": \"ltc\", \"31a45631-ecd4-4327-aca7-18b9d213bb16\": \"info@ccarbors.com\", \"3b262689-7127-4814-bab5-a1972e0869d4\": \"ccarbors.com\", \"403d1895-f32e-4164-8084-b11fdea310cb\": {\"type\": \"url\", \"value\": \"https://www.facebook.com/Complete-Care-at-Arbors-116083393100113/\"}, \"559340ef-728e-4935-84cc-443bd407f901\": [111, 555, 557, 559, 561, 563], \"5e40a449-23c9-418a-a0d6-36ff8f57583d\": {\"type\": \"url\", \"value\": \"https://www.glassdoor.com/Overview/Working-at-Complete-Care-at-Arbors-EI_IE7548214.11,34.htm\"}, \"7a0d2797-bfc8-4d68-b107-61c1dd081ea0\": \"Arbors\", \"8e701860-42c4-437f-a61c-a48f2ecf1b99\": {\"type\": \"url\", \"value\": \"https://www.linkedin.com/company/94146224/\"}, \"a8f7b1eb-08e8-44fa-9777-c9a0daa85c5f\": [548], \"b2903903-6010-4012-bc8c-c8c21f059638\": [86], \"cced3c80-6988-403a-9b5a-14455350e923\": [\"postAcuteCare\", \"longTermCare\"], \"f352e58c-d152-4a45-9615-d0526b009523\": [534, 530, 532]}',1,'2025-09-02 22:28:18','2025-09-02 22:28:18','e0c33bd1-d02a-4562-bb1f-d23263af7eff'),
(577,577,1,'Complete Care at Arbors','ccarbors','ccarbors','{\"075f1904-e0fc-49c8-9cfb-6990ae779dec\": \"Complete Care at Arbors\", \"0be5b641-0a34-4d93-8816-9a4b1ad24ffd\": [\"bariatricCare\", \"infectiousDiseaseCare\", \"neuroStrokeCare\", \"pulmonaryCare\"], \"0d6389a7-9cd0-496d-96dd-72ebf02f7bbb\": {\"number\": \"(732) 914-0090\", \"region\": \"US\"}, \"10d5be16-947c-4646-b2d0-3619f2760ace\": [545], \"19b0086c-bc10-46cc-9f45-ffc5746e8681\": \"ltc\", \"31a45631-ecd4-4327-aca7-18b9d213bb16\": \"info@ccarbors.com\", \"3b262689-7127-4814-bab5-a1972e0869d4\": \"ccarbors.com\", \"403d1895-f32e-4164-8084-b11fdea310cb\": {\"type\": \"url\", \"value\": \"https://www.facebook.com/Complete-Care-at-Arbors-116083393100113/\"}, \"559340ef-728e-4935-84cc-443bd407f901\": [111, 555, 557, 559, 561, 563], \"5e40a449-23c9-418a-a0d6-36ff8f57583d\": {\"type\": \"url\", \"value\": \"https://www.glassdoor.com/Overview/Working-at-Complete-Care-at-Arbors-EI_IE7548214.11,34.htm\"}, \"7a0d2797-bfc8-4d68-b107-61c1dd081ea0\": \"Arbors\", \"8e701860-42c4-437f-a61c-a48f2ecf1b99\": {\"type\": \"url\", \"value\": \"https://www.linkedin.com/company/94146224/\"}, \"a8f7b1eb-08e8-44fa-9777-c9a0daa85c5f\": [548], \"b2903903-6010-4012-bc8c-c8c21f059638\": [86], \"cced3c80-6988-403a-9b5a-14455350e923\": [\"postAcuteCare\", \"longTermCare\"], \"f352e58c-d152-4a45-9615-d0526b009523\": [534, 530, 532]}',1,'2025-09-03 01:11:03','2025-09-03 01:11:03','1b76f368-7a53-490f-828b-93283a5c7a77'),
(581,581,1,'Complete Care at Arbors','ccarbors','ccarbors','{\"075f1904-e0fc-49c8-9cfb-6990ae779dec\": \"Complete Care at Arbors\", \"0be5b641-0a34-4d93-8816-9a4b1ad24ffd\": [\"bariatricCare\", \"infectiousDiseaseCare\", \"neuroStrokeCare\", \"pulmonaryCare\"], \"0d6389a7-9cd0-496d-96dd-72ebf02f7bbb\": {\"number\": \"(732) 914-0090\", \"region\": \"US\"}, \"10d5be16-947c-4646-b2d0-3619f2760ace\": [545], \"19b0086c-bc10-46cc-9f45-ffc5746e8681\": \"ltc\", \"31a45631-ecd4-4327-aca7-18b9d213bb16\": \"info@ccarbors.com\", \"3b262689-7127-4814-bab5-a1972e0869d4\": \"ccarbors.com\", \"403d1895-f32e-4164-8084-b11fdea310cb\": {\"type\": \"url\", \"value\": \"https://www.facebook.com/Complete-Care-at-Arbors-116083393100113/\"}, \"559340ef-728e-4935-84cc-443bd407f901\": [111, 555, 557, 559, 561, 563], \"5e40a449-23c9-418a-a0d6-36ff8f57583d\": {\"type\": \"url\", \"value\": \"https://www.glassdoor.com/Overview/Working-at-Complete-Care-at-Arbors-EI_IE7548214.11,34.htm\"}, \"688e0d64-8999-47be-a427-f9e9c6e1789e\": [548], \"7a0d2797-bfc8-4d68-b107-61c1dd081ea0\": \"Arbors\", \"8e701860-42c4-437f-a61c-a48f2ecf1b99\": {\"type\": \"url\", \"value\": \"https://www.linkedin.com/company/94146224/\"}, \"92b514e7-6c85-40f3-9885-4ed4138887ea\": [548], \"a8f7b1eb-08e8-44fa-9777-c9a0daa85c5f\": [548], \"b2903903-6010-4012-bc8c-c8c21f059638\": [86], \"cced3c80-6988-403a-9b5a-14455350e923\": [\"postAcuteCare\", \"longTermCare\"], \"f352e58c-d152-4a45-9615-d0526b009523\": [534, 530, 532]}',1,'2025-09-03 19:59:09','2025-09-03 19:59:09','670770c9-d539-4b93-be65-9cc83fc7e258'),
(586,586,1,'Complete Care at Arbors','ccarbors','ccarbors','{\"075f1904-e0fc-49c8-9cfb-6990ae779dec\": \"Complete Care at Arbors\", \"0be5b641-0a34-4d93-8816-9a4b1ad24ffd\": [\"bariatricCare\", \"infectiousDiseaseCare\", \"neuroStrokeCare\", \"pulmonaryCare\"], \"0d6389a7-9cd0-496d-96dd-72ebf02f7bbb\": {\"number\": \"(732) 914-0090\", \"region\": \"US\"}, \"10d5be16-947c-4646-b2d0-3619f2760ace\": [545], \"19b0086c-bc10-46cc-9f45-ffc5746e8681\": \"ltc\", \"31a45631-ecd4-4327-aca7-18b9d213bb16\": \"info@ccarbors.com\", \"3b262689-7127-4814-bab5-a1972e0869d4\": \"ccarbors.com\", \"403d1895-f32e-4164-8084-b11fdea310cb\": {\"type\": \"url\", \"value\": \"https://www.facebook.com/Complete-Care-at-Arbors-116083393100113/\"}, \"559340ef-728e-4935-84cc-443bd407f901\": [111, 555, 557, 559, 561, 563], \"5e40a449-23c9-418a-a0d6-36ff8f57583d\": {\"type\": \"url\", \"value\": \"https://www.glassdoor.com/Overview/Working-at-Complete-Care-at-Arbors-EI_IE7548214.11,34.htm\"}, \"688e0d64-8999-47be-a427-f9e9c6e1789e\": [548], \"7a0d2797-bfc8-4d68-b107-61c1dd081ea0\": \"Arbors\", \"8e701860-42c4-437f-a61c-a48f2ecf1b99\": {\"type\": \"url\", \"value\": \"https://www.linkedin.com/company/94146224/\"}, \"92b514e7-6c85-40f3-9885-4ed4138887ea\": [548], \"a8f7b1eb-08e8-44fa-9777-c9a0daa85c5f\": [548], \"b2903903-6010-4012-bc8c-c8c21f059638\": [86], \"cced3c80-6988-403a-9b5a-14455350e923\": [\"postAcuteCare\", \"longTermCare\"], \"f352e58c-d152-4a45-9615-d0526b009523\": [534, 530, 532]}',1,'2025-09-03 21:05:58','2025-09-03 21:05:58','6b7dbe8b-4295-47c3-9398-09d51497c66f'),
(587,587,1,'Ashie T.','robert-a',NULL,'{\"1e69e1f4-c7b2-4468-8668-aa722b6f7163\": \"Ashie T.\", \"ffdd5871-4e4c-4e46-88b5-06b52502357e\": \"The staff at Complete Care goes above and beyond to provide patient care and satisfaction! Always with a smile and a good word, the staff is there whenever you need them and the services they provide are unparalleled.\"}',1,'2025-09-03 21:05:58','2025-09-03 21:05:58','a4adc943-c48d-4965-bb49-ae12b6c6bad8'),
(588,588,1,'Carole T.','bernadette-m',NULL,'{\"1e69e1f4-c7b2-4468-8668-aa722b6f7163\": \"Carole T.\", \"ffdd5871-4e4c-4e46-88b5-06b52502357e\": \"Very professional and caring place, staff and nurses were overly helpful in attending to needs. Therapy went way above to assist in getting us to reach maximum potential.\"}',1,'2025-09-03 21:05:58','2025-09-03 21:05:58','730ae9de-5648-4f3f-8dcc-25fcddd69b4a'),
(589,589,1,'Cora O.','mary-o',NULL,'{\"1e69e1f4-c7b2-4468-8668-aa722b6f7163\": \"Cora O.\", \"ffdd5871-4e4c-4e46-88b5-06b52502357e\": \"I have been here for 3 years and I am thrilled with the quality care I receive. I enjoy every day is a new amazing experience with activities. The staff are wonderful! The place is very clean and every one is very polite!\"}',1,'2025-09-03 21:05:58','2025-09-03 21:05:58','25236982-130f-4212-9881-cb8bf641dcff'),
(592,592,1,'Complete Care at Arbors','ccarbors','ccarbors','{\"075f1904-e0fc-49c8-9cfb-6990ae779dec\": \"Complete Care at Arbors\", \"0be5b641-0a34-4d93-8816-9a4b1ad24ffd\": [\"bariatricCare\", \"infectiousDiseaseCare\", \"neuroStrokeCare\", \"pulmonaryCare\"], \"0d6389a7-9cd0-496d-96dd-72ebf02f7bbb\": {\"number\": \"(732) 914-0090\", \"region\": \"US\"}, \"10d5be16-947c-4646-b2d0-3619f2760ace\": [545], \"19b0086c-bc10-46cc-9f45-ffc5746e8681\": \"ltc\", \"31a45631-ecd4-4327-aca7-18b9d213bb16\": \"info@ccarbors.com\", \"3b262689-7127-4814-bab5-a1972e0869d4\": \"ccarbors.com\", \"403d1895-f32e-4164-8084-b11fdea310cb\": {\"type\": \"url\", \"value\": \"https://www.facebook.com/Complete-Care-at-Arbors-116083393100113/\"}, \"559340ef-728e-4935-84cc-443bd407f901\": [111, 555, 557, 559, 561, 563], \"5e40a449-23c9-418a-a0d6-36ff8f57583d\": {\"type\": \"url\", \"value\": \"https://www.glassdoor.com/Overview/Working-at-Complete-Care-at-Arbors-EI_IE7548214.11,34.htm\"}, \"688e0d64-8999-47be-a427-f9e9c6e1789e\": [548], \"7a0d2797-bfc8-4d68-b107-61c1dd081ea0\": \"Arbors\", \"8e701860-42c4-437f-a61c-a48f2ecf1b99\": {\"type\": \"url\", \"value\": \"https://www.linkedin.com/company/94146224/\"}, \"92b514e7-6c85-40f3-9885-4ed4138887ea\": [548], \"a8f7b1eb-08e8-44fa-9777-c9a0daa85c5f\": [548], \"b2903903-6010-4012-bc8c-c8c21f059638\": [86], \"cced3c80-6988-403a-9b5a-14455350e923\": [\"postAcuteCare\", \"longTermCare\"], \"f352e58c-d152-4a45-9615-d0526b009523\": [534, 530, 532]}',1,'2025-09-03 21:06:15','2025-09-03 21:06:15','0c97e2c0-f30b-48bf-87af-3e09e9095503'),
(593,593,1,'Cora O.','mary-o',NULL,'{\"1e69e1f4-c7b2-4468-8668-aa722b6f7163\": \"Cora O.\", \"ffdd5871-4e4c-4e46-88b5-06b52502357e\": \"I have been here for 3 years and I am thrilled with the quality care I receive. I enjoy every day is a new amazing experience with activities. The staff are wonderful! The place is very clean and every one is very polite1\"}',1,'2025-09-03 21:06:15','2025-09-03 21:06:15','dad27f89-6c1a-4697-b344-9ac513d1aa33'),
(596,596,1,'Complete Care at Arbors','ccarbors','ccarbors','{\"075f1904-e0fc-49c8-9cfb-6990ae779dec\": \"Complete Care at Arbors\", \"0be5b641-0a34-4d93-8816-9a4b1ad24ffd\": [\"bariatricCare\", \"infectiousDiseaseCare\", \"neuroStrokeCare\", \"pulmonaryCare\"], \"0d6389a7-9cd0-496d-96dd-72ebf02f7bbb\": {\"number\": \"(732) 914-0090\", \"region\": \"US\"}, \"10d5be16-947c-4646-b2d0-3619f2760ace\": [545], \"19b0086c-bc10-46cc-9f45-ffc5746e8681\": \"ltc\", \"31a45631-ecd4-4327-aca7-18b9d213bb16\": \"info@ccarbors.com\", \"3b262689-7127-4814-bab5-a1972e0869d4\": \"ccarbors.com\", \"403d1895-f32e-4164-8084-b11fdea310cb\": {\"type\": \"url\", \"value\": \"https://www.facebook.com/Complete-Care-at-Arbors-116083393100113/\"}, \"559340ef-728e-4935-84cc-443bd407f901\": [111, 555, 557, 559, 561, 563], \"5e40a449-23c9-418a-a0d6-36ff8f57583d\": {\"type\": \"url\", \"value\": \"https://www.glassdoor.com/Overview/Working-at-Complete-Care-at-Arbors-EI_IE7548214.11,34.htm\"}, \"688e0d64-8999-47be-a427-f9e9c6e1789e\": [548], \"7a0d2797-bfc8-4d68-b107-61c1dd081ea0\": \"Arbors\", \"8e701860-42c4-437f-a61c-a48f2ecf1b99\": {\"type\": \"url\", \"value\": \"https://www.linkedin.com/company/94146224/\"}, \"92b514e7-6c85-40f3-9885-4ed4138887ea\": [548], \"a8f7b1eb-08e8-44fa-9777-c9a0daa85c5f\": [548], \"b2903903-6010-4012-bc8c-c8c21f059638\": [86], \"cced3c80-6988-403a-9b5a-14455350e923\": [\"postAcuteCare\", \"longTermCare\"], \"f352e58c-d152-4a45-9615-d0526b009523\": [534, 530, 532]}',1,'2025-09-03 21:08:08','2025-09-03 21:08:08','78d1deac-b73f-4b65-ae08-1896d8c50b53'),
(597,597,1,'Cora O.','mary-o',NULL,'{\"1e69e1f4-c7b2-4468-8668-aa722b6f7163\": \"Cora O.\", \"ffdd5871-4e4c-4e46-88b5-06b52502357e\": \"I have been here for 3 years and I am thrilled with the quality care I receive. I enjoy every day is a new amazing experience with activities. The staff are wonderful! The place is very clean and every one is very polite!\"}',1,'2025-09-03 21:08:08','2025-09-03 21:08:08','3010e415-5a3a-43a0-be4b-62f4f5d88b76'),
(599,599,1,'Complete Care at Arbors','ccarbors','ccarbors','{\"075f1904-e0fc-49c8-9cfb-6990ae779dec\": \"Complete Care at Arbors\", \"0be5b641-0a34-4d93-8816-9a4b1ad24ffd\": [\"bariatricCare\", \"infectiousDiseaseCare\", \"neuroStrokeCare\", \"pulmonaryCare\"], \"0d6389a7-9cd0-496d-96dd-72ebf02f7bbb\": {\"number\": \"(732) 914-0090\", \"region\": \"US\"}, \"10d5be16-947c-4646-b2d0-3619f2760ace\": [545], \"19b0086c-bc10-46cc-9f45-ffc5746e8681\": \"ltc\", \"31a45631-ecd4-4327-aca7-18b9d213bb16\": \"info@ccarbors.com\", \"3b262689-7127-4814-bab5-a1972e0869d4\": \"ccarbors.com\", \"403d1895-f32e-4164-8084-b11fdea310cb\": {\"type\": \"url\", \"value\": \"https://www.facebook.com/Complete-Care-at-Arbors-116083393100113/\"}, \"559340ef-728e-4935-84cc-443bd407f901\": [111, 555, 557, 559, 561, 563], \"5e40a449-23c9-418a-a0d6-36ff8f57583d\": {\"type\": \"url\", \"value\": \"https://www.glassdoor.com/Overview/Working-at-Complete-Care-at-Arbors-EI_IE7548214.11,34.htm\"}, \"688e0d64-8999-47be-a427-f9e9c6e1789e\": [548], \"7a0d2797-bfc8-4d68-b107-61c1dd081ea0\": \"Arbors\", \"8e701860-42c4-437f-a61c-a48f2ecf1b99\": {\"type\": \"url\", \"value\": \"https://www.linkedin.com/company/94146224/\"}, \"92b514e7-6c85-40f3-9885-4ed4138887ea\": [548], \"9a83aaf9-b86b-4272-88b0-1a3cd8eec119\": [545, 137, 138, 136], \"a8f7b1eb-08e8-44fa-9777-c9a0daa85c5f\": [548], \"b2903903-6010-4012-bc8c-c8c21f059638\": [86], \"cced3c80-6988-403a-9b5a-14455350e923\": [\"postAcuteCare\", \"longTermCare\"], \"f352e58c-d152-4a45-9615-d0526b009523\": [534, 530, 532]}',1,'2025-09-03 21:21:53','2025-09-03 21:21:53','d07a14d2-f2ad-4aaa-a7f5-390d65a5c4e0'),
(601,601,1,'CMS Five Star Quality','cms-five-star-quality-measures-from',NULL,'{\"5e076972-0a7c-4184-8570-4b3688ebe3d8\": [614], \"71d07053-43eb-40fe-8f9e-ad7480cc3193\": \"CMS Five Star Quality\"}',1,'2025-09-03 21:48:04','2025-09-03 21:57:21','cb774269-113e-4e04-bd53-9de86d340d10'),
(602,602,1,'CMS Five Star Quality Measures from','cms-five-star-quality-measures-from',NULL,'{\"71d07053-43eb-40fe-8f9e-ad7480cc3193\": \"CMS Five Star Quality Measures\"}',1,'2025-09-03 21:48:33','2025-09-03 21:48:33','a2e85f27-8115-4ade-871c-8fae6382c387'),
(603,603,1,'News Week Best Nursing Home 2025','news-week-best-nursing-home-2025-from',NULL,'{\"5e076972-0a7c-4184-8570-4b3688ebe3d8\": [], \"71d07053-43eb-40fe-8f9e-ad7480cc3193\": \"News Week Best Nursing Home 2025\"}',1,'2025-09-03 21:48:33','2025-09-03 21:57:21','62ddad80-27b7-4c58-a37f-8fd3986a0c29'),
(604,604,1,'News Week Best Nursing Home 2025 from','news-week-best-nursing-home-2025-from',NULL,'{\"71d07053-43eb-40fe-8f9e-ad7480cc3193\": \"News Week Best Nursing Home 2025\"}',1,'2025-09-03 21:48:45','2025-09-03 21:48:45','133971a7-0977-443f-8c7f-c5799aa18e86'),
(605,605,1,'Striving for Ten','ahca-bronze-award-from',NULL,'{\"5e076972-0a7c-4184-8570-4b3688ebe3d8\": [613], \"71d07053-43eb-40fe-8f9e-ad7480cc3193\": \"Striving for Ten\"}',1,'2025-09-03 21:48:47','2025-09-03 21:58:30','313e713c-480b-4fec-b782-9be67a9c7eab'),
(606,606,1,'AHCA Bronze Award from','ahca-bronze-award-from',NULL,'{\"71d07053-43eb-40fe-8f9e-ad7480cc3193\": \"AHCA Bronze Award\"}',1,'2025-09-03 21:48:52','2025-09-03 21:48:52','d8ae6b2b-b48d-49ae-9405-97d0a3c760e3'),
(607,607,1,'AHCA Bronze Award from','ahca-bronze-award-from',NULL,'{\"71d07053-43eb-40fe-8f9e-ad7480cc3193\": \"AHCA Bronze Award\"}',1,'2025-09-03 21:49:15','2025-09-03 21:49:15','fd83569e-f553-4328-ac4a-4bd52540e0ff'),
(608,608,1,'CMS Five Star Quality from','cms-five-star-quality-measures-from',NULL,'{\"71d07053-43eb-40fe-8f9e-ad7480cc3193\": \"CMS Five Star Quality\"}',1,'2025-09-03 21:49:20','2025-09-03 21:49:20','2fb2762e-eee9-4063-90d0-5ecda4f110d6'),
(609,609,1,'CMS Five Star Quality from','cms-five-star-quality-measures-from',NULL,'{\"71d07053-43eb-40fe-8f9e-ad7480cc3193\": \"CMS Five Star Quality\"}',1,'2025-09-03 21:49:26','2025-09-03 21:49:26','3c0931c6-5365-4006-8e29-4084ce3f3736'),
(610,610,1,'CMS Five Star Quality from','cms-five-star-quality-measures-from',NULL,'{\"71d07053-43eb-40fe-8f9e-ad7480cc3193\": \"CMS Five Star Quality\"}',1,'2025-09-03 21:52:33','2025-09-03 21:52:33','2c16f905-90ac-4dd7-9528-1008c9b26c53'),
(612,612,1,'Great Placeto Work',NULL,NULL,NULL,1,'2025-09-03 21:56:34','2025-09-03 21:56:34','3e2f2583-5e40-41c2-8544-fdfdd36e7078'),
(613,613,1,'Strivingfor Ten',NULL,NULL,NULL,1,'2025-09-03 21:56:34','2025-09-03 21:56:34','d09a56ac-d75b-45c3-aa0d-41238b60df4d'),
(614,614,1,'5 Star OQM',NULL,NULL,NULL,1,'2025-09-03 21:56:35','2025-09-03 21:56:35','1338ca40-df1e-4c38-b5db-47d62a345cf6'),
(616,616,1,'CMS Five Star Quality from','cms-five-star-quality-measures-from',NULL,'{\"5e076972-0a7c-4184-8570-4b3688ebe3d8\": [614], \"71d07053-43eb-40fe-8f9e-ad7480cc3193\": \"CMS Five Star Quality\"}',1,'2025-09-03 21:56:43','2025-09-03 21:56:43','0cd39479-8f42-4d95-90d4-1b980ff9aa26'),
(617,617,1,'Great Place to Work 2025-2026','from',NULL,'{\"5e076972-0a7c-4184-8570-4b3688ebe3d8\": [612], \"71d07053-43eb-40fe-8f9e-ad7480cc3193\": \"Great Place to Work 2025-2026\"}',1,'2025-09-03 21:56:43','2025-09-03 21:57:21','e2d09a59-2350-4a98-bb83-2b1190b47eec'),
(618,618,1,'from','from',NULL,'{\"5e076972-0a7c-4184-8570-4b3688ebe3d8\": [612]}',1,'2025-09-03 21:56:47','2025-09-03 21:56:47','bd843c21-381c-4231-937d-aded5833f1d7'),
(619,619,1,'Great Place to Work from','from',NULL,'{\"5e076972-0a7c-4184-8570-4b3688ebe3d8\": [612], \"71d07053-43eb-40fe-8f9e-ad7480cc3193\": \"Great Place to Work\"}',1,'2025-09-03 21:56:57','2025-09-03 21:56:57','3cd85662-b30d-476c-9990-a3455a9fc2c4'),
(621,621,1,'Great Place to Work 2025-2026 from','from',NULL,'{\"5e076972-0a7c-4184-8570-4b3688ebe3d8\": [612], \"71d07053-43eb-40fe-8f9e-ad7480cc3193\": \"Great Place to Work 2025-2026\"}',1,'2025-09-03 21:57:10','2025-09-03 21:57:10','18cbf723-6bdf-4c15-a7a4-e45d3c3542df'),
(623,623,1,'Striving for Ten','ahca-bronze-award-from',NULL,'{\"5e076972-0a7c-4184-8570-4b3688ebe3d8\": [613], \"71d07053-43eb-40fe-8f9e-ad7480cc3193\": \"Striving for Ten\"}',1,'2025-09-03 21:58:30','2025-09-03 21:58:30','8fcd2c80-e6df-4457-a3d2-4690d09f5dd7'),
(624,624,1,NULL,'__temp_bsovuplmymlzudzwpdibgufjkwshuzyyxlyk',NULL,NULL,1,'2025-09-03 21:58:41','2025-09-03 21:58:41','f8dd3eb7-7d5c-4585-84fa-cee278bdb48a'),
(625,625,1,'Complete Care at Arbors','ccarbors','ccarbors','{\"075f1904-e0fc-49c8-9cfb-6990ae779dec\": \"Complete Care at Arbors\", \"0be5b641-0a34-4d93-8816-9a4b1ad24ffd\": [\"bariatricCare\", \"infectiousDiseaseCare\", \"neuroStrokeCare\", \"pulmonaryCare\"], \"0d6389a7-9cd0-496d-96dd-72ebf02f7bbb\": {\"number\": \"(732) 914-0090\", \"region\": \"US\"}, \"10d5be16-947c-4646-b2d0-3619f2760ace\": [545], \"19b0086c-bc10-46cc-9f45-ffc5746e8681\": \"ltc\", \"31a45631-ecd4-4327-aca7-18b9d213bb16\": \"info@ccarbors.com\", \"3b262689-7127-4814-bab5-a1972e0869d4\": \"ccarbors.com\", \"403d1895-f32e-4164-8084-b11fdea310cb\": {\"type\": \"url\", \"value\": \"https://www.facebook.com/Complete-Care-at-Arbors-116083393100113/\"}, \"559340ef-728e-4935-84cc-443bd407f901\": [111, 555, 557, 559, 561, 563], \"5e40a449-23c9-418a-a0d6-36ff8f57583d\": {\"type\": \"url\", \"value\": \"https://www.glassdoor.com/Overview/Working-at-Complete-Care-at-Arbors-EI_IE7548214.11,34.htm\"}, \"688e0d64-8999-47be-a427-f9e9c6e1789e\": [548], \"7a0d2797-bfc8-4d68-b107-61c1dd081ea0\": \"Arbors\", \"8e701860-42c4-437f-a61c-a48f2ecf1b99\": {\"type\": \"url\", \"value\": \"https://www.linkedin.com/company/94146224/\"}, \"92b514e7-6c85-40f3-9885-4ed4138887ea\": [548], \"9a83aaf9-b86b-4272-88b0-1a3cd8eec119\": [545, 137, 138, 136], \"a8f7b1eb-08e8-44fa-9777-c9a0daa85c5f\": [548], \"b2903903-6010-4012-bc8c-c8c21f059638\": [86], \"cced3c80-6988-403a-9b5a-14455350e923\": [\"postAcuteCare\", \"longTermCare\"], \"f352e58c-d152-4a45-9615-d0526b009523\": [534, 530, 532]}',1,'2025-09-03 21:59:11','2025-09-03 21:59:11','efc3a8e3-b7fb-44a4-b7b5-6a770fd8f2cd'),
(627,627,1,'Complete Care at Arbors','ccarbors','ccarbors','{\"075f1904-e0fc-49c8-9cfb-6990ae779dec\": \"Complete Care at Arbors\", \"0be5b641-0a34-4d93-8816-9a4b1ad24ffd\": [\"bariatricCare\", \"infectiousDiseaseCare\", \"neuroStrokeCare\", \"pulmonaryCare\"], \"0d6389a7-9cd0-496d-96dd-72ebf02f7bbb\": {\"number\": \"(732) 914-0090\", \"region\": \"US\"}, \"10d5be16-947c-4646-b2d0-3619f2760ace\": [545], \"19b0086c-bc10-46cc-9f45-ffc5746e8681\": \"ltc\", \"31a45631-ecd4-4327-aca7-18b9d213bb16\": \"info@ccarbors.com\", \"3b262689-7127-4814-bab5-a1972e0869d4\": \"ccarbors.com\", \"403d1895-f32e-4164-8084-b11fdea310cb\": {\"type\": \"url\", \"value\": \"https://www.facebook.com/Complete-Care-at-Arbors-116083393100113/\"}, \"482ad396-5443-4761-a410-c644d0217e5a\": [601, 605, 617], \"559340ef-728e-4935-84cc-443bd407f901\": [111, 555, 557, 559, 561, 563], \"5e40a449-23c9-418a-a0d6-36ff8f57583d\": {\"type\": \"url\", \"value\": \"https://www.glassdoor.com/Overview/Working-at-Complete-Care-at-Arbors-EI_IE7548214.11,34.htm\"}, \"688e0d64-8999-47be-a427-f9e9c6e1789e\": [548], \"7a0d2797-bfc8-4d68-b107-61c1dd081ea0\": \"Arbors\", \"8e701860-42c4-437f-a61c-a48f2ecf1b99\": {\"type\": \"url\", \"value\": \"https://www.linkedin.com/company/94146224/\"}, \"92b514e7-6c85-40f3-9885-4ed4138887ea\": [548], \"9a83aaf9-b86b-4272-88b0-1a3cd8eec119\": [545, 137, 138, 136], \"a8f7b1eb-08e8-44fa-9777-c9a0daa85c5f\": [548], \"b2903903-6010-4012-bc8c-c8c21f059638\": [86], \"cced3c80-6988-403a-9b5a-14455350e923\": [\"postAcuteCare\", \"longTermCare\"], \"f352e58c-d152-4a45-9615-d0526b009523\": [534, 530, 532]}',1,'2025-09-03 22:00:27','2025-09-03 22:00:27','fc6f849a-b787-4671-88c8-23d741b22dac'),
(629,629,1,'CMS Five Star Quality','cms-five-star-quality-measures-from',NULL,'{\"5e076972-0a7c-4184-8570-4b3688ebe3d8\": [614], \"71d07053-43eb-40fe-8f9e-ad7480cc3193\": \"CMS Five Star Quality\"}',1,'2025-09-03 22:13:41','2025-09-03 22:13:41','f1afeab7-6939-499d-9860-87611d3125c1'),
(630,630,1,'Complete Care at Arbors','ccarbors','ccarbors','{\"075f1904-e0fc-49c8-9cfb-6990ae779dec\": \"Complete Care at Arbors\", \"0be5b641-0a34-4d93-8816-9a4b1ad24ffd\": [\"bariatricCare\", \"infectiousDiseaseCare\", \"neuroStrokeCare\", \"pulmonaryCare\"], \"0d6389a7-9cd0-496d-96dd-72ebf02f7bbb\": {\"number\": \"(732) 914-0090\", \"region\": \"US\"}, \"10d5be16-947c-4646-b2d0-3619f2760ace\": [545], \"19b0086c-bc10-46cc-9f45-ffc5746e8681\": \"ltc\", \"31a45631-ecd4-4327-aca7-18b9d213bb16\": \"info@ccarbors.com\", \"3b262689-7127-4814-bab5-a1972e0869d4\": \"ccarbors.com\", \"403d1895-f32e-4164-8084-b11fdea310cb\": {\"type\": \"url\", \"value\": \"https://www.facebook.com/Complete-Care-at-Arbors-116083393100113/\"}, \"482ad396-5443-4761-a410-c644d0217e5a\": [601, 605, 617], \"559340ef-728e-4935-84cc-443bd407f901\": [111, 555, 557, 559, 561, 563], \"5e40a449-23c9-418a-a0d6-36ff8f57583d\": {\"type\": \"url\", \"value\": \"https://www.glassdoor.com/Overview/Working-at-Complete-Care-at-Arbors-EI_IE7548214.11,34.htm\"}, \"688e0d64-8999-47be-a427-f9e9c6e1789e\": [548], \"7a0d2797-bfc8-4d68-b107-61c1dd081ea0\": \"Arbors\", \"8e701860-42c4-437f-a61c-a48f2ecf1b99\": {\"type\": \"url\", \"value\": \"https://www.linkedin.com/company/94146224/\"}, \"92b514e7-6c85-40f3-9885-4ed4138887ea\": [548], \"9a83aaf9-b86b-4272-88b0-1a3cd8eec119\": [545, 137, 138, 136], \"a8f7b1eb-08e8-44fa-9777-c9a0daa85c5f\": [548], \"b2903903-6010-4012-bc8c-c8c21f059638\": [86], \"cced3c80-6988-403a-9b5a-14455350e923\": [\"postAcuteCare\", \"longTermCare\"], \"f352e58c-d152-4a45-9615-d0526b009523\": [534, 530, 532]}',1,'2025-09-03 22:13:43','2025-09-03 22:13:43','18c39dea-aed2-4038-817a-a9cb4d374a3a'),
(632,632,1,'Arbors Admin',NULL,NULL,NULL,1,'2025-09-03 22:27:11','2025-09-03 22:27:11','cf30e853-a441-466c-a347-366797faf5b4'),
(634,634,1,'Arbors AD 1',NULL,NULL,NULL,1,'2025-09-03 22:27:23','2025-09-03 22:27:23','380ed115-3979-4417-b069-c3a422f33f0b'),
(636,636,1,'Complete Care at Arbors','ccarbors','ccarbors','{\"075f1904-e0fc-49c8-9cfb-6990ae779dec\": \"Complete Care at Arbors\", \"0be5b641-0a34-4d93-8816-9a4b1ad24ffd\": [\"bariatricCare\", \"infectiousDiseaseCare\", \"neuroStrokeCare\", \"pulmonaryCare\"], \"0d6389a7-9cd0-496d-96dd-72ebf02f7bbb\": {\"number\": \"(732) 914-0090\", \"region\": \"US\"}, \"10d5be16-947c-4646-b2d0-3619f2760ace\": [545], \"19b0086c-bc10-46cc-9f45-ffc5746e8681\": \"ltc\", \"31a45631-ecd4-4327-aca7-18b9d213bb16\": \"info@ccarbors.com\", \"3b262689-7127-4814-bab5-a1972e0869d4\": \"ccarbors.com\", \"403d1895-f32e-4164-8084-b11fdea310cb\": {\"type\": \"url\", \"value\": \"https://www.facebook.com/Complete-Care-at-Arbors-116083393100113/\"}, \"482ad396-5443-4761-a410-c644d0217e5a\": [601, 605, 617], \"559340ef-728e-4935-84cc-443bd407f901\": [111, 555, 557, 559, 561, 563], \"5e40a449-23c9-418a-a0d6-36ff8f57583d\": {\"type\": \"url\", \"value\": \"https://www.glassdoor.com/Overview/Working-at-Complete-Care-at-Arbors-EI_IE7548214.11,34.htm\"}, \"688e0d64-8999-47be-a427-f9e9c6e1789e\": [548], \"7a0d2797-bfc8-4d68-b107-61c1dd081ea0\": \"Arbors\", \"8e701860-42c4-437f-a61c-a48f2ecf1b99\": {\"type\": \"url\", \"value\": \"https://www.linkedin.com/company/94146224/\"}, \"92b514e7-6c85-40f3-9885-4ed4138887ea\": [548], \"9a83aaf9-b86b-4272-88b0-1a3cd8eec119\": [545, 137, 138, 136], \"a8f7b1eb-08e8-44fa-9777-c9a0daa85c5f\": [548], \"b2903903-6010-4012-bc8c-c8c21f059638\": [86], \"cced3c80-6988-403a-9b5a-14455350e923\": [\"postAcuteCare\", \"longTermCare\"], \"f352e58c-d152-4a45-9615-d0526b009523\": [534, 530, 532]}',1,'2025-09-03 22:27:30','2025-09-03 22:27:30','052f904f-8b95-41a1-82aa-0b591aac3752'),
(637,637,1,'Menachem Shapiro','menachem-shapiro',NULL,'{\"2b573339-79e1-4bb1-82cf-7c0dfabcab22\": \"Menachem Shapiro\", \"50d484f9-ea00-4870-8b7a-a1c7400f42ab\": [632], \"6859b0cf-ccd8-409d-84f9-b76fcac3eda0\": \"mshapiro@ccarbors.com\"}',1,'2025-09-03 22:27:30','2025-09-03 22:27:30','d720d211-a0e1-4967-80c8-9ae8afc43819'),
(638,638,1,'Ashley Lewis','ashley-lewis',NULL,'{\"2b573339-79e1-4bb1-82cf-7c0dfabcab22\": \"Ashley Lewis\", \"50d484f9-ea00-4870-8b7a-a1c7400f42ab\": [634]}',1,'2025-09-03 22:27:30','2025-09-03 22:27:30','745436c1-65fb-427c-ab7f-0b5ba6ff6317'),
(640,640,1,'Complete Care at Arbors','ccarbors','ccarbors','{\"075f1904-e0fc-49c8-9cfb-6990ae779dec\": \"Complete Care at Arbors\", \"0be5b641-0a34-4d93-8816-9a4b1ad24ffd\": [\"bariatricCare\", \"infectiousDiseaseCare\", \"neuroStrokeCare\", \"pulmonaryCare\"], \"0d6389a7-9cd0-496d-96dd-72ebf02f7bbb\": {\"number\": \"(732) 914-0090\", \"region\": \"US\"}, \"10d5be16-947c-4646-b2d0-3619f2760ace\": [545], \"19b0086c-bc10-46cc-9f45-ffc5746e8681\": \"ltc\", \"31a45631-ecd4-4327-aca7-18b9d213bb16\": \"info@ccarbors.com\", \"3b262689-7127-4814-bab5-a1972e0869d4\": \"ccarbors.com\", \"403d1895-f32e-4164-8084-b11fdea310cb\": {\"type\": \"url\", \"value\": \"https://www.facebook.com/Complete-Care-at-Arbors-116083393100113/\"}, \"482ad396-5443-4761-a410-c644d0217e5a\": [601, 605, 617], \"559340ef-728e-4935-84cc-443bd407f901\": [111, 555, 557, 559, 561, 563], \"5e40a449-23c9-418a-a0d6-36ff8f57583d\": {\"type\": \"url\", \"value\": \"https://www.glassdoor.com/Overview/Working-at-Complete-Care-at-Arbors-EI_IE7548214.11,34.htm\"}, \"688e0d64-8999-47be-a427-f9e9c6e1789e\": [548], \"7a0d2797-bfc8-4d68-b107-61c1dd081ea0\": \"Arbors\", \"8e701860-42c4-437f-a61c-a48f2ecf1b99\": {\"type\": \"url\", \"value\": \"https://www.linkedin.com/company/94146224/\"}, \"92b514e7-6c85-40f3-9885-4ed4138887ea\": [548], \"9a83aaf9-b86b-4272-88b0-1a3cd8eec119\": [545, 137, 138, 136], \"a8f7b1eb-08e8-44fa-9777-c9a0daa85c5f\": [548], \"b2903903-6010-4012-bc8c-c8c21f059638\": [86], \"cced3c80-6988-403a-9b5a-14455350e923\": [\"postAcuteCare\", \"longTermCare\"], \"f352e58c-d152-4a45-9615-d0526b009523\": [534, 530, 532]}',1,'2025-09-03 22:28:47','2025-09-03 22:28:47','43b59a4d-c891-4614-8609-0e84183c19df'),
(643,643,1,'Building a Foundation  of Preventive Care','building-a-foundation-of-preventive-care-5','resources/building-a-foundation-of-preventive-care-5','{\"aceb4af7-e092-4894-a59a-eafca28db8e2\":[285],\"bd5a1d46-6844-4735-ad59-9d17e566aa16\":\"articles\",\"6507c83d-4852-4bbd-9fee-2e10673e660b\":[\"health\",\"rehabilitation\"],\"909d57b4-6b9f-42fb-8e21-bd64fb6371e6\":\"Preventive care is the cornerstone of long-lasting health. In this piece, we explore simple yet effective methods for early intervention and sustained well-being. Learn how everyday choices can protect you\",\"3bd7f129-28a9-4a77-8dac-a592f11fdf61\":\"<h2>Et laudantium nobis ut nisi rerum.</h2><p>Lorem ipsum dolor sit amet. Qui enim deserunt qui asperiores sint eum nulla eveniet qui eligendi adipisci? Qui ipsum iure ea voluptatem dolores est architecto dolorum aut pariatur nisi ad aliquam nihil.</p><h2>Cum tenetur saepe ex sint minus eos quam dignissimos.</h2><p>Eos vitae corrupti 33 magni temporibus non officia rerum eos nulla animi. Et alias illum nam harum dolorem et voluptatem numquam nam consequatur voluptatem qui quas eveniet. Vel galisum corporis vel exercitationem repellendus sed fuga enim qui minus internos ut numquam fuga ut explicabo dolor. Non nemo rerum quo unde veritatis quo voluptatem nihil qui omnis nihil ea omnis voluptatem.</p><h3>Est consectetur vitae est asperiores obcaecati.</h3><p>Sed expedita dolor ad ipsum exercitationem eos beatae suscipit et fuga fugiat ut nesciunt libero? Id voluptates amet non aliquid ducimus et voluptatem deserunt. Vel debitis accusamus est rerum libero sed deleniti molestiae sed culpa voluptatem ab rerum quia ut earum natus! Est tempora corrupti et temporibus dolorum ut iste molestias?</p><h4>Ad temporibus adipisci At laborum natus.</h4><p>Ut voluptas quidem est sint libero est quos amet sit nemo numquam. Aut unde culpa non corporis praesentium et quas quaerat et blanditiis cumque eos rerum alias in laborum voluptatem. Nam molestiae facere id atque sunt non totam eveniet est laboriosam assumenda et aperiam quisquam et itaque enim non exercitationem animi.</p><p>Ab assumenda asperiores qui aliquam amet.</p><p>Aut magni officiis aut consequatur error aut nobis dolorem et fuga veritatis. Id similique quia et aliquam tempora quo nulla dolore vel ratione obcaecati et autem enim vel earum nihil. Et autem nihil qui officia sunt id rerum galisum ut dolorem perspiciatis quo inventore iste ad asperiores dolor et ullam nostrum. Cum delectus labore et possimus natus et consectetur dignissimos.</p><p>Eos accusantium praesentium ut nihil pariatur aut fuga dolorem sed placeat consectetur. Rem corrupti rerum est maiores eius aut temporibus laborum ad incidunt asperiores. Aut corrupti corporis est excepturi nostrum At cupiditate sequi vel voluptas voluptatem et facere similique. At omnis enim a nobis similique et rerum maiores aut ullam eius.</p><p>At cumque dolorem ex odio veniam aut omnis voluptatem in aperiam laboriosam in consequatur maiores sit neque excepturi et laboriosam libero. Sit amet quod in necessitatibus sunt 33 voluptatum culpa ut galisum nemo sed voluptatem nobis eum quam officiis. Non saepe voluptatem sed reprehenderit corporis sed magnam molestias ex dolore impedit hic impedit quia qui veritatis minima. Id facere possimus non eligendi ducimus et magni quaerat sit asperiores excepturi?</p><p>Ea quasi corporis sit consequatur quas hic laboriosam illum. Eum architecto adipisci et accusamus assumenda sit modi quidem qui alias consequatur cum asperiores aliquam sed ipsa perspiciatis! Id mollitia laborum qui corrupti tenetur quo quasi consequuntur ea illo aspernatur qui eveniet quos qui debitis earum. Eos consequatur sint ut dignissimos omnis qui quam quisquam id voluptas pariatur sit architecto rerum qui velit omnis.</p>\"}',1,'2025-09-05 20:01:00','2025-09-05 20:01:00','67e817be-3400-47db-b101-f28268fc059d'),
(645,645,1,'Building a Foundation  of Preventive Care','building-a-foundation-of-preventive-care-5','resources/building-a-foundation-of-preventive-care-5','{\"aceb4af7-e092-4894-a59a-eafca28db8e2\":[285],\"bd5a1d46-6844-4735-ad59-9d17e566aa16\":\"articles\",\"6507c83d-4852-4bbd-9fee-2e10673e660b\":[\"health\",\"rehabilitation\"],\"909d57b4-6b9f-42fb-8e21-bd64fb6371e6\":\"Preventive care is the cornerstone of long-lasting health. In this piece, we explore simple yet effective methods for early intervention and sustained well-being. Learn how everyday choices can protect you\",\"3bd7f129-28a9-4a77-8dac-a592f11fdf61\":\"<h1>Aut corporis nisi et modi saepe aut adipisci ipsam.</h1><p>Lorem ipsum dolor sit amet. Rem eaque molestiae est consequuntur consequatur quo necessitatibus corrupti non nihil incidunt nam voluptatibus optio. Est molestias sint et quis commodi sed nemo cupiditate sed quia odio est magni quidem. In nulla tenetur aut doloribus omnis id saepe eius est deserunt nemo ea suscipit repudiandae qui eius ipsa et velit iure. Eos tempora officiis qui rerum Quis et sunt fuga id itaque animi qui voluptatibus eius ea eaque dolorem.</p><h2>Nam voluptates atque et voluptatem sapiente vel quia soluta?</h2><p>Id dicta consequatur ea molestiae libero sed atque vero vel cupiditate similique ab odio laborum sed commodi deserunt. Sed itaque voluptas qui voluptas quidem et consequuntur possimus nam optio enim qui quae culpa quo temporibus accusantium non magni doloribus? Nam quia quis et modi harum in reprehenderit architecto.</p><h3>Ea molestias nostrum est corrupti voluptatem.</h3><p>Aut dolores fugiat ea odio voluptas in excepturi ipsam aut consequatur molestiae et rerum esse vel repudiandae harum. In nostrum quisquam qui fugiat temporibus hic quam labore quo quia labore.</p><h4>Aut nobis iste vel dolor voluptatibus At quis rerum.</h4><p>Ab vero quidem est voluptas suscipit ut facilis dolorem. Ut dolorem expedita vel enim soluta est nihil quos!</p><p>Aut quod tenetur ut excepturi quos.</p><p>Vel illum reprehenderit eum inventore quia qui autem necessitatibus et enim provident aut voluptatibus quibusdam! Aut laboriosam esse et eius ipsum sed corrupti facilis id dolor sequi est distinctio ipsa et porro eius sit quae aperiam!</p><p>Aut rerum eligendi ab tenetur sapiente et magni natus aut rerum quia quo unde similique. Aut nihil odio non molestiae dolorem et quaerat dolorem eos tempore neque aut libero quasi vel rerum quisquam.</p><p>Est rerum eveniet et culpa neque cum vitae quidem. Est expedita dignissimos id molestiae velit eos fugiat deleniti et fugit laboriosam et facilis quidem quo dolore amet non odit repudiandae. Sed sint maiores qui velit sequi et aliquid quam qui earum enim. Hic illo itaque rem ipsa dolore ut fugiat quisquam vel reprehenderit ipsum.</p><p>Et nulla aliquam eos saepe assumenda ut enim nulla! Et nobis dolores est commodi rerum ad facere mollitia ut fuga possimus et deserunt possimus hic pariatur galisum qui voluptates veritatis! Et repudiandae internos ut rerum quasi in nisi autem 33 amet aliquid qui consequatur enim et perferendis obcaecati cum iure numquam. In voluptatibus voluptas ut eaque nihil sed harum rerum 33 inventore voluptatem est dolores reprehenderit qui ullam voluptatem quo sint voluptas.</p>\"}',1,'2025-09-05 20:01:26','2025-09-05 20:01:26','5891c2eb-b309-4229-9684-915450520347'),
(646,646,1,'Building a Foundation  of Preventive Care','building-a-foundation-of-preventive-care-5','resources/building-a-foundation-of-preventive-care-5','{\"aceb4af7-e092-4894-a59a-eafca28db8e2\":[285],\"bd5a1d46-6844-4735-ad59-9d17e566aa16\":\"articles\",\"6507c83d-4852-4bbd-9fee-2e10673e660b\":[\"health\",\"rehabilitation\"],\"909d57b4-6b9f-42fb-8e21-bd64fb6371e6\":\"Preventive care is the cornerstone of long-lasting health. In this piece, we explore simple yet effective methods for early intervention and sustained well-being. Learn how everyday choices can protect you\",\"3bd7f129-28a9-4a77-8dac-a592f11fdf61\":\"<h1>Placeholder Text</h1><p>Lorem ipsum dolor sit amet. Rem eaque molestiae est consequuntur consequatur quo necessitatibus corrupti non nihil incidunt nam voluptatibus optio. Est molestias sint et quis commodi sed nemo cupiditate sed quia odio est magni quidem. In nulla tenetur aut doloribus omnis id saepe eius est deserunt nemo ea suscipit repudiandae qui eius ipsa et velit iure. Eos tempora officiis qui rerum Quis et sunt fuga id itaque animi qui voluptatibus eius ea eaque dolorem.</p><h2>Nam voluptates atque et voluptatem sapiente vel quia soluta?</h2><p>Id dicta consequatur ea molestiae libero sed atque vero vel cupiditate similique ab odio laborum sed commodi deserunt. Sed itaque voluptas qui voluptas quidem et consequuntur possimus nam optio enim qui quae culpa quo temporibus accusantium non magni doloribus? Nam quia quis et modi harum in reprehenderit architecto.</p><h3>Ea molestias nostrum est corrupti voluptatem.</h3><p>Aut dolores fugiat ea odio voluptas in excepturi ipsam aut consequatur molestiae et rerum esse vel repudiandae harum. In nostrum quisquam qui fugiat temporibus hic quam labore quo quia labore.</p><h4>Aut nobis iste vel dolor voluptatibus At quis rerum.</h4><p>Ab vero quidem est voluptas suscipit ut facilis dolorem. Ut dolorem expedita vel enim soluta est nihil quos!</p><p>Aut quod tenetur ut excepturi quos.</p><p>Vel illum reprehenderit eum inventore quia qui autem necessitatibus et enim provident aut voluptatibus quibusdam! Aut laboriosam esse et eius ipsum sed corrupti facilis id dolor sequi est distinctio ipsa et porro eius sit quae aperiam!</p><p>Aut rerum eligendi ab tenetur sapiente et magni natus aut rerum quia quo unde similique. Aut nihil odio non molestiae dolorem et quaerat dolorem eos tempore neque aut libero quasi vel rerum quisquam.</p><p>Est rerum eveniet et culpa neque cum vitae quidem. Est expedita dignissimos id molestiae velit eos fugiat deleniti et fugit laboriosam et facilis quidem quo dolore amet non odit repudiandae. Sed sint maiores qui velit sequi et aliquid quam qui earum enim. Hic illo itaque rem ipsa dolore ut fugiat quisquam vel reprehenderit ipsum.</p><p>Et nulla aliquam eos saepe assumenda ut enim nulla! Et nobis dolores est commodi rerum ad facere mollitia ut fuga possimus et deserunt possimus hic pariatur galisum qui voluptates veritatis! Et repudiandae internos ut rerum quasi in nisi autem 33 amet aliquid qui consequatur enim et perferendis obcaecati cum iure numquam. In voluptatibus voluptas ut eaque nihil sed harum rerum 33 inventore voluptatem est dolores reprehenderit qui ullam voluptatem quo sint voluptas.</p>\"}',1,'2025-09-05 20:01:55','2025-09-05 20:01:55','41d2519d-6000-4491-bdff-0b32aa17a9e7'),
(647,647,1,'Complete Care at Arbors','ccarbors','ccarbors','{\"075f1904-e0fc-49c8-9cfb-6990ae779dec\":\"Complete Care at Arbors\",\"7a0d2797-bfc8-4d68-b107-61c1dd081ea0\":\"Arbors\",\"3b262689-7127-4814-bab5-a1972e0869d4\":\"ccarbors.com\",\"19b0086c-bc10-46cc-9f45-ffc5746e8681\":\"ltc\",\"403d1895-f32e-4164-8084-b11fdea310cb\":{\"value\":\"https://www.facebook.com/Complete-Care-at-Arbors-116083393100113/\",\"type\":\"url\"},\"5e40a449-23c9-418a-a0d6-36ff8f57583d\":{\"value\":\"https://www.glassdoor.com/Overview/Working-at-Complete-Care-at-Arbors-EI_IE7548214.11,34.htm\",\"type\":\"url\"},\"8e701860-42c4-437f-a61c-a48f2ecf1b99\":{\"value\":\"https://www.linkedin.com/company/94146224/\",\"type\":\"url\"},\"10d5be16-947c-4646-b2d0-3619f2760ace\":[545],\"482ad396-5443-4761-a410-c644d0217e5a\":[601,617,605],\"cced3c80-6988-403a-9b5a-14455350e923\":[\"postAcuteCare\",\"longTermCare\"],\"0be5b641-0a34-4d93-8816-9a4b1ad24ffd\":[\"bariatricCare\",\"infectiousDiseaseCare\",\"neuroStrokeCare\",\"pulmonaryCare\"],\"f352e58c-d152-4a45-9615-d0526b009523\":[534,530,532],\"a8f7b1eb-08e8-44fa-9777-c9a0daa85c5f\":[548],\"559340ef-728e-4935-84cc-443bd407f901\":[111,555,557,559,561,563],\"9a83aaf9-b86b-4272-88b0-1a3cd8eec119\":[545,137,138,136],\"92b514e7-6c85-40f3-9885-4ed4138887ea\":[548],\"688e0d64-8999-47be-a427-f9e9c6e1789e\":[548],\"0d6389a7-9cd0-496d-96dd-72ebf02f7bbb\":{\"number\":\"(732) 914-0090\",\"region\":\"US\"},\"31a45631-ecd4-4327-aca7-18b9d213bb16\":\"info@ccarbors.com\"}',1,'2025-09-11 17:30:28','2025-09-11 17:30:28','f7f9d519-ecf6-49f8-942c-a013c336e4d1'),
(648,648,1,'Complete Care at Arbors','ccarbors','ccarbors','{\"075f1904-e0fc-49c8-9cfb-6990ae779dec\":\"Complete Care at Arbors\",\"7a0d2797-bfc8-4d68-b107-61c1dd081ea0\":\"Arbors\",\"3b262689-7127-4814-bab5-a1972e0869d4\":\"ccarbors.com\",\"19b0086c-bc10-46cc-9f45-ffc5746e8681\":\"ltc\",\"403d1895-f32e-4164-8084-b11fdea310cb\":{\"value\":\"https://www.facebook.com/Complete-Care-at-Arbors-116083393100113/\",\"type\":\"url\"},\"5e40a449-23c9-418a-a0d6-36ff8f57583d\":{\"value\":\"Working+at+Complete+Care+at+Arbors+|+Glassdoor\",\"type\":\"url\"},\"8e701860-42c4-437f-a61c-a48f2ecf1b99\":{\"value\":\"https://www.linkedin.com/company/94146224/\",\"type\":\"url\"},\"10d5be16-947c-4646-b2d0-3619f2760ace\":[545],\"482ad396-5443-4761-a410-c644d0217e5a\":[601,617,605],\"cced3c80-6988-403a-9b5a-14455350e923\":[\"postAcuteCare\",\"longTermCare\"],\"0be5b641-0a34-4d93-8816-9a4b1ad24ffd\":[\"bariatricCare\",\"infectiousDiseaseCare\",\"neuroStrokeCare\",\"pulmonaryCare\"],\"f352e58c-d152-4a45-9615-d0526b009523\":[534,530,532],\"a8f7b1eb-08e8-44fa-9777-c9a0daa85c5f\":[548],\"559340ef-728e-4935-84cc-443bd407f901\":[111,555,557,559,561,563],\"9a83aaf9-b86b-4272-88b0-1a3cd8eec119\":[545,137,138,136],\"92b514e7-6c85-40f3-9885-4ed4138887ea\":[548],\"688e0d64-8999-47be-a427-f9e9c6e1789e\":[548],\"0d6389a7-9cd0-496d-96dd-72ebf02f7bbb\":{\"number\":\"(732) 914-0090\",\"region\":\"US\"},\"31a45631-ecd4-4327-aca7-18b9d213bb16\":\"info@ccarbors.com\"}',1,'2025-09-11 18:16:32','2025-09-11 18:16:32','2f38eb87-0caf-401a-9f76-7228ac0922b8'),
(649,649,1,'Ashie T.','robert-a',NULL,'{\"ffdd5871-4e4c-4e46-88b5-06b52502357e\":\"The staff at Complete Care goes above and beyond to provide patient care and satisfaction! Always with a smile and a good word, the staff is there whenever you need them and the services they provide are unparalleled.\",\"1e69e1f4-c7b2-4468-8668-aa722b6f7163\":\"Ashie T.\"}',1,'2025-09-11 18:16:32','2025-09-11 18:16:32','5c992df3-7079-47e4-b45d-e6267a7f609a'),
(650,650,1,'Carole T.','bernadette-m',NULL,'{\"ffdd5871-4e4c-4e46-88b5-06b52502357e\":\"Very professional and caring place, staff and nurses were overly helpful in attending to needs. Therapy went way above to assist in getting us to reach maximum potential.\",\"1e69e1f4-c7b2-4468-8668-aa722b6f7163\":\"Carole T.\"}',1,'2025-09-11 18:16:32','2025-09-11 18:16:32','7361d71b-1b5d-464f-9e88-849cea6d2d35'),
(651,651,1,'Cora O.','mary-o',NULL,'{\"ffdd5871-4e4c-4e46-88b5-06b52502357e\":\"I have been here for 3 years and I am thrilled with the quality care I receive. I enjoy every day is a new amazing experience with activities. The staff are wonderful! The place is very clean and every one is very polite!\",\"1e69e1f4-c7b2-4468-8668-aa722b6f7163\":\"Cora O.\"}',1,'2025-09-11 18:16:32','2025-09-11 18:16:32','e89f9ec8-feee-411a-a3e1-31eed35b79a3'),
(652,652,1,'Menachem Shapiro','menachem-shapiro',NULL,'{\"2b573339-79e1-4bb1-82cf-7c0dfabcab22\":\"Menachem Shapiro\",\"50d484f9-ea00-4870-8b7a-a1c7400f42ab\":[632],\"6859b0cf-ccd8-409d-84f9-b76fcac3eda0\":\"mshapiro@ccarbors.com\"}',1,'2025-09-11 18:16:32','2025-09-11 18:16:32','c0a44cdf-302b-4d06-89c8-8c61dc1388ed'),
(653,653,1,'Ashley Lewis','ashley-lewis',NULL,'{\"2b573339-79e1-4bb1-82cf-7c0dfabcab22\":\"Ashley Lewis\",\"50d484f9-ea00-4870-8b7a-a1c7400f42ab\":[634]}',1,'2025-09-11 18:16:32','2025-09-11 18:16:32','33eba909-24fe-41d1-ad2e-ca2ff072875a'),
(834,834,1,'Complete Care at Arbors','ccarbors','ccarbors','{\"075f1904-e0fc-49c8-9cfb-6990ae779dec\":\"Complete Care at Arbors\",\"7a0d2797-bfc8-4d68-b107-61c1dd081ea0\":\"Arbors\",\"3b262689-7127-4814-bab5-a1972e0869d4\":\"ccarbors.com\",\"19b0086c-bc10-46cc-9f45-ffc5746e8681\":\"ltc\",\"403d1895-f32e-4164-8084-b11fdea310cb\":{\"value\":\"https://www.facebook.com/Complete-Care-at-Arbors-116083393100113/\",\"type\":\"url\"},\"5e40a449-23c9-418a-a0d6-36ff8f57583d\":{\"value\":\"Working+at+Complete+Care+at+Arbors+|+Glassdoor\",\"type\":\"url\"},\"8e701860-42c4-437f-a61c-a48f2ecf1b99\":{\"value\":\"https://www.linkedin.com/company/94146224/\",\"type\":\"url\"},\"10d5be16-947c-4646-b2d0-3619f2760ace\":[545],\"482ad396-5443-4761-a410-c644d0217e5a\":[601,617,605],\"cced3c80-6988-403a-9b5a-14455350e923\":[\"postAcuteCare\",\"longTermCare\"],\"0be5b641-0a34-4d93-8816-9a4b1ad24ffd\":[\"bariatricCare\",\"infectiousDiseaseCare\",\"neuroStrokeCare\",\"pulmonaryCare\"],\"f352e58c-d152-4a45-9615-d0526b009523\":[534,530,532],\"a8f7b1eb-08e8-44fa-9777-c9a0daa85c5f\":[548],\"559340ef-728e-4935-84cc-443bd407f901\":[111,555,557,559,561,563],\"9a83aaf9-b86b-4272-88b0-1a3cd8eec119\":[545,137,138,136],\"92b514e7-6c85-40f3-9885-4ed4138887ea\":[548],\"688e0d64-8999-47be-a427-f9e9c6e1789e\":[548],\"0d6389a7-9cd0-496d-96dd-72ebf02f7bbb\":{\"number\":\"(732) 914-0090\",\"region\":\"US\"},\"31a45631-ecd4-4327-aca7-18b9d213bb16\":\"info@ccarbors.com\"}',1,'2025-09-11 18:16:35','2025-09-11 18:16:35','bfdd4a64-1bd0-4e5f-82b0-d88a45614224'),
(835,835,1,'Ashie T.','robert-a',NULL,'{\"ffdd5871-4e4c-4e46-88b5-06b52502357e\":\"The staff at Complete Care goes above and beyond to provide patient care and satisfaction! Always with a smile and a good word, the staff is there whenever you need them and the services they provide are unparalleled.\",\"1e69e1f4-c7b2-4468-8668-aa722b6f7163\":\"Ashie T.\"}',1,'2025-09-11 18:16:35','2025-09-11 18:16:35','9d22335c-40a6-4c44-9421-13a252fe2e17'),
(836,836,1,'Carole T.','bernadette-m',NULL,'{\"ffdd5871-4e4c-4e46-88b5-06b52502357e\":\"Very professional and caring place, staff and nurses were overly helpful in attending to needs. Therapy went way above to assist in getting us to reach maximum potential.\",\"1e69e1f4-c7b2-4468-8668-aa722b6f7163\":\"Carole T.\"}',1,'2025-09-11 18:16:35','2025-09-11 18:16:35','b44b4e80-333c-4beb-9f8b-278d0a35e196'),
(837,837,1,'Cora O.','mary-o',NULL,'{\"ffdd5871-4e4c-4e46-88b5-06b52502357e\":\"I have been here for 3 years and I am thrilled with the quality care I receive. I enjoy every day is a new amazing experience with activities. The staff are wonderful! The place is very clean and every one is very polite!\",\"1e69e1f4-c7b2-4468-8668-aa722b6f7163\":\"Cora O.\"}',1,'2025-09-11 18:16:35','2025-09-11 18:16:35','855d90dc-8947-4879-8c03-827e62337067'),
(838,838,1,'Menachem Shapiro','menachem-shapiro',NULL,'{\"2b573339-79e1-4bb1-82cf-7c0dfabcab22\":\"Menachem Shapiro\",\"50d484f9-ea00-4870-8b7a-a1c7400f42ab\":[632],\"6859b0cf-ccd8-409d-84f9-b76fcac3eda0\":\"mshapiro@ccarbors.com\"}',1,'2025-09-11 18:16:35','2025-09-11 18:16:35','bce35f43-b602-4a18-8c83-6a62d36b3895'),
(839,839,1,'Ashley Lewis','ashley-lewis',NULL,'{\"2b573339-79e1-4bb1-82cf-7c0dfabcab22\":\"Ashley Lewis\",\"50d484f9-ea00-4870-8b7a-a1c7400f42ab\":[634]}',1,'2025-09-11 18:16:35','2025-09-11 18:16:35','41c9335e-e01b-4593-a3e2-dfa4da97a54d'),
(932,932,1,'Complete Care at Arbors','ccarbors','ccarbors','{\"075f1904-e0fc-49c8-9cfb-6990ae779dec\":\"Complete Care at Arbors\",\"7a0d2797-bfc8-4d68-b107-61c1dd081ea0\":\"Arbors\",\"3b262689-7127-4814-bab5-a1972e0869d4\":\"ccarbors.com\",\"19b0086c-bc10-46cc-9f45-ffc5746e8681\":\"ltc\",\"403d1895-f32e-4164-8084-b11fdea310cb\":{\"value\":\"https://www.facebook.com/Complete-Care-at-Arbors-116083393100113/\",\"type\":\"url\"},\"8e701860-42c4-437f-a61c-a48f2ecf1b99\":{\"value\":\"https://www.linkedin.com/company/94146224/\",\"type\":\"url\"},\"10d5be16-947c-4646-b2d0-3619f2760ace\":[545],\"482ad396-5443-4761-a410-c644d0217e5a\":[601,617,605],\"cced3c80-6988-403a-9b5a-14455350e923\":[\"postAcuteCare\",\"longTermCare\"],\"0be5b641-0a34-4d93-8816-9a4b1ad24ffd\":[\"bariatricCare\",\"infectiousDiseaseCare\",\"neuroStrokeCare\",\"pulmonaryCare\"],\"f352e58c-d152-4a45-9615-d0526b009523\":[534,530,532],\"a8f7b1eb-08e8-44fa-9777-c9a0daa85c5f\":[548],\"559340ef-728e-4935-84cc-443bd407f901\":[111,555,557,559,561,563],\"9a83aaf9-b86b-4272-88b0-1a3cd8eec119\":[545,137,138,136],\"92b514e7-6c85-40f3-9885-4ed4138887ea\":[548],\"688e0d64-8999-47be-a427-f9e9c6e1789e\":[548],\"0d6389a7-9cd0-496d-96dd-72ebf02f7bbb\":{\"number\":\"(732) 914-0090\",\"region\":\"US\"},\"31a45631-ecd4-4327-aca7-18b9d213bb16\":\"info@ccarbors.com\"}',1,'2025-09-11 18:17:21','2025-09-11 18:17:21','fe743ed8-34fd-402c-a3df-6746cb4a09c8'),
(936,936,1,'Arbors','ccarbors','ccarbors','{\"075f1904-e0fc-49c8-9cfb-6990ae779dec\":\"Complete Care at Arbors\",\"7a0d2797-bfc8-4d68-b107-61c1dd081ea0\":\"Arbors\",\"3b262689-7127-4814-bab5-a1972e0869d4\":\"ccarbors.com\",\"19b0086c-bc10-46cc-9f45-ffc5746e8681\":\"ltc\",\"403d1895-f32e-4164-8084-b11fdea310cb\":{\"value\":\"https://www.facebook.com/Complete-Care-at-Arbors-116083393100113/\",\"type\":\"url\"},\"8e701860-42c4-437f-a61c-a48f2ecf1b99\":{\"value\":\"https://www.linkedin.com/company/94146224/\",\"type\":\"url\"},\"10d5be16-947c-4646-b2d0-3619f2760ace\":[545],\"482ad396-5443-4761-a410-c644d0217e5a\":[601,617,605],\"cced3c80-6988-403a-9b5a-14455350e923\":[\"postAcuteCare\",\"longTermCare\"],\"0be5b641-0a34-4d93-8816-9a4b1ad24ffd\":[\"bariatricCare\",\"infectiousDiseaseCare\",\"neuroStrokeCare\",\"pulmonaryCare\"],\"f352e58c-d152-4a45-9615-d0526b009523\":[534,530,532],\"a8f7b1eb-08e8-44fa-9777-c9a0daa85c5f\":[548],\"559340ef-728e-4935-84cc-443bd407f901\":[111,555,557,559,561,563],\"9a83aaf9-b86b-4272-88b0-1a3cd8eec119\":[545,137,138,136],\"92b514e7-6c85-40f3-9885-4ed4138887ea\":[548],\"688e0d64-8999-47be-a427-f9e9c6e1789e\":[548],\"0d6389a7-9cd0-496d-96dd-72ebf02f7bbb\":{\"number\":\"(732) 914-0090\",\"region\":\"US\"},\"31a45631-ecd4-4327-aca7-18b9d213bb16\":\"info@ccarbors.com\"}',1,'2025-09-11 18:39:16','2025-09-11 18:39:16','b3c5b0a2-822d-4777-8408-9394e296177d');
